{"id":393170,"date":"2026-02-24T08:56:06","date_gmt":"2026-02-24T13:56:06","guid":{"rendered":"https:\/\/arriendo.com\/co\/%es_type%\/%address_city%\/%neighborhood%\/guarne-la-clara-apartaestudio-en-arriendo-en-68f4c1\/"},"modified":"2026-02-24T08:56:06","modified_gmt":"2026-02-24T13:56:06","slug":"AR-393170","status":"publish","type":"properties","link":"https:\/\/arriendo.com\/co\/apartaestudios\/guarne\/la-clara\/AR-393170\/","title":{"rendered":"Apartaestudio en Arriendo en La clara, Guarne"},"content":{"rendered":"<p>Atractivo apartaestudio con 1 habitaci\u00f3n, dispone de 1 ba\u00f1o cabinado y una pr\u00e1ctica cocina sencilla. con un \u00e1rea de 32 metros, este espacio ofrece comodidad en un entorno bien conectado con excelentes v\u00edas de acceso, cuenta con zonas verdes. adem\u00e1s \u00a1el lugar perfecto para disfrutar de la comodidad y la conveniencia en un ambiente encantador! ademas cuenta con parqueadero cubierto y es libre de servicios.<\/p>\n","protected":false},"excerpt":{"rendered":"Atractivo apartaestudio con 1 habitaci\u00f3n, dispone de 1 ba\u00f1o cabinado...","protected":false},"author":8340,"featured_media":393173,"template":"","es_locations":[79,766,1974],"es_categories":[124],"es_types":[299],"es_rent_periods":[],"es_labels":[],"es_statuses":[],"es_parkings":[],"es_roofs":[],"es_exterior_materials":[],"es_basements":[],"es_floor_coverings":[],"es_features":[2145],"es_amenities":[2153],"es_neighborhoods":[],"es_tags":[],"class_list":["post-393170","properties","type-properties","status-publish","has-post-thumbnail","hentry","es_location-antioquia","es_location-guarne","es_location-la-clara","es_category-arriendo","es_type-apartaestudios","es_feature-calentador","es_amenity-calentador","es-post-entity"],"_links":{"self":[{"href":"https:\/\/arriendo.com\/co\/wp-json\/wp\/v2\/properties\/393170","targetHints":{"allow":["GET"]}}],"collection":[{"href":"https:\/\/arriendo.com\/co\/wp-json\/wp\/v2\/properties"}],"about":[{"href":"https:\/\/arriendo.com\/co\/wp-json\/wp\/v2\/types\/properties"}],"author":[{"embeddable":true,"href":"https:\/\/arriendo.com\/co\/wp-json\/wp\/v2\/users\/8340"}],"version-history":[{"count":0,"href":"https:\/\/arriendo.com\/co\/wp-json\/wp\/v2\/properties\/393170\/revisions"}],"wp:featuredmedia":[{"embeddable":true,"href":"https:\/\/arriendo.com\/co\/wp-json\/wp\/v2\/media\/393173"}],"wp:attachment":[{"href":"https:\/\/arriendo.com\/co\/wp-json\/wp\/v2\/media?parent=393170"}],"wp:term":[{"taxonomy":"es_location","embeddable":true,"href":"https:\/\/arriendo.com\/co\/wp-json\/wp\/v2\/es_locations?post=393170"},{"taxonomy":"es_category","embeddable":true,"href":"https:\/\/arriendo.com\/co\/wp-json\/wp\/v2\/es_categories?post=393170"},{"taxonomy":"es_type","embeddable":true,"href":"https:\/\/arriendo.com\/co\/wp-json\/wp\/v2\/es_types?post=393170"},{"taxonomy":"es_rent_period","embeddable":true,"href":"https:\/\/arriendo.com\/co\/wp-json\/wp\/v2\/es_rent_periods?post=393170"},{"taxonomy":"es_label","embeddable":true,"href":"https:\/\/arriendo.com\/co\/wp-json\/wp\/v2\/es_labels?post=393170"},{"taxonomy":"es_status","embeddable":true,"href":"https:\/\/arriendo.com\/co\/wp-json\/wp\/v2\/es_statuses?post=393170"},{"taxonomy":"es_parking","embeddable":true,"href":"https:\/\/arriendo.com\/co\/wp-json\/wp\/v2\/es_parkings?post=393170"},{"taxonomy":"es_roof","embeddable":true,"href":"https:\/\/arriendo.com\/co\/wp-json\/wp\/v2\/es_roofs?post=393170"},{"taxonomy":"es_exterior_material","embeddable":true,"href":"https:\/\/arriendo.com\/co\/wp-json\/wp\/v2\/es_exterior_materials?post=393170"},{"taxonomy":"es_basement","embeddable":true,"href":"https:\/\/arriendo.com\/co\/wp-json\/wp\/v2\/es_basements?post=393170"},{"taxonomy":"es_floor_covering","embeddable":true,"href":"https:\/\/arriendo.com\/co\/wp-json\/wp\/v2\/es_floor_coverings?post=393170"},{"taxonomy":"es_feature","embeddable":true,"href":"https:\/\/arriendo.com\/co\/wp-json\/wp\/v2\/es_features?post=393170"},{"taxonomy":"es_amenity","embeddable":true,"href":"https:\/\/arriendo.com\/co\/wp-json\/wp\/v2\/es_amenities?post=393170"},{"taxonomy":"es_neighborhood","embeddable":true,"href":"https:\/\/arriendo.com\/co\/wp-json\/wp\/v2\/es_neighborhoods?post=393170"},{"taxonomy":"es_tag","embeddable":true,"href":"https:\/\/arriendo.com\/co\/wp-json\/wp\/v2\/es_tags?post=393170"}],"curies":[{"name":"wp","href":"https:\/\/api.w.org\/{rel}","templated":true}]}}

<p>Atractivo apartaestudio con 1 habitación, dispone de 1 baño cabinado y una práctica cocina sencilla. con un área de 32 metros, este espacio ofrece comodidad en un entorno bien conectado con excelentes vías de acceso, cuenta con zonas verdes. además ¡el lugar perfecto para disfrutar de la comodidad y la conveniencia en un ambiente encantador! ademas cuenta con parqueadero cubierto y es libre de servicios.</p>

Atractivo apartaestudio con 1 habitación, dispone de 1 baño cabinado...
