{"id":393083,"date":"2026-02-24T08:54:42","date_gmt":"2026-02-24T13:54:42","guid":{"rendered":"https:\/\/arriendo.com\/co\/%es_type%\/%address_city%\/%neighborhood%\/guarne-san-jose-apartamento-en-arriendo-en-26fe17\/"},"modified":"2026-02-24T08:54:42","modified_gmt":"2026-02-24T13:54:42","slug":"AR-393083","status":"publish","type":"properties","link":"https:\/\/arriendo.com\/co\/apartamentos\/guarne\/san-jose\/AR-393083\/","title":{"rendered":"Apartamento en Arriendo en San jose, Guarne"},"content":{"rendered":"<p>Hermoso y c\u00f3modo apartamento veredal, cuenta con 3 habitaciones, 3 closets, 2 ba\u00f1os cabinados 1 en alcoba, cocina integral, pisos en cer\u00e1mica, excelentes v\u00edas de acceso, cercano al parque industrial Elite 1 , cerca a la autopista Med-Bog, rutas de transporte, Administraci\u00f3n incluida.1<\/p>\n","protected":false},"excerpt":{"rendered":"Hermoso y c\u00f3modo apartamento veredal, cuenta con 3 habitaciones, 3...","protected":false},"author":8340,"featured_media":393086,"template":"","es_locations":[79,766,398],"es_categories":[124],"es_types":[114],"es_rent_periods":[],"es_labels":[],"es_statuses":[],"es_parkings":[],"es_roofs":[],"es_exterior_materials":[],"es_basements":[],"es_floor_coverings":[],"es_features":[132,2212,2146,2203,2220,2135,2136,144,2306,2137,2152,2204],"es_amenities":[2186,2217,2155,2208,2221,2142,2143,2289,2308,2144,2162,2209],"es_neighborhoods":[],"es_tags":[],"class_list":["post-393083","properties","type-properties","status-publish","has-post-thumbnail","hentry","es_location-antioquia","es_location-guarne","es_location-san-jose","es_category-arriendo","es_type-apartamentos","es_feature-balcon","es_feature-bano-auxiliar","es_feature-cocina-integral","es_feature-jardines-exteriores","es_feature-patio","es_feature-sobre-via-principal","es_feature-trans-publico-cercano","es_feature-vista-panoramica","es_feature-zona-campestre","es_feature-zona-comercial","es_feature-zona-residencial","es_feature-zonas-verdes","es_amenity-balcon","es_amenity-bano-auxiliar","es_amenity-cocina-integral","es_amenity-jardines-exteriores","es_amenity-patio","es_amenity-sobre-via-principal","es_amenity-trans-publico-cercano","es_amenity-vista-panoramica","es_amenity-zona-campestre","es_amenity-zona-comercial","es_amenity-zona-residencial","es_amenity-zonas-verdes","es-post-entity"],"_links":{"self":[{"href":"https:\/\/arriendo.com\/co\/wp-json\/wp\/v2\/properties\/393083","targetHints":{"allow":["GET"]}}],"collection":[{"href":"https:\/\/arriendo.com\/co\/wp-json\/wp\/v2\/properties"}],"about":[{"href":"https:\/\/arriendo.com\/co\/wp-json\/wp\/v2\/types\/properties"}],"author":[{"embeddable":true,"href":"https:\/\/arriendo.com\/co\/wp-json\/wp\/v2\/users\/8340"}],"version-history":[{"count":0,"href":"https:\/\/arriendo.com\/co\/wp-json\/wp\/v2\/properties\/393083\/revisions"}],"wp:featuredmedia":[{"embeddable":true,"href":"https:\/\/arriendo.com\/co\/wp-json\/wp\/v2\/media\/393086"}],"wp:attachment":[{"href":"https:\/\/arriendo.com\/co\/wp-json\/wp\/v2\/media?parent=393083"}],"wp:term":[{"taxonomy":"es_location","embeddable":true,"href":"https:\/\/arriendo.com\/co\/wp-json\/wp\/v2\/es_locations?post=393083"},{"taxonomy":"es_category","embeddable":true,"href":"https:\/\/arriendo.com\/co\/wp-json\/wp\/v2\/es_categories?post=393083"},{"taxonomy":"es_type","embeddable":true,"href":"https:\/\/arriendo.com\/co\/wp-json\/wp\/v2\/es_types?post=393083"},{"taxonomy":"es_rent_period","embeddable":true,"href":"https:\/\/arriendo.com\/co\/wp-json\/wp\/v2\/es_rent_periods?post=393083"},{"taxonomy":"es_label","embeddable":true,"href":"https:\/\/arriendo.com\/co\/wp-json\/wp\/v2\/es_labels?post=393083"},{"taxonomy":"es_status","embeddable":true,"href":"https:\/\/arriendo.com\/co\/wp-json\/wp\/v2\/es_statuses?post=393083"},{"taxonomy":"es_parking","embeddable":true,"href":"https:\/\/arriendo.com\/co\/wp-json\/wp\/v2\/es_parkings?post=393083"},{"taxonomy":"es_roof","embeddable":true,"href":"https:\/\/arriendo.com\/co\/wp-json\/wp\/v2\/es_roofs?post=393083"},{"taxonomy":"es_exterior_material","embeddable":true,"href":"https:\/\/arriendo.com\/co\/wp-json\/wp\/v2\/es_exterior_materials?post=393083"},{"taxonomy":"es_basement","embeddable":true,"href":"https:\/\/arriendo.com\/co\/wp-json\/wp\/v2\/es_basements?post=393083"},{"taxonomy":"es_floor_covering","embeddable":true,"href":"https:\/\/arriendo.com\/co\/wp-json\/wp\/v2\/es_floor_coverings?post=393083"},{"taxonomy":"es_feature","embeddable":true,"href":"https:\/\/arriendo.com\/co\/wp-json\/wp\/v2\/es_features?post=393083"},{"taxonomy":"es_amenity","embeddable":true,"href":"https:\/\/arriendo.com\/co\/wp-json\/wp\/v2\/es_amenities?post=393083"},{"taxonomy":"es_neighborhood","embeddable":true,"href":"https:\/\/arriendo.com\/co\/wp-json\/wp\/v2\/es_neighborhoods?post=393083"},{"taxonomy":"es_tag","embeddable":true,"href":"https:\/\/arriendo.com\/co\/wp-json\/wp\/v2\/es_tags?post=393083"}],"curies":[{"name":"wp","href":"https:\/\/api.w.org\/{rel}","templated":true}]}}

<p>Hermoso y cómodo apartamento veredal, cuenta con 3 habitaciones, 3 closets, 2 baños cabinados 1 en alcoba, cocina integral, pisos en cerámica, excelentes vías de acceso, cercano al parque industrial Elite 1 , cerca a la autopista Med-Bog, rutas de transporte, Administración incluida.1</p>

Hermoso y cómodo apartamento veredal, cuenta con 3 habitaciones, 3...
