{"id":392409,"date":"2026-02-24T08:44:15","date_gmt":"2026-02-24T13:44:15","guid":{"rendered":"https:\/\/arriendo.com\/co\/%es_type%\/%address_city%\/%neighborhood%\/villamaria-la-florida-casa-en-arriendo-en-f84051\/"},"modified":"2026-02-24T08:44:15","modified_gmt":"2026-02-24T13:44:15","slug":"AR-392409","status":"publish","type":"properties","link":"https:\/\/arriendo.com\/co\/casas\/villamaria\/la-florida\/AR-392409\/","title":{"rendered":"Casa en Arriendo en La Florida, Villamaria"},"content":{"rendered":"<p>\u00a1En arrendamiento\u00a0hermosa casa amoblada en exclusivo conjunto en\u00a0La Florida, Villamar\u00eda!<\/p>\n<p>Consta de 499 m\u00b2 construidos sobre un lote de 580 m\u00b2, distribuidos en sala-comedor en ambiente continuo con salida a una terraza de 50 m\u00b2 con chimenea, cocina integral abierta con isla, y un estudio o estar de gran amplitud. Cuenta con 4\u00a0habitaciones, todas con ba\u00f1o privado; dos de ellas con balc\u00f3n. La habitaci\u00f3n principal dispone de ba\u00f1o con jacuzzi y Vestier.<\/p>\n<p>La propiedad tiene pisos en porcelanato y un amplio garaje con capacidad para 4 veh\u00edculos, tres en \u00e1rea cubierta y uno en espacio descubierto.<\/p>\n<p>\u00a1Cont\u00e1ctanos para m\u00e1s informaci\u00f3n ***!<\/p>\n","protected":false},"excerpt":{"rendered":"\u00a1En arrendamiento\u00a0hermosa casa amoblada en exclusivo conjunto en\u00a0La Florida, Villamar\u00eda!...","protected":false},"author":6367,"featured_media":392412,"template":"","es_locations":[84,486,1608],"es_categories":[124],"es_types":[115],"es_rent_periods":[],"es_labels":[],"es_statuses":[],"es_parkings":[],"es_roofs":[],"es_exterior_materials":[],"es_basements":[],"es_floor_coverings":[],"es_features":[2262,132,2212,2145,2211,134,2146,2147,2148,2196,2149,2282,145,2180,2272,2133,2181,2182,2150,144,2137,2151,2185,2152,2204],"es_amenities":[2267,2186,2217,2153,2210,2313,2155,2156,2157,2197,2159,2287,2160,157,2273,158,159,2161,161,2289,2144,162,2173,2162,2209],"es_neighborhoods":[],"es_tags":[],"class_list":["post-392409","properties","type-properties","status-publish","has-post-thumbnail","hentry","es_location-caldas","es_location-la-florida","es_location-villamaria","es_category-arriendo","es_type-casas","es_feature-amoblado","es_feature-balcon","es_feature-bano-auxiliar","es_feature-calentador","es_feature-canchas-deportivas","es_feature-chimenea","es_feature-cocina-integral","es_feature-cocina-tipo-americano","es_feature-colegios-universidades","es_feature-en-conjunto-cerrado","es_feature-garajes","es_feature-hall-de-alcobas","es_feature-instalacion-de-gas","es_feature-piscina","es_feature-piso-en-baldosa-marmol","es_feature-porteria-recepcion","es_feature-porteria-vigilancia","es_feature-salon-comunal","es_feature-supermercados-c-comerciales","es_feature-vista-panoramica","es_feature-zona-comercial","es_feature-zona-de-lavanderia","es_feature-zona-infantil","es_feature-zona-residencial","es_feature-zonas-verdes","es_amenity-amoblado","es_amenity-balcon","es_amenity-bano-auxiliar","es_amenity-calentador","es_amenity-canchas-deportivas","es_amenity-chimenea","es_amenity-cocina-integral","es_amenity-cocina-tipo-americano","es_amenity-colegios-universidades","es_amenity-en-conjunto-cerrado","es_amenity-garajes","es_amenity-hall-de-alcobas","es_amenity-instalacion-de-gas","es_amenity-piscina","es_amenity-piso-en-baldosa-marmol","es_amenity-porteria-recepcion","es_amenity-salon-comunal","es_amenity-supermercados-c-comerciales","es_amenity-vigilancia-24-7","es_amenity-vista-panoramica","es_amenity-zona-comercial","es_amenity-zona-de-lavanderia","es_amenity-zona-infantil","es_amenity-zona-residencial","es_amenity-zonas-verdes","es-post-entity"],"_links":{"self":[{"href":"https:\/\/arriendo.com\/co\/wp-json\/wp\/v2\/properties\/392409","targetHints":{"allow":["GET"]}}],"collection":[{"href":"https:\/\/arriendo.com\/co\/wp-json\/wp\/v2\/properties"}],"about":[{"href":"https:\/\/arriendo.com\/co\/wp-json\/wp\/v2\/types\/properties"}],"author":[{"embeddable":true,"href":"https:\/\/arriendo.com\/co\/wp-json\/wp\/v2\/users\/6367"}],"version-history":[{"count":0,"href":"https:\/\/arriendo.com\/co\/wp-json\/wp\/v2\/properties\/392409\/revisions"}],"wp:featuredmedia":[{"embeddable":true,"href":"https:\/\/arriendo.com\/co\/wp-json\/wp\/v2\/media\/392412"}],"wp:attachment":[{"href":"https:\/\/arriendo.com\/co\/wp-json\/wp\/v2\/media?parent=392409"}],"wp:term":[{"taxonomy":"es_location","embeddable":true,"href":"https:\/\/arriendo.com\/co\/wp-json\/wp\/v2\/es_locations?post=392409"},{"taxonomy":"es_category","embeddable":true,"href":"https:\/\/arriendo.com\/co\/wp-json\/wp\/v2\/es_categories?post=392409"},{"taxonomy":"es_type","embeddable":true,"href":"https:\/\/arriendo.com\/co\/wp-json\/wp\/v2\/es_types?post=392409"},{"taxonomy":"es_rent_period","embeddable":true,"href":"https:\/\/arriendo.com\/co\/wp-json\/wp\/v2\/es_rent_periods?post=392409"},{"taxonomy":"es_label","embeddable":true,"href":"https:\/\/arriendo.com\/co\/wp-json\/wp\/v2\/es_labels?post=392409"},{"taxonomy":"es_status","embeddable":true,"href":"https:\/\/arriendo.com\/co\/wp-json\/wp\/v2\/es_statuses?post=392409"},{"taxonomy":"es_parking","embeddable":true,"href":"https:\/\/arriendo.com\/co\/wp-json\/wp\/v2\/es_parkings?post=392409"},{"taxonomy":"es_roof","embeddable":true,"href":"https:\/\/arriendo.com\/co\/wp-json\/wp\/v2\/es_roofs?post=392409"},{"taxonomy":"es_exterior_material","embeddable":true,"href":"https:\/\/arriendo.com\/co\/wp-json\/wp\/v2\/es_exterior_materials?post=392409"},{"taxonomy":"es_basement","embeddable":true,"href":"https:\/\/arriendo.com\/co\/wp-json\/wp\/v2\/es_basements?post=392409"},{"taxonomy":"es_floor_covering","embeddable":true,"href":"https:\/\/arriendo.com\/co\/wp-json\/wp\/v2\/es_floor_coverings?post=392409"},{"taxonomy":"es_feature","embeddable":true,"href":"https:\/\/arriendo.com\/co\/wp-json\/wp\/v2\/es_features?post=392409"},{"taxonomy":"es_amenity","embeddable":true,"href":"https:\/\/arriendo.com\/co\/wp-json\/wp\/v2\/es_amenities?post=392409"},{"taxonomy":"es_neighborhood","embeddable":true,"href":"https:\/\/arriendo.com\/co\/wp-json\/wp\/v2\/es_neighborhoods?post=392409"},{"taxonomy":"es_tag","embeddable":true,"href":"https:\/\/arriendo.com\/co\/wp-json\/wp\/v2\/es_tags?post=392409"}],"curies":[{"name":"wp","href":"https:\/\/api.w.org\/{rel}","templated":true}]}}

<p>¡En arrendamiento hermosa casa amoblada en exclusivo conjunto en La Florida, Villamaría!</p>
<p>Consta de 499 m² construidos sobre un lote de 580 m², distribuidos en sala-comedor en ambiente continuo con salida a una terraza de 50 m² con chimenea, cocina integral abierta con isla, y un estudio o estar de gran amplitud. Cuenta con 4 habitaciones, todas con baño privado; dos de ellas con balcón. La habitación principal dispone de baño con jacuzzi y Vestier.</p>
<p>La propiedad tiene pisos en porcelanato y un amplio garaje con capacidad para 4 vehículos, tres en área cubierta y uno en espacio descubierto.</p>
<p>¡Contáctanos para más información ***!</p>

¡En arrendamiento hermosa casa amoblada en exclusivo conjunto en La Florida, Villamaría!...
