{"id":391831,"date":"2026-02-24T08:35:31","date_gmt":"2026-02-24T13:35:31","guid":{"rendered":"https:\/\/arriendo.com\/co\/%es_type%\/%address_city%\/%neighborhood%\/palmira-villa-claudia-casa-en-arriendo-en-34ee23\/"},"modified":"2026-02-24T08:35:31","modified_gmt":"2026-02-24T13:35:31","slug":"AR-391831","status":"publish","type":"properties","link":"https:\/\/arriendo.com\/co\/casas\/palmira\/villa-claudia\/AR-391831\/","title":{"rendered":"Casa en Arriendo en Villa claudia, Palmira"},"content":{"rendered":"<p>Alquilamos casa amplia e iluminada de tres niveles para estrenar, en Palmira; en el barrio villa Claudia, con un \u00e1rea de 300m2, en el primer nivel cuenta con antejard\u00edn, garaje cubierto, sala, estudio, ba\u00f1o social, dios patios, cocina con gabinetes superiores e inferiores y comedor. Segundo nivel cuenta con cuatro habitaciones con sus respectivos closet; habitaci\u00f3n principal con ba\u00f1o privado, sala auxiliar y ba\u00f1o auxiliar. Tercer nivel cuenta con dos terrazas una interna y otra externa, zona de oficios, calentador y ba\u00f1o auxiliar.<\/p>\n","protected":false},"excerpt":{"rendered":"Alquilamos casa amplia e iluminada de tres niveles para estrenar,...","protected":false},"author":7800,"featured_media":391834,"template":"","es_locations":[805,2012],"es_categories":[124],"es_types":[115],"es_rent_periods":[],"es_labels":[],"es_statuses":[],"es_parkings":[],"es_roofs":[],"es_exterior_materials":[],"es_basements":[],"es_floor_coverings":[],"es_features":[132,2145,2211,2293,2166,145,143,2136,144,2137,2152],"es_amenities":[2186,2153,2210,2295,2189,2160,2290,2143,2289,2144,2162],"es_neighborhoods":[],"es_tags":[],"class_list":["post-391831","properties","type-properties","status-publish","has-post-thumbnail","hentry","es_location-palmira","es_location-villa-claudia","es_category-arriendo","es_type-casas","es_feature-balcon","es_feature-calentador","es_feature-canchas-deportivas","es_feature-cerca-centro-comercial","es_feature-closet","es_feature-instalacion-de-gas","es_feature-terraza","es_feature-trans-publico-cercano","es_feature-vista-panoramica","es_feature-zona-comercial","es_feature-zona-residencial","es_amenity-balcon","es_amenity-calentador","es_amenity-canchas-deportivas","es_amenity-cerca-centro-comercial","es_amenity-closet","es_amenity-instalacion-de-gas","es_amenity-terraza","es_amenity-trans-publico-cercano","es_amenity-vista-panoramica","es_amenity-zona-comercial","es_amenity-zona-residencial","es-post-entity"],"_links":{"self":[{"href":"https:\/\/arriendo.com\/co\/wp-json\/wp\/v2\/properties\/391831","targetHints":{"allow":["GET"]}}],"collection":[{"href":"https:\/\/arriendo.com\/co\/wp-json\/wp\/v2\/properties"}],"about":[{"href":"https:\/\/arriendo.com\/co\/wp-json\/wp\/v2\/types\/properties"}],"author":[{"embeddable":true,"href":"https:\/\/arriendo.com\/co\/wp-json\/wp\/v2\/users\/7800"}],"version-history":[{"count":0,"href":"https:\/\/arriendo.com\/co\/wp-json\/wp\/v2\/properties\/391831\/revisions"}],"wp:featuredmedia":[{"embeddable":true,"href":"https:\/\/arriendo.com\/co\/wp-json\/wp\/v2\/media\/391834"}],"wp:attachment":[{"href":"https:\/\/arriendo.com\/co\/wp-json\/wp\/v2\/media?parent=391831"}],"wp:term":[{"taxonomy":"es_location","embeddable":true,"href":"https:\/\/arriendo.com\/co\/wp-json\/wp\/v2\/es_locations?post=391831"},{"taxonomy":"es_category","embeddable":true,"href":"https:\/\/arriendo.com\/co\/wp-json\/wp\/v2\/es_categories?post=391831"},{"taxonomy":"es_type","embeddable":true,"href":"https:\/\/arriendo.com\/co\/wp-json\/wp\/v2\/es_types?post=391831"},{"taxonomy":"es_rent_period","embeddable":true,"href":"https:\/\/arriendo.com\/co\/wp-json\/wp\/v2\/es_rent_periods?post=391831"},{"taxonomy":"es_label","embeddable":true,"href":"https:\/\/arriendo.com\/co\/wp-json\/wp\/v2\/es_labels?post=391831"},{"taxonomy":"es_status","embeddable":true,"href":"https:\/\/arriendo.com\/co\/wp-json\/wp\/v2\/es_statuses?post=391831"},{"taxonomy":"es_parking","embeddable":true,"href":"https:\/\/arriendo.com\/co\/wp-json\/wp\/v2\/es_parkings?post=391831"},{"taxonomy":"es_roof","embeddable":true,"href":"https:\/\/arriendo.com\/co\/wp-json\/wp\/v2\/es_roofs?post=391831"},{"taxonomy":"es_exterior_material","embeddable":true,"href":"https:\/\/arriendo.com\/co\/wp-json\/wp\/v2\/es_exterior_materials?post=391831"},{"taxonomy":"es_basement","embeddable":true,"href":"https:\/\/arriendo.com\/co\/wp-json\/wp\/v2\/es_basements?post=391831"},{"taxonomy":"es_floor_covering","embeddable":true,"href":"https:\/\/arriendo.com\/co\/wp-json\/wp\/v2\/es_floor_coverings?post=391831"},{"taxonomy":"es_feature","embeddable":true,"href":"https:\/\/arriendo.com\/co\/wp-json\/wp\/v2\/es_features?post=391831"},{"taxonomy":"es_amenity","embeddable":true,"href":"https:\/\/arriendo.com\/co\/wp-json\/wp\/v2\/es_amenities?post=391831"},{"taxonomy":"es_neighborhood","embeddable":true,"href":"https:\/\/arriendo.com\/co\/wp-json\/wp\/v2\/es_neighborhoods?post=391831"},{"taxonomy":"es_tag","embeddable":true,"href":"https:\/\/arriendo.com\/co\/wp-json\/wp\/v2\/es_tags?post=391831"}],"curies":[{"name":"wp","href":"https:\/\/api.w.org\/{rel}","templated":true}]}}

<p>Alquilamos casa amplia e iluminada de tres niveles para estrenar, en Palmira; en el barrio villa Claudia, con un área de 300m2, en el primer nivel cuenta con antejardín, garaje cubierto, sala, estudio, baño social, dios patios, cocina con gabinetes superiores e inferiores y comedor. Segundo nivel cuenta con cuatro habitaciones con sus respectivos closet; habitación principal con baño privado, sala auxiliar y baño auxiliar. Tercer nivel cuenta con dos terrazas una interna y otra externa, zona de oficios, calentador y baño auxiliar.</p>
