{"id":391333,"date":"2026-02-24T08:02:43","date_gmt":"2026-02-24T13:02:43","guid":{"rendered":"https:\/\/arriendo.com\/co\/%es_type%\/%address_city%\/%neighborhood%\/sabaneta-aves-maria-casa-en-arriendo-355b26\/"},"modified":"2026-02-24T08:02:43","modified_gmt":"2026-02-24T13:02:43","slug":"AR-391333","status":"publish","type":"properties","link":"https:\/\/arriendo.com\/co\/casas\/sabaneta\/aves-maria\/AR-391333\/","title":{"rendered":"Casa en  Arriendo en Aves Maria, Sabaneta"},"content":{"rendered":"<p>Casa campestre de 380 m2 con 4 niveles, el inmueble cuenta con sala  y comedor independientes,  amplia cocina con comedor auxiliar, 3 habitaciones , 4 ba\u00f1os, habitaci\u00f3n principal con ba\u00f1o, balcon, terraza y un Semis\u00f3tano, parqueadero para 1 carro y antejardin<\/p>\n<p>Casa ubicada en unidad cerrada con vigilancia 24 horas, tiene piscina, sal\u00f3n social, , gimnasio, cancha  de f\u00fatbol.<\/p>\n<p>Excelente ubicaci\u00f3n, cerca al centro comercial Aves Mar\u00eda, a solo 5 minutos del parque principal, muy buenas rutas de transporte p\u00fablico<\/p>\n","protected":false},"excerpt":{"rendered":"Casa campestre de 380 m2 con 4 niveles, el inmueble...","protected":false},"author":7395,"featured_media":391336,"template":"","es_locations":[79,2219,473],"es_categories":[124],"es_types":[115],"es_rent_periods":[],"es_labels":[],"es_statuses":[],"es_parkings":[],"es_roofs":[],"es_exterior_materials":[],"es_basements":[],"es_floor_coverings":[],"es_features":[2292,2229,132,2212,2164,2263,2199,2233,2166,2146,2312,2196,136,2179,2216,2132,2180,2133,2181,2182,2150,2136,2306],"es_amenities":[2294,2261,2186,2217,2187,2269,2198,2248,2189,2155,2314,2197,2158,154,156,2140,157,158,159,2161,2143,161,2308],"es_neighborhoods":[],"es_tags":[],"class_list":["post-391333","properties","type-properties","status-publish","has-post-thumbnail","hentry","es_location-antioquia","es_location-aves-maria","es_location-sabaneta","es_category-arriendo","es_type-casas","es_feature-acceso-pavimentado","es_feature-arboles-frutales","es_feature-balcon","es_feature-bano-auxiliar","es_feature-bano-independiente","es_feature-barra-estilo-americano","es_feature-cancha-de-futbol","es_feature-cerca-de-zona-urbana","es_feature-closet","es_feature-cocina-integral","es_feature-comedor-auxiliar","es_feature-en-conjunto-cerrado","es_feature-estudio","es_feature-gimnasio","es_feature-parqueadero-visitantes","es_feature-parques-cercanos","es_feature-piscina","es_feature-porteria-recepcion","es_feature-porteria-vigilancia","es_feature-salon-comunal","es_feature-supermercados-c-comerciales","es_feature-trans-publico-cercano","es_feature-zona-campestre","es_amenity-acceso-pavimentado","es_amenity-arboles-frutales","es_amenity-balcon","es_amenity-bano-auxiliar","es_amenity-bano-independiente","es_amenity-barra-estilo-americano","es_amenity-cancha-de-futbol","es_amenity-cerca-de-zona-urbana","es_amenity-closet","es_amenity-cocina-integral","es_amenity-comedor-auxiliar","es_amenity-en-conjunto-cerrado","es_amenity-estudio","es_amenity-gimnasio","es_amenity-parqueadero-visitantes","es_amenity-parques-cercanos","es_amenity-piscina","es_amenity-porteria-recepcion","es_amenity-salon-comunal","es_amenity-supermercados-c-comerciales","es_amenity-trans-publico-cercano","es_amenity-vigilancia-24-7","es_amenity-zona-campestre","es-post-entity"],"_links":{"self":[{"href":"https:\/\/arriendo.com\/co\/wp-json\/wp\/v2\/properties\/391333","targetHints":{"allow":["GET"]}}],"collection":[{"href":"https:\/\/arriendo.com\/co\/wp-json\/wp\/v2\/properties"}],"about":[{"href":"https:\/\/arriendo.com\/co\/wp-json\/wp\/v2\/types\/properties"}],"author":[{"embeddable":true,"href":"https:\/\/arriendo.com\/co\/wp-json\/wp\/v2\/users\/7395"}],"version-history":[{"count":0,"href":"https:\/\/arriendo.com\/co\/wp-json\/wp\/v2\/properties\/391333\/revisions"}],"wp:featuredmedia":[{"embeddable":true,"href":"https:\/\/arriendo.com\/co\/wp-json\/wp\/v2\/media\/391336"}],"wp:attachment":[{"href":"https:\/\/arriendo.com\/co\/wp-json\/wp\/v2\/media?parent=391333"}],"wp:term":[{"taxonomy":"es_location","embeddable":true,"href":"https:\/\/arriendo.com\/co\/wp-json\/wp\/v2\/es_locations?post=391333"},{"taxonomy":"es_category","embeddable":true,"href":"https:\/\/arriendo.com\/co\/wp-json\/wp\/v2\/es_categories?post=391333"},{"taxonomy":"es_type","embeddable":true,"href":"https:\/\/arriendo.com\/co\/wp-json\/wp\/v2\/es_types?post=391333"},{"taxonomy":"es_rent_period","embeddable":true,"href":"https:\/\/arriendo.com\/co\/wp-json\/wp\/v2\/es_rent_periods?post=391333"},{"taxonomy":"es_label","embeddable":true,"href":"https:\/\/arriendo.com\/co\/wp-json\/wp\/v2\/es_labels?post=391333"},{"taxonomy":"es_status","embeddable":true,"href":"https:\/\/arriendo.com\/co\/wp-json\/wp\/v2\/es_statuses?post=391333"},{"taxonomy":"es_parking","embeddable":true,"href":"https:\/\/arriendo.com\/co\/wp-json\/wp\/v2\/es_parkings?post=391333"},{"taxonomy":"es_roof","embeddable":true,"href":"https:\/\/arriendo.com\/co\/wp-json\/wp\/v2\/es_roofs?post=391333"},{"taxonomy":"es_exterior_material","embeddable":true,"href":"https:\/\/arriendo.com\/co\/wp-json\/wp\/v2\/es_exterior_materials?post=391333"},{"taxonomy":"es_basement","embeddable":true,"href":"https:\/\/arriendo.com\/co\/wp-json\/wp\/v2\/es_basements?post=391333"},{"taxonomy":"es_floor_covering","embeddable":true,"href":"https:\/\/arriendo.com\/co\/wp-json\/wp\/v2\/es_floor_coverings?post=391333"},{"taxonomy":"es_feature","embeddable":true,"href":"https:\/\/arriendo.com\/co\/wp-json\/wp\/v2\/es_features?post=391333"},{"taxonomy":"es_amenity","embeddable":true,"href":"https:\/\/arriendo.com\/co\/wp-json\/wp\/v2\/es_amenities?post=391333"},{"taxonomy":"es_neighborhood","embeddable":true,"href":"https:\/\/arriendo.com\/co\/wp-json\/wp\/v2\/es_neighborhoods?post=391333"},{"taxonomy":"es_tag","embeddable":true,"href":"https:\/\/arriendo.com\/co\/wp-json\/wp\/v2\/es_tags?post=391333"}],"curies":[{"name":"wp","href":"https:\/\/api.w.org\/{rel}","templated":true}]}}

<p>Casa campestre de 380 m2 con 4 niveles, el inmueble cuenta con sala  y comedor independientes,  amplia cocina con comedor auxiliar, 3 habitaciones , 4 baños, habitación principal con baño, balcon, terraza y un Semisótano, parqueadero para 1 carro y antejardin</p>
<p>Casa ubicada en unidad cerrada con vigilancia 24 horas, tiene piscina, salón social, , gimnasio, cancha  de fútbol.</p>
<p>Excelente ubicación, cerca al centro comercial Aves María, a solo 5 minutos del parque principal, muy buenas rutas de transporte público</p>
