{"id":387266,"date":"2026-02-23T18:57:30","date_gmt":"2026-02-23T23:57:30","guid":{"rendered":"https:\/\/arriendo.com\/co\/%es_type%\/%address_city%\/%neighborhood%\/la-estrella-la-aldea-apartamento-en-arriendo-en-a64963\/"},"modified":"2026-02-23T18:57:30","modified_gmt":"2026-02-23T23:57:30","slug":"AR-387266","status":"publish","type":"properties","link":"https:\/\/arriendo.com\/co\/apartamentos\/la-estrella\/la-aldea\/AR-387266\/","title":{"rendered":"Apartamento en Arriendo en La Aldea, La estrella"},"content":{"rendered":"<p>Arriendo Apartamento en La Estrella \u2013 Antioquia<br \/>\nCanon: $1.800.000 mensuales<br \/>\nVive en un sector tranquilo y con excelente conexi\u00f3n en La Estrella, cerca de rutas de transporte p\u00fablico y con f\u00e1cil acceso a zonas comerciales. Este apartamento de 58 m\u00b2 est\u00e1 dise\u00f1ado para brindarte comodidad, funcionalidad y calidad de vida.<br \/>\nCaracter\u00edsticas principales:<br \/>\n3 habitaciones con excelente iluminaci\u00f3n natural<br \/>\n2 ba\u00f1os completos modernos<br \/>\nSala y comedor independientes<br \/>\nCocina integral equipada con red de gas<br \/>\nZona de ropas ventilada<br \/>\nBalc\u00f3n con vista agradable<br \/>\n ***<\/p>\n","protected":false},"excerpt":{"rendered":"Arriendo Apartamento en La Estrella \u2013 Antioquia Canon: $1.800.000 mensuales...","protected":false},"author":4102,"featured_media":387269,"template":"","es_locations":[79,2973,487],"es_categories":[124],"es_types":[114],"es_rent_periods":[],"es_labels":[],"es_statuses":[],"es_parkings":[],"es_roofs":[],"es_exterior_materials":[],"es_basements":[],"es_floor_coverings":[],"es_features":[2212,2145,2166,2146,2213,2151],"es_amenities":[2217,2153,2189,2155,2218,162],"es_neighborhoods":[],"es_tags":[],"class_list":["post-387266","properties","type-properties","status-publish","has-post-thumbnail","hentry","es_location-antioquia","es_location-la-aldea","es_location-la-estrella","es_category-arriendo","es_type-apartamentos","es_feature-bano-auxiliar","es_feature-calentador","es_feature-closet","es_feature-cocina-integral","es_feature-comedor","es_feature-zona-de-lavanderia","es_amenity-bano-auxiliar","es_amenity-calentador","es_amenity-closet","es_amenity-cocina-integral","es_amenity-comedor","es_amenity-zona-de-lavanderia","es-post-entity"],"_links":{"self":[{"href":"https:\/\/arriendo.com\/co\/wp-json\/wp\/v2\/properties\/387266","targetHints":{"allow":["GET"]}}],"collection":[{"href":"https:\/\/arriendo.com\/co\/wp-json\/wp\/v2\/properties"}],"about":[{"href":"https:\/\/arriendo.com\/co\/wp-json\/wp\/v2\/types\/properties"}],"author":[{"embeddable":true,"href":"https:\/\/arriendo.com\/co\/wp-json\/wp\/v2\/users\/4102"}],"version-history":[{"count":0,"href":"https:\/\/arriendo.com\/co\/wp-json\/wp\/v2\/properties\/387266\/revisions"}],"wp:featuredmedia":[{"embeddable":true,"href":"https:\/\/arriendo.com\/co\/wp-json\/wp\/v2\/media\/387269"}],"wp:attachment":[{"href":"https:\/\/arriendo.com\/co\/wp-json\/wp\/v2\/media?parent=387266"}],"wp:term":[{"taxonomy":"es_location","embeddable":true,"href":"https:\/\/arriendo.com\/co\/wp-json\/wp\/v2\/es_locations?post=387266"},{"taxonomy":"es_category","embeddable":true,"href":"https:\/\/arriendo.com\/co\/wp-json\/wp\/v2\/es_categories?post=387266"},{"taxonomy":"es_type","embeddable":true,"href":"https:\/\/arriendo.com\/co\/wp-json\/wp\/v2\/es_types?post=387266"},{"taxonomy":"es_rent_period","embeddable":true,"href":"https:\/\/arriendo.com\/co\/wp-json\/wp\/v2\/es_rent_periods?post=387266"},{"taxonomy":"es_label","embeddable":true,"href":"https:\/\/arriendo.com\/co\/wp-json\/wp\/v2\/es_labels?post=387266"},{"taxonomy":"es_status","embeddable":true,"href":"https:\/\/arriendo.com\/co\/wp-json\/wp\/v2\/es_statuses?post=387266"},{"taxonomy":"es_parking","embeddable":true,"href":"https:\/\/arriendo.com\/co\/wp-json\/wp\/v2\/es_parkings?post=387266"},{"taxonomy":"es_roof","embeddable":true,"href":"https:\/\/arriendo.com\/co\/wp-json\/wp\/v2\/es_roofs?post=387266"},{"taxonomy":"es_exterior_material","embeddable":true,"href":"https:\/\/arriendo.com\/co\/wp-json\/wp\/v2\/es_exterior_materials?post=387266"},{"taxonomy":"es_basement","embeddable":true,"href":"https:\/\/arriendo.com\/co\/wp-json\/wp\/v2\/es_basements?post=387266"},{"taxonomy":"es_floor_covering","embeddable":true,"href":"https:\/\/arriendo.com\/co\/wp-json\/wp\/v2\/es_floor_coverings?post=387266"},{"taxonomy":"es_feature","embeddable":true,"href":"https:\/\/arriendo.com\/co\/wp-json\/wp\/v2\/es_features?post=387266"},{"taxonomy":"es_amenity","embeddable":true,"href":"https:\/\/arriendo.com\/co\/wp-json\/wp\/v2\/es_amenities?post=387266"},{"taxonomy":"es_neighborhood","embeddable":true,"href":"https:\/\/arriendo.com\/co\/wp-json\/wp\/v2\/es_neighborhoods?post=387266"},{"taxonomy":"es_tag","embeddable":true,"href":"https:\/\/arriendo.com\/co\/wp-json\/wp\/v2\/es_tags?post=387266"}],"curies":[{"name":"wp","href":"https:\/\/api.w.org\/{rel}","templated":true}]}}

<p>Arriendo Apartamento en La Estrella – Antioquia<br />
Canon: $1.800.000 mensuales<br />
Vive en un sector tranquilo y con excelente conexión en La Estrella, cerca de rutas de transporte público y con fácil acceso a zonas comerciales. Este apartamento de 58 m² está diseñado para brindarte comodidad, funcionalidad y calidad de vida.<br />
Características principales:<br />
3 habitaciones con excelente iluminación natural<br />
2 baños completos modernos<br />
Sala y comedor independientes<br />
Cocina integral equipada con red de gas<br />
Zona de ropas ventilada<br />
Balcón con vista agradable<br />
 ***</p>
