{"id":387222,"date":"2026-02-23T18:56:51","date_gmt":"2026-02-23T23:56:51","guid":{"rendered":"https:\/\/arriendo.com\/co\/%es_type%\/%address_city%\/%neighborhood%\/sabaneta-vereda-san-jose-apartamento-en-arriendo-en-36bfaa\/"},"modified":"2026-02-23T18:56:51","modified_gmt":"2026-02-23T23:56:51","slug":"AR-387222","status":"publish","type":"properties","link":"https:\/\/arriendo.com\/co\/apartamentos\/sabaneta\/vereda-san-jose\/AR-387222\/","title":{"rendered":"Apartamento en Arriendo en Vereda san jose, Sabaneta"},"content":{"rendered":"<p>Arriendo apartamento en Sabaneta \u2013 Unidad Baluarte, sector exclusivo y residencial<\/p>\n<p>Descubre este espectacular apartamento en arriendo en Sabaneta, ubicado en la reconocida Unidad Baluarte, con amplios espacios, dise\u00f1o moderno y excelente ubicaci\u00f3n cerca de v\u00edas principales, transporte p\u00fablico, colegios y comercio.<\/p>\n<p>\u00c1rea: 82 m\u00b2 \u2013 Estrato 4 \u2013 Piso 6 \u2013 Canon: $4.000.000<br \/>\n3 habitaciones con cl\u00f3set<br \/>\nSala-comedor espaciosa y muy iluminada<br \/>\n3 ba\u00f1os completos cabinados<br \/>\nCocina integral con red de gas y calentador<br \/>\nZona de ropas independiente<br \/>\nBalc\u00f3n con vista<br \/>\nParqueadero doble lineal   cuarto \u00fatil<br \/>\nUnidad residencial con todas las comodidades:<br \/>\nPiscina<br \/>\nSauna y turco<br \/>\nGimnasio totalmente dotado<br \/>\nCancha deportiva<br \/>\nSal\u00f3n social<br \/>\nPorter\u00eda 24 horas y ascensor<\/p>\n<p>Direcci\u00f3n: Carrera 38 #75B Sur \u2013 257, Apto 604, Sabaneta<br \/>\nDisponibilidad inmediata<\/p>\n<p>\u2705 Vive en un apartamento de 3 alcobas en Sabaneta, estrato 4, con parqueadero doble y zonas comunes de lujo. Perfecto para quienes buscan confort, seguridad y calidad de vida en una de las zonas m\u00e1s valorizadas del sur del Valle de Aburr\u00e1.<br \/>\nCont\u00e1ctanos en Inmobiliaria Nuevo H\u00e1bitat y agenda tu visita hoy mismo. ***<\/p>\n","protected":false},"excerpt":{"rendered":"Arriendo apartamento en Sabaneta \u2013 Unidad Baluarte, sector exclusivo y...","protected":false},"author":4102,"featured_media":387225,"template":"","es_locations":[79,473,2772],"es_categories":[124],"es_types":[114],"es_rent_periods":[],"es_labels":[],"es_statuses":[],"es_parkings":[],"es_roofs":[],"es_exterior_materials":[],"es_basements":[],"es_floor_coverings":[],"es_features":[132,2212,2145,2166,2146,2213,2151],"es_amenities":[2186,2217,2153,2189,2155,2218,162],"es_neighborhoods":[],"es_tags":[],"class_list":["post-387222","properties","type-properties","status-publish","has-post-thumbnail","hentry","es_location-antioquia","es_location-sabaneta","es_location-vereda-san-jose","es_category-arriendo","es_type-apartamentos","es_feature-balcon","es_feature-bano-auxiliar","es_feature-calentador","es_feature-closet","es_feature-cocina-integral","es_feature-comedor","es_feature-zona-de-lavanderia","es_amenity-balcon","es_amenity-bano-auxiliar","es_amenity-calentador","es_amenity-closet","es_amenity-cocina-integral","es_amenity-comedor","es_amenity-zona-de-lavanderia","es-post-entity"],"_links":{"self":[{"href":"https:\/\/arriendo.com\/co\/wp-json\/wp\/v2\/properties\/387222","targetHints":{"allow":["GET"]}}],"collection":[{"href":"https:\/\/arriendo.com\/co\/wp-json\/wp\/v2\/properties"}],"about":[{"href":"https:\/\/arriendo.com\/co\/wp-json\/wp\/v2\/types\/properties"}],"author":[{"embeddable":true,"href":"https:\/\/arriendo.com\/co\/wp-json\/wp\/v2\/users\/4102"}],"version-history":[{"count":0,"href":"https:\/\/arriendo.com\/co\/wp-json\/wp\/v2\/properties\/387222\/revisions"}],"wp:featuredmedia":[{"embeddable":true,"href":"https:\/\/arriendo.com\/co\/wp-json\/wp\/v2\/media\/387225"}],"wp:attachment":[{"href":"https:\/\/arriendo.com\/co\/wp-json\/wp\/v2\/media?parent=387222"}],"wp:term":[{"taxonomy":"es_location","embeddable":true,"href":"https:\/\/arriendo.com\/co\/wp-json\/wp\/v2\/es_locations?post=387222"},{"taxonomy":"es_category","embeddable":true,"href":"https:\/\/arriendo.com\/co\/wp-json\/wp\/v2\/es_categories?post=387222"},{"taxonomy":"es_type","embeddable":true,"href":"https:\/\/arriendo.com\/co\/wp-json\/wp\/v2\/es_types?post=387222"},{"taxonomy":"es_rent_period","embeddable":true,"href":"https:\/\/arriendo.com\/co\/wp-json\/wp\/v2\/es_rent_periods?post=387222"},{"taxonomy":"es_label","embeddable":true,"href":"https:\/\/arriendo.com\/co\/wp-json\/wp\/v2\/es_labels?post=387222"},{"taxonomy":"es_status","embeddable":true,"href":"https:\/\/arriendo.com\/co\/wp-json\/wp\/v2\/es_statuses?post=387222"},{"taxonomy":"es_parking","embeddable":true,"href":"https:\/\/arriendo.com\/co\/wp-json\/wp\/v2\/es_parkings?post=387222"},{"taxonomy":"es_roof","embeddable":true,"href":"https:\/\/arriendo.com\/co\/wp-json\/wp\/v2\/es_roofs?post=387222"},{"taxonomy":"es_exterior_material","embeddable":true,"href":"https:\/\/arriendo.com\/co\/wp-json\/wp\/v2\/es_exterior_materials?post=387222"},{"taxonomy":"es_basement","embeddable":true,"href":"https:\/\/arriendo.com\/co\/wp-json\/wp\/v2\/es_basements?post=387222"},{"taxonomy":"es_floor_covering","embeddable":true,"href":"https:\/\/arriendo.com\/co\/wp-json\/wp\/v2\/es_floor_coverings?post=387222"},{"taxonomy":"es_feature","embeddable":true,"href":"https:\/\/arriendo.com\/co\/wp-json\/wp\/v2\/es_features?post=387222"},{"taxonomy":"es_amenity","embeddable":true,"href":"https:\/\/arriendo.com\/co\/wp-json\/wp\/v2\/es_amenities?post=387222"},{"taxonomy":"es_neighborhood","embeddable":true,"href":"https:\/\/arriendo.com\/co\/wp-json\/wp\/v2\/es_neighborhoods?post=387222"},{"taxonomy":"es_tag","embeddable":true,"href":"https:\/\/arriendo.com\/co\/wp-json\/wp\/v2\/es_tags?post=387222"}],"curies":[{"name":"wp","href":"https:\/\/api.w.org\/{rel}","templated":true}]}}

<p>Arriendo apartamento en Sabaneta – Unidad Baluarte, sector exclusivo y residencial</p>
<p>Descubre este espectacular apartamento en arriendo en Sabaneta, ubicado en la reconocida Unidad Baluarte, con amplios espacios, diseño moderno y excelente ubicación cerca de vías principales, transporte público, colegios y comercio.</p>
<p>Área: 82 m² – Estrato 4 – Piso 6 – Canon: $4.000.000<br />
3 habitaciones con clóset<br />
Sala-comedor espaciosa y muy iluminada<br />
3 baños completos cabinados<br />
Cocina integral con red de gas y calentador<br />
Zona de ropas independiente<br />
Balcón con vista<br />
Parqueadero doble lineal   cuarto útil<br />
Unidad residencial con todas las comodidades:<br />
Piscina<br />
Sauna y turco<br />
Gimnasio totalmente dotado<br />
Cancha deportiva<br />
Salón social<br />
Portería 24 horas y ascensor</p>
<p>Dirección: Carrera 38 #75B Sur – 257, Apto 604, Sabaneta<br />
Disponibilidad inmediata</p>
<p>✅ Vive en un apartamento de 3 alcobas en Sabaneta, estrato 4, con parqueadero doble y zonas comunes de lujo. Perfecto para quienes buscan confort, seguridad y calidad de vida en una de las zonas más valorizadas del sur del Valle de Aburrá.<br />
Contáctanos en Inmobiliaria Nuevo Hábitat y agenda tu visita hoy mismo. ***</p>
