{"id":386981,"date":"2026-02-23T18:53:08","date_gmt":"2026-02-23T23:53:08","guid":{"rendered":"https:\/\/arriendo.com\/co\/%es_type%\/%address_city%\/%neighborhood%\/la-estrella-la-aldea-apartamento-en-arriendo-en-486479\/"},"modified":"2026-02-23T18:53:08","modified_gmt":"2026-02-23T23:53:08","slug":"AR-386981","status":"publish","type":"properties","link":"https:\/\/arriendo.com\/co\/apartamentos\/la-estrella\/la-aldea\/AR-386981\/","title":{"rendered":"Apartamento en Arriendo en La Aldea, La estrella"},"content":{"rendered":"<p>Arriendo Apartamento en la Estrella. Se arrienda c\u00f3modo y funcional apartamento en la Estrella, con excelente ubicaci\u00f3n, espacios bien distribuidos y todas las comodidades para tu familia .\u00c1rea 52 m  Estrato 33 alcobas con cl\u00f3set Sala comedor amplia e iluminada Balc\u00f3n con vista2 ba\u00f1os cabinados modernos Cocina integral con red de gas y calentador Zona de ropas Piso en porcelanato Parqueaderos comunes disponibles Canon de arrendamiento $1.800.000, cerca a colegios, supermercados, transporte p\u00fablico y zonas de comercio. Ideal para quienes buscan un espacio acogedor, seguro y con gran valorizaci\u00f3n en el sur del Valle de Aburr\u00e1. ***<\/p>\n","protected":false},"excerpt":{"rendered":"Arriendo Apartamento en la Estrella. Se arrienda c\u00f3modo y funcional...","protected":false},"author":4102,"featured_media":386984,"template":"","es_locations":[79,2973,487],"es_categories":[124],"es_types":[114],"es_rent_periods":[],"es_labels":[],"es_statuses":[],"es_parkings":[],"es_roofs":[],"es_exterior_materials":[],"es_basements":[],"es_floor_coverings":[],"es_features":[2212,2145,2166,2146,2213,2216,2151],"es_amenities":[2217,2153,2189,2155,2218,156,162],"es_neighborhoods":[],"es_tags":[],"class_list":["post-386981","properties","type-properties","status-publish","has-post-thumbnail","hentry","es_location-antioquia","es_location-la-aldea","es_location-la-estrella","es_category-arriendo","es_type-apartamentos","es_feature-bano-auxiliar","es_feature-calentador","es_feature-closet","es_feature-cocina-integral","es_feature-comedor","es_feature-parqueadero-visitantes","es_feature-zona-de-lavanderia","es_amenity-bano-auxiliar","es_amenity-calentador","es_amenity-closet","es_amenity-cocina-integral","es_amenity-comedor","es_amenity-parqueadero-visitantes","es_amenity-zona-de-lavanderia","es-post-entity"],"_links":{"self":[{"href":"https:\/\/arriendo.com\/co\/wp-json\/wp\/v2\/properties\/386981","targetHints":{"allow":["GET"]}}],"collection":[{"href":"https:\/\/arriendo.com\/co\/wp-json\/wp\/v2\/properties"}],"about":[{"href":"https:\/\/arriendo.com\/co\/wp-json\/wp\/v2\/types\/properties"}],"author":[{"embeddable":true,"href":"https:\/\/arriendo.com\/co\/wp-json\/wp\/v2\/users\/4102"}],"version-history":[{"count":0,"href":"https:\/\/arriendo.com\/co\/wp-json\/wp\/v2\/properties\/386981\/revisions"}],"wp:featuredmedia":[{"embeddable":true,"href":"https:\/\/arriendo.com\/co\/wp-json\/wp\/v2\/media\/386984"}],"wp:attachment":[{"href":"https:\/\/arriendo.com\/co\/wp-json\/wp\/v2\/media?parent=386981"}],"wp:term":[{"taxonomy":"es_location","embeddable":true,"href":"https:\/\/arriendo.com\/co\/wp-json\/wp\/v2\/es_locations?post=386981"},{"taxonomy":"es_category","embeddable":true,"href":"https:\/\/arriendo.com\/co\/wp-json\/wp\/v2\/es_categories?post=386981"},{"taxonomy":"es_type","embeddable":true,"href":"https:\/\/arriendo.com\/co\/wp-json\/wp\/v2\/es_types?post=386981"},{"taxonomy":"es_rent_period","embeddable":true,"href":"https:\/\/arriendo.com\/co\/wp-json\/wp\/v2\/es_rent_periods?post=386981"},{"taxonomy":"es_label","embeddable":true,"href":"https:\/\/arriendo.com\/co\/wp-json\/wp\/v2\/es_labels?post=386981"},{"taxonomy":"es_status","embeddable":true,"href":"https:\/\/arriendo.com\/co\/wp-json\/wp\/v2\/es_statuses?post=386981"},{"taxonomy":"es_parking","embeddable":true,"href":"https:\/\/arriendo.com\/co\/wp-json\/wp\/v2\/es_parkings?post=386981"},{"taxonomy":"es_roof","embeddable":true,"href":"https:\/\/arriendo.com\/co\/wp-json\/wp\/v2\/es_roofs?post=386981"},{"taxonomy":"es_exterior_material","embeddable":true,"href":"https:\/\/arriendo.com\/co\/wp-json\/wp\/v2\/es_exterior_materials?post=386981"},{"taxonomy":"es_basement","embeddable":true,"href":"https:\/\/arriendo.com\/co\/wp-json\/wp\/v2\/es_basements?post=386981"},{"taxonomy":"es_floor_covering","embeddable":true,"href":"https:\/\/arriendo.com\/co\/wp-json\/wp\/v2\/es_floor_coverings?post=386981"},{"taxonomy":"es_feature","embeddable":true,"href":"https:\/\/arriendo.com\/co\/wp-json\/wp\/v2\/es_features?post=386981"},{"taxonomy":"es_amenity","embeddable":true,"href":"https:\/\/arriendo.com\/co\/wp-json\/wp\/v2\/es_amenities?post=386981"},{"taxonomy":"es_neighborhood","embeddable":true,"href":"https:\/\/arriendo.com\/co\/wp-json\/wp\/v2\/es_neighborhoods?post=386981"},{"taxonomy":"es_tag","embeddable":true,"href":"https:\/\/arriendo.com\/co\/wp-json\/wp\/v2\/es_tags?post=386981"}],"curies":[{"name":"wp","href":"https:\/\/api.w.org\/{rel}","templated":true}]}}

<p>Arriendo Apartamento en la Estrella. Se arrienda cómodo y funcional apartamento en la Estrella, con excelente ubicación, espacios bien distribuidos y todas las comodidades para tu familia .Área 52 m  Estrato 33 alcobas con clóset Sala comedor amplia e iluminada Balcón con vista2 baños cabinados modernos Cocina integral con red de gas y calentador Zona de ropas Piso en porcelanato Parqueaderos comunes disponibles Canon de arrendamiento $1.800.000, cerca a colegios, supermercados, transporte público y zonas de comercio. Ideal para quienes buscan un espacio acogedor, seguro y con gran valorización en el sur del Valle de Aburrá. ***</p>

Arriendo Apartamento en la Estrella. Se arrienda cómodo y funcional...
