{"id":385967,"date":"2026-02-23T18:37:07","date_gmt":"2026-02-23T23:37:07","guid":{"rendered":"https:\/\/arriendo.com\/co\/%es_type%\/%address_city%\/%neighborhood%\/envigado-el-salado-casa-en-arriendo-en-365d58\/"},"modified":"2026-02-23T18:37:07","modified_gmt":"2026-02-23T23:37:07","slug":"AR-385967","status":"publish","type":"properties","link":"https:\/\/arriendo.com\/co\/casas\/envigado\/el-salado\/AR-385967\/","title":{"rendered":"Casa en Arriendo en El salado, Envigado"},"content":{"rendered":"<p>Hermosa Casa Finca en Arriendo en El Salado, Envigado \u2013 Naturaleza, Tranquilidad y Comodidad<br \/>\nVive rodeado de naturaleza y aire puro en esta hermosa casa finca en arriendo en El Salado, Envigado, ideal para quienes buscan tranquilidad sin alejarse de la ciudad.<br \/>\nCuenta con 300 m\u00b2 construidos y un lote total de 600 m\u00b2, distribuidos en amplios espacios llenos de luz natural.<br \/>\nLa propiedad ofrece una sala comedor espaciosa, 3 habitaciones (una con vestier y dos con cl\u00f3set), 3 ba\u00f1os cabinados, zona de ropas independiente y una moderna cocina integral. Adem\u00e1s, cuenta con parqueadero privado y excelentes v\u00edas de acceso.<br \/>\nUbicada en estrato 2, esta casa finca combina lo mejor de la vida campestre con la comodidad de la ciudad. Perfecta para familias, parejas o quienes desean disfrutar de un ambiente natural y tranquilo.<br \/>\n ***<\/p>\n","protected":false},"excerpt":{"rendered":"Hermosa Casa Finca en Arriendo en El Salado, Envigado \u2013...","protected":false},"author":4102,"featured_media":385970,"template":"","es_locations":[79,3166,511],"es_categories":[124],"es_types":[115],"es_rent_periods":[],"es_labels":[],"es_statuses":[],"es_parkings":[],"es_roofs":[],"es_exterior_materials":[],"es_basements":[],"es_floor_coverings":[],"es_features":[2212,2166,2146,2151],"es_amenities":[2217,2189,2155,162],"es_neighborhoods":[],"es_tags":[],"class_list":["post-385967","properties","type-properties","status-publish","has-post-thumbnail","hentry","es_location-antioquia","es_location-el-salado","es_location-envigado","es_category-arriendo","es_type-casas","es_feature-bano-auxiliar","es_feature-closet","es_feature-cocina-integral","es_feature-zona-de-lavanderia","es_amenity-bano-auxiliar","es_amenity-closet","es_amenity-cocina-integral","es_amenity-zona-de-lavanderia","es-post-entity"],"_links":{"self":[{"href":"https:\/\/arriendo.com\/co\/wp-json\/wp\/v2\/properties\/385967","targetHints":{"allow":["GET"]}}],"collection":[{"href":"https:\/\/arriendo.com\/co\/wp-json\/wp\/v2\/properties"}],"about":[{"href":"https:\/\/arriendo.com\/co\/wp-json\/wp\/v2\/types\/properties"}],"author":[{"embeddable":true,"href":"https:\/\/arriendo.com\/co\/wp-json\/wp\/v2\/users\/4102"}],"version-history":[{"count":0,"href":"https:\/\/arriendo.com\/co\/wp-json\/wp\/v2\/properties\/385967\/revisions"}],"wp:featuredmedia":[{"embeddable":true,"href":"https:\/\/arriendo.com\/co\/wp-json\/wp\/v2\/media\/385970"}],"wp:attachment":[{"href":"https:\/\/arriendo.com\/co\/wp-json\/wp\/v2\/media?parent=385967"}],"wp:term":[{"taxonomy":"es_location","embeddable":true,"href":"https:\/\/arriendo.com\/co\/wp-json\/wp\/v2\/es_locations?post=385967"},{"taxonomy":"es_category","embeddable":true,"href":"https:\/\/arriendo.com\/co\/wp-json\/wp\/v2\/es_categories?post=385967"},{"taxonomy":"es_type","embeddable":true,"href":"https:\/\/arriendo.com\/co\/wp-json\/wp\/v2\/es_types?post=385967"},{"taxonomy":"es_rent_period","embeddable":true,"href":"https:\/\/arriendo.com\/co\/wp-json\/wp\/v2\/es_rent_periods?post=385967"},{"taxonomy":"es_label","embeddable":true,"href":"https:\/\/arriendo.com\/co\/wp-json\/wp\/v2\/es_labels?post=385967"},{"taxonomy":"es_status","embeddable":true,"href":"https:\/\/arriendo.com\/co\/wp-json\/wp\/v2\/es_statuses?post=385967"},{"taxonomy":"es_parking","embeddable":true,"href":"https:\/\/arriendo.com\/co\/wp-json\/wp\/v2\/es_parkings?post=385967"},{"taxonomy":"es_roof","embeddable":true,"href":"https:\/\/arriendo.com\/co\/wp-json\/wp\/v2\/es_roofs?post=385967"},{"taxonomy":"es_exterior_material","embeddable":true,"href":"https:\/\/arriendo.com\/co\/wp-json\/wp\/v2\/es_exterior_materials?post=385967"},{"taxonomy":"es_basement","embeddable":true,"href":"https:\/\/arriendo.com\/co\/wp-json\/wp\/v2\/es_basements?post=385967"},{"taxonomy":"es_floor_covering","embeddable":true,"href":"https:\/\/arriendo.com\/co\/wp-json\/wp\/v2\/es_floor_coverings?post=385967"},{"taxonomy":"es_feature","embeddable":true,"href":"https:\/\/arriendo.com\/co\/wp-json\/wp\/v2\/es_features?post=385967"},{"taxonomy":"es_amenity","embeddable":true,"href":"https:\/\/arriendo.com\/co\/wp-json\/wp\/v2\/es_amenities?post=385967"},{"taxonomy":"es_neighborhood","embeddable":true,"href":"https:\/\/arriendo.com\/co\/wp-json\/wp\/v2\/es_neighborhoods?post=385967"},{"taxonomy":"es_tag","embeddable":true,"href":"https:\/\/arriendo.com\/co\/wp-json\/wp\/v2\/es_tags?post=385967"}],"curies":[{"name":"wp","href":"https:\/\/api.w.org\/{rel}","templated":true}]}}

<p>Hermosa Casa Finca en Arriendo en El Salado, Envigado – Naturaleza, Tranquilidad y Comodidad<br />
Vive rodeado de naturaleza y aire puro en esta hermosa casa finca en arriendo en El Salado, Envigado, ideal para quienes buscan tranquilidad sin alejarse de la ciudad.<br />
Cuenta con 300 m² construidos y un lote total de 600 m², distribuidos en amplios espacios llenos de luz natural.<br />
La propiedad ofrece una sala comedor espaciosa, 3 habitaciones (una con vestier y dos con clóset), 3 baños cabinados, zona de ropas independiente y una moderna cocina integral. Además, cuenta con parqueadero privado y excelentes vías de acceso.<br />
Ubicada en estrato 2, esta casa finca combina lo mejor de la vida campestre con la comodidad de la ciudad. Perfecta para familias, parejas o quienes desean disfrutar de un ambiente natural y tranquilo.<br />
 ***</p>
