{"id":385054,"date":"2026-02-23T18:20:59","date_gmt":"2026-02-23T23:20:59","guid":{"rendered":"https:\/\/arriendo.com\/co\/%es_type%\/%address_city%\/%neighborhood%\/ciudad-mallorquin-apartamento-en-arriendo-b6f6dd\/"},"modified":"2026-02-23T18:20:59","modified_gmt":"2026-02-23T23:20:59","slug":"AR-385054","status":"publish","type":"properties","link":"https:\/\/arriendo.com\/co\/apartamentos\/ciudad-mallorquin\/ciudad-mallorquin\/AR-385054\/","title":{"rendered":"Apartamento en Arriendo"},"content":{"rendered":"<p>SEGEBRE INMOBILIARIA ARRIENDA: Apto en Barranquilla. Si est\u00e1s buscando un apartamento c\u00f3modo, pr\u00e1ctico, fresco, de 60 m2 con sala comedor, zona de labores, cocina integral, 2 habitaciones, 2 ba\u00f1os, 1 estudio, 1 cuarto de servicio, balc\u00f3n y adem\u00e1s necesitas que el conjunto cuente con sal\u00f3n social, cancha m\u00faltiple, guarder\u00eda, sala de juntas, gimnasio, zona de juegos, coworking, piscina, parque infantil, ascensor y zona BBQ, este es el ideal para ti. \u00bfLo sue\u00f1as? contactanos ahora y hacemos que ese sue\u00f1o se haga realidad.<\/p>\n","protected":false},"excerpt":{"rendered":"SEGEBRE INMOBILIARIA ARRIENDA: Apto en Barranquilla. Si est\u00e1s buscando un...","protected":false},"author":7783,"featured_media":385057,"template":"","es_locations":[81,1708],"es_categories":[124],"es_types":[114],"es_rent_periods":[],"es_labels":[],"es_statuses":[],"es_parkings":[],"es_roofs":[],"es_exterior_materials":[],"es_basements":[],"es_floor_coverings":[],"es_features":[131,132,2211,2146,2147,2196,2179,2203,2132,2180,2181,2182,2136,2185,2152],"es_amenities":[152,2186,2210,2155,2156,2197,154,2208,2140,157,159,2143,161,2173,2162],"es_neighborhoods":[],"es_tags":[],"class_list":["post-385054","properties","type-properties","status-publish","has-post-thumbnail","hentry","es_location-atlantico","es_location-ciudad-mallorquin","es_category-arriendo","es_type-apartamentos","es_feature-ascensor","es_feature-balcon","es_feature-canchas-deportivas","es_feature-cocina-integral","es_feature-cocina-tipo-americano","es_feature-en-conjunto-cerrado","es_feature-gimnasio","es_feature-jardines-exteriores","es_feature-parques-cercanos","es_feature-piscina","es_feature-porteria-vigilancia","es_feature-salon-comunal","es_feature-trans-publico-cercano","es_feature-zona-infantil","es_feature-zona-residencial","es_amenity-ascensor-privado","es_amenity-balcon","es_amenity-canchas-deportivas","es_amenity-cocina-integral","es_amenity-cocina-tipo-americano","es_amenity-en-conjunto-cerrado","es_amenity-gimnasio","es_amenity-jardines-exteriores","es_amenity-parques-cercanos","es_amenity-piscina","es_amenity-salon-comunal","es_amenity-trans-publico-cercano","es_amenity-vigilancia-24-7","es_amenity-zona-infantil","es_amenity-zona-residencial","es-post-entity"],"_links":{"self":[{"href":"https:\/\/arriendo.com\/co\/wp-json\/wp\/v2\/properties\/385054","targetHints":{"allow":["GET"]}}],"collection":[{"href":"https:\/\/arriendo.com\/co\/wp-json\/wp\/v2\/properties"}],"about":[{"href":"https:\/\/arriendo.com\/co\/wp-json\/wp\/v2\/types\/properties"}],"author":[{"embeddable":true,"href":"https:\/\/arriendo.com\/co\/wp-json\/wp\/v2\/users\/7783"}],"version-history":[{"count":0,"href":"https:\/\/arriendo.com\/co\/wp-json\/wp\/v2\/properties\/385054\/revisions"}],"wp:featuredmedia":[{"embeddable":true,"href":"https:\/\/arriendo.com\/co\/wp-json\/wp\/v2\/media\/385057"}],"wp:attachment":[{"href":"https:\/\/arriendo.com\/co\/wp-json\/wp\/v2\/media?parent=385054"}],"wp:term":[{"taxonomy":"es_location","embeddable":true,"href":"https:\/\/arriendo.com\/co\/wp-json\/wp\/v2\/es_locations?post=385054"},{"taxonomy":"es_category","embeddable":true,"href":"https:\/\/arriendo.com\/co\/wp-json\/wp\/v2\/es_categories?post=385054"},{"taxonomy":"es_type","embeddable":true,"href":"https:\/\/arriendo.com\/co\/wp-json\/wp\/v2\/es_types?post=385054"},{"taxonomy":"es_rent_period","embeddable":true,"href":"https:\/\/arriendo.com\/co\/wp-json\/wp\/v2\/es_rent_periods?post=385054"},{"taxonomy":"es_label","embeddable":true,"href":"https:\/\/arriendo.com\/co\/wp-json\/wp\/v2\/es_labels?post=385054"},{"taxonomy":"es_status","embeddable":true,"href":"https:\/\/arriendo.com\/co\/wp-json\/wp\/v2\/es_statuses?post=385054"},{"taxonomy":"es_parking","embeddable":true,"href":"https:\/\/arriendo.com\/co\/wp-json\/wp\/v2\/es_parkings?post=385054"},{"taxonomy":"es_roof","embeddable":true,"href":"https:\/\/arriendo.com\/co\/wp-json\/wp\/v2\/es_roofs?post=385054"},{"taxonomy":"es_exterior_material","embeddable":true,"href":"https:\/\/arriendo.com\/co\/wp-json\/wp\/v2\/es_exterior_materials?post=385054"},{"taxonomy":"es_basement","embeddable":true,"href":"https:\/\/arriendo.com\/co\/wp-json\/wp\/v2\/es_basements?post=385054"},{"taxonomy":"es_floor_covering","embeddable":true,"href":"https:\/\/arriendo.com\/co\/wp-json\/wp\/v2\/es_floor_coverings?post=385054"},{"taxonomy":"es_feature","embeddable":true,"href":"https:\/\/arriendo.com\/co\/wp-json\/wp\/v2\/es_features?post=385054"},{"taxonomy":"es_amenity","embeddable":true,"href":"https:\/\/arriendo.com\/co\/wp-json\/wp\/v2\/es_amenities?post=385054"},{"taxonomy":"es_neighborhood","embeddable":true,"href":"https:\/\/arriendo.com\/co\/wp-json\/wp\/v2\/es_neighborhoods?post=385054"},{"taxonomy":"es_tag","embeddable":true,"href":"https:\/\/arriendo.com\/co\/wp-json\/wp\/v2\/es_tags?post=385054"}],"curies":[{"name":"wp","href":"https:\/\/api.w.org\/{rel}","templated":true}]}}

<p>SEGEBRE INMOBILIARIA ARRIENDA: Apto en Barranquilla. Si estás buscando un apartamento cómodo, práctico, fresco, de 60 m2 con sala comedor, zona de labores, cocina integral, 2 habitaciones, 2 baños, 1 estudio, 1 cuarto de servicio, balcón y además necesitas que el conjunto cuente con salón social, cancha múltiple, guardería, sala de juntas, gimnasio, zona de juegos, coworking, piscina, parque infantil, ascensor y zona BBQ, este es el ideal para ti. ¿Lo sueñas? contactanos ahora y hacemos que ese sueño se haga realidad.</p>

SEGEBRE INMOBILIARIA ARRIENDA: Apto en Barranquilla. Si estás buscando un...
