{"id":37886,"date":"2025-01-28T13:23:03","date_gmt":"2025-01-28T18:23:03","guid":{"rendered":"https:\/\/arriendo.com\/co\/%es_type%\/\/%neighborhood%\/vqw1Wu5H0\/"},"modified":"2025-06-16T15:24:28","modified_gmt":"2025-06-16T20:24:28","slug":"ar-37886","status":"publish","type":"properties","link":"https:\/\/arriendo.com\/co\/oficinas\/barranquilla\/el-prado\/ar-37886\/","title":{"rendered":"Arriendo de oficina amoblada en El Prado Barranquilla"},"content":{"rendered":"<p data-start=\"323\" data-end=\"660\">\u00bfBuscas una soluci\u00f3n lista para operar en una ubicaci\u00f3n privilegiada? Este <strong data-start=\"398\" data-end=\"456\">arriendo de oficina amoblada en El Prado, Barranquilla<\/strong> representa una soluci\u00f3n funcional y lista para operar. Ideal para empresas que buscan establecer su operaci\u00f3n en una zona central, con excelente conectividad y en un entorno empresarial consolidado valorando el confort, la eficiencia y la imagen profesional.<\/p>\n<p data-start=\"662\" data-end=\"1010\">Incluye <strong data-start=\"697\" data-end=\"727\">aire acondicionado central<\/strong>, <strong data-start=\"729\" data-end=\"742\">recepci\u00f3n<\/strong>, <strong data-start=\"744\" data-end=\"767\">5 oficinas privadas<\/strong> (una con mini-split), <strong data-start=\"790\" data-end=\"818\">20 estaciones de trabajo<\/strong> distribuidas en un espacio colaborativo con vista a la ciudad, incluye una <strong data-start=\"1080\" data-end=\"1124\">zona de cocina equipada<\/strong>, ideal para el descanso del equipo y preparaci\u00f3n de diferentes bebidas, dispone de <strong data-start=\"944\" data-end=\"993\">2 ba\u00f1os diferenciados para damas y caballeros<\/strong>, y espacios designados para mejora de aires o instalaci\u00f3n de rack de red, lo que permite una mayor personalizaci\u00f3n tecnol\u00f3gica seg\u00fan las necesidades del arrendatario.<\/p>\n<p data-start=\"1162\" data-end=\"1537\">El arriendo incluye <strong data-start=\"1182\" data-end=\"1218\">IVA, administraci\u00f3n y mobiliario<\/strong>, lo que representa un gran beneficio econ\u00f3mico y operativo para cualquier empresa que busque optimizar tiempos y costos de instalaci\u00f3n. El inmueble cuenta con <strong data-start=\"1378\" data-end=\"1403\">1 parqueadero privado<\/strong>, y por su ubicaci\u00f3n en El Prado, tiene acceso inmediato a transporte p\u00fablico, bancos, restaurantes, notar\u00edas y otros servicios clave.<\/p>\n<p data-start=\"1594\" data-end=\"1730\">No pierdas esta oportunidad. <strong data-start=\"1626\" data-end=\"1650\">Solicita tu cita hoy<\/strong> y establece tu negocio en una de las zonas m\u00e1s representativas y emblem\u00e1ticas de toda Barranquilla.<\/p>\n","protected":false},"excerpt":{"rendered":"\u00bfBuscas una soluci\u00f3n lista para operar en una ubicaci\u00f3n privilegiada?...","protected":false},"author":1972,"featured_media":37865,"template":"","es_locations":[81,281,418,1055,334],"es_categories":[124],"es_types":[116],"es_rent_periods":[],"es_labels":[],"es_statuses":[126],"es_parkings":[],"es_roofs":[],"es_exterior_materials":[],"es_basements":[],"es_floor_coverings":[],"es_features":[149,136],"es_amenities":[],"es_neighborhoods":[],"es_tags":[],"class_list":["post-37886","properties","type-properties","status-publish","has-post-thumbnail","hentry","es_location-atlantico","es_location-barranquilla","es_location-colombia","es_location-el-prado","es_location-norte-centro-historico","es_category-arriendo","es_type-oficinas","es_status-usado","es_feature-aire-acondicionado","es_feature-estudio","es-post-entity"],"_links":{"self":[{"href":"https:\/\/arriendo.com\/co\/wp-json\/wp\/v2\/properties\/37886","targetHints":{"allow":["GET"]}}],"collection":[{"href":"https:\/\/arriendo.com\/co\/wp-json\/wp\/v2\/properties"}],"about":[{"href":"https:\/\/arriendo.com\/co\/wp-json\/wp\/v2\/types\/properties"}],"author":[{"embeddable":true,"href":"https:\/\/arriendo.com\/co\/wp-json\/wp\/v2\/users\/1972"}],"version-history":[{"count":0,"href":"https:\/\/arriendo.com\/co\/wp-json\/wp\/v2\/properties\/37886\/revisions"}],"wp:featuredmedia":[{"embeddable":true,"href":"https:\/\/arriendo.com\/co\/wp-json\/wp\/v2\/media\/37865"}],"wp:attachment":[{"href":"https:\/\/arriendo.com\/co\/wp-json\/wp\/v2\/media?parent=37886"}],"wp:term":[{"taxonomy":"es_location","embeddable":true,"href":"https:\/\/arriendo.com\/co\/wp-json\/wp\/v2\/es_locations?post=37886"},{"taxonomy":"es_category","embeddable":true,"href":"https:\/\/arriendo.com\/co\/wp-json\/wp\/v2\/es_categories?post=37886"},{"taxonomy":"es_type","embeddable":true,"href":"https:\/\/arriendo.com\/co\/wp-json\/wp\/v2\/es_types?post=37886"},{"taxonomy":"es_rent_period","embeddable":true,"href":"https:\/\/arriendo.com\/co\/wp-json\/wp\/v2\/es_rent_periods?post=37886"},{"taxonomy":"es_label","embeddable":true,"href":"https:\/\/arriendo.com\/co\/wp-json\/wp\/v2\/es_labels?post=37886"},{"taxonomy":"es_status","embeddable":true,"href":"https:\/\/arriendo.com\/co\/wp-json\/wp\/v2\/es_statuses?post=37886"},{"taxonomy":"es_parking","embeddable":true,"href":"https:\/\/arriendo.com\/co\/wp-json\/wp\/v2\/es_parkings?post=37886"},{"taxonomy":"es_roof","embeddable":true,"href":"https:\/\/arriendo.com\/co\/wp-json\/wp\/v2\/es_roofs?post=37886"},{"taxonomy":"es_exterior_material","embeddable":true,"href":"https:\/\/arriendo.com\/co\/wp-json\/wp\/v2\/es_exterior_materials?post=37886"},{"taxonomy":"es_basement","embeddable":true,"href":"https:\/\/arriendo.com\/co\/wp-json\/wp\/v2\/es_basements?post=37886"},{"taxonomy":"es_floor_covering","embeddable":true,"href":"https:\/\/arriendo.com\/co\/wp-json\/wp\/v2\/es_floor_coverings?post=37886"},{"taxonomy":"es_feature","embeddable":true,"href":"https:\/\/arriendo.com\/co\/wp-json\/wp\/v2\/es_features?post=37886"},{"taxonomy":"es_amenity","embeddable":true,"href":"https:\/\/arriendo.com\/co\/wp-json\/wp\/v2\/es_amenities?post=37886"},{"taxonomy":"es_neighborhood","embeddable":true,"href":"https:\/\/arriendo.com\/co\/wp-json\/wp\/v2\/es_neighborhoods?post=37886"},{"taxonomy":"es_tag","embeddable":true,"href":"https:\/\/arriendo.com\/co\/wp-json\/wp\/v2\/es_tags?post=37886"}],"curies":[{"name":"wp","href":"https:\/\/api.w.org\/{rel}","templated":true}]}}

<p data-start="323" data-end="660">¿Buscas una solución lista para operar en una ubicación privilegiada? Este <strong data-start="398" data-end="456">arriendo de oficina amoblada en El Prado, Barranquilla</strong> representa una solución funcional y lista para operar. Ideal para empresas que buscan establecer su operación en una zona central, con excelente conectividad y en un entorno empresarial consolidado valorando el confort, la eficiencia y la imagen profesional.</p>
<p data-start="662" data-end="1010">Incluye <strong data-start="697" data-end="727">aire acondicionado central</strong>, <strong data-start="729" data-end="742">recepción</strong>, <strong data-start="744" data-end="767">5 oficinas privadas</strong> (una con mini-split), <strong data-start="790" data-end="818">20 estaciones de trabajo</strong> distribuidas en un espacio colaborativo con vista a la ciudad, incluye una <strong data-start="1080" data-end="1124">zona de cocina equipada</strong>, ideal para el descanso del equipo y preparación de diferentes bebidas, dispone de <strong data-start="944" data-end="993">2 baños diferenciados para damas y caballeros</strong>, y espacios designados para mejora de aires o instalación de rack de red, lo que permite una mayor personalización tecnológica según las necesidades del arrendatario.</p>
<p data-start="1162" data-end="1537">El arriendo incluye <strong data-start="1182" data-end="1218">IVA, administración y mobiliario</strong>, lo que representa un gran beneficio económico y operativo para cualquier empresa que busque optimizar tiempos y costos de instalación. El inmueble cuenta con <strong data-start="1378" data-end="1403">1 parqueadero privado</strong>, y por su ubicación en El Prado, tiene acceso inmediato a transporte público, bancos, restaurantes, notarías y otros servicios clave.</p>
<p data-start="1594" data-end="1730">No pierdas esta oportunidad. <strong data-start="1626" data-end="1650">Solicita tu cita hoy</strong> y establece tu negocio en una de las zonas más representativas y emblemáticas de toda Barranquilla.</p>

¿Buscas una solución lista para operar en una ubicación privilegiada?...
