{"id":37733,"date":"2025-01-27T13:10:49","date_gmt":"2025-01-27T18:10:49","guid":{"rendered":"https:\/\/arriendo.com\/co\/%es_type%\/\/%neighborhood%\/vqw1Wu5H0\/"},"modified":"2025-03-19T11:53:18","modified_gmt":"2025-03-19T16:53:18","slug":"ar-37733","status":"publish","type":"properties","link":"https:\/\/arriendo.com\/co\/apartamentos\/bogota\/el-vergel\/ar-37733\/","title":{"rendered":"Apartamento en arriendo en El Vergel Bogot\u00e1"},"content":{"rendered":"<h3><\/h3>\n<h3><strong>Apartamento en Arriendo en El Vergel, Bogot\u00e1<\/strong> \ud83c\udfe1\u2728<\/h3>\n<p>&nbsp;<\/p>\n<p>\u00bfBuscas comodidad, ubicaci\u00f3n estrat\u00e9gica y \u00e1reas sociales incre\u00edbles? Este apartamento es ideal para quienes desean vivir en un lugar moderno, acogedor y con excelente conectividad en Bogot\u00e1. Es la opci\u00f3n perfecta para quienes buscan un espacio c\u00f3modo, elegante y rodeado de facilidades para disfrutar en familia. \ud83d\udc95<\/p>\n<p>&nbsp;<\/p>\n<h4><strong>Descripci\u00f3n general del apartamento:<\/strong><\/h4>\n<p>&nbsp;<\/p>\n<ul>\n<li><strong>\u00c1rea:<\/strong> 46 m\u00b2, ubicado en un quinto piso con ascensor.<\/li>\n<li><strong>Habitaciones:<\/strong> 3 espacios vers\u00e1tiles, dos con closet y uno ideal para estudio o habitaci\u00f3n infantil.<\/li>\n<li><strong>Ba\u00f1os:<\/strong> 2 completamente enchapados, uno privado en la habitaci\u00f3n principal y un ba\u00f1o social.<\/li>\n<li><strong>Sala-comedor:<\/strong> Espaciosa y con pisos en madera laminada que aportan elegancia.<\/li>\n<li><strong>Cocina semi-integral abierta<\/strong> con zona de lavander\u00eda.<\/li>\n<li><strong>Parqueadero privado<\/strong> incluido.<\/li>\n<\/ul>\n<p>&nbsp;<\/p>\n<h4><strong>Amenidades del conjunto residencial:<\/strong><\/h4>\n<p>&nbsp;<\/p>\n<p>Vive rodeado de confort y entretenimiento con estas \u00e1reas comunes:<\/p>\n<p>&nbsp;<\/p>\n<ul>\n<li><strong>Piscina<\/strong> \ud83c\udfca\u200d\u2642\ufe0f<\/li>\n<li><strong>Sauna, turco y jacuzzi<\/strong> \ud83d\udc86\u200d\u2640\ufe0f<\/li>\n<li><strong>Gimnasio y sal\u00f3n de yoga<\/strong> \ud83e\uddd8<\/li>\n<li><strong>Zona de BBQ<\/strong> \ud83c\udf56<\/li>\n<li><strong>Sal\u00f3n comunal y de juegos.<\/strong><\/li>\n<\/ul>\n<p>&nbsp;<\/p>\n<h4><strong>Ubicaci\u00f3n privilegiada:<\/strong><\/h4>\n<p>&nbsp;<\/p>\n<ul>\n<li>Situado sobre la Avenida 13 con Boyac\u00e1, con excelente acceso a transporte p\u00fablico. \ud83d\ude8d<\/li>\n<li>Muy cerca de centros comerciales Multiplaza y Ed\u00e9n, que ofrecen opciones de comercio, entretenimiento y servicios.<\/li>\n<li>Acceso a principales v\u00edas que conectan con toda la ciudad.<\/li>\n<\/ul>\n<p>&nbsp;<\/p>\n<p>&nbsp;<\/p>\n","protected":false},"excerpt":{"rendered":"Apartamento en Arriendo en El Vergel, Bogot\u00e1 \ud83c\udfe1\u2728 &nbsp; \u00bfBuscas...","protected":false},"author":1689,"featured_media":37746,"template":"","es_locations":[110,418,350,218],"es_categories":[124],"es_types":[114],"es_rent_periods":[],"es_labels":[51],"es_statuses":[126],"es_parkings":[],"es_roofs":[],"es_exterior_materials":[],"es_basements":[],"es_floor_coverings":[],"es_features":[],"es_amenities":[],"es_neighborhoods":[],"es_tags":[],"class_list":["post-37733","properties","type-properties","status-publish","has-post-thumbnail","hentry","es_location-bogota","es_location-colombia","es_location-el-vergel","es_location-fontibon","es_category-arriendo","es_type-apartamentos","es_label-featured","es_status-usado","es-post-entity"],"_links":{"self":[{"href":"https:\/\/arriendo.com\/co\/wp-json\/wp\/v2\/properties\/37733","targetHints":{"allow":["GET"]}}],"collection":[{"href":"https:\/\/arriendo.com\/co\/wp-json\/wp\/v2\/properties"}],"about":[{"href":"https:\/\/arriendo.com\/co\/wp-json\/wp\/v2\/types\/properties"}],"author":[{"embeddable":true,"href":"https:\/\/arriendo.com\/co\/wp-json\/wp\/v2\/users\/1689"}],"version-history":[{"count":0,"href":"https:\/\/arriendo.com\/co\/wp-json\/wp\/v2\/properties\/37733\/revisions"}],"wp:featuredmedia":[{"embeddable":true,"href":"https:\/\/arriendo.com\/co\/wp-json\/wp\/v2\/media\/37746"}],"wp:attachment":[{"href":"https:\/\/arriendo.com\/co\/wp-json\/wp\/v2\/media?parent=37733"}],"wp:term":[{"taxonomy":"es_location","embeddable":true,"href":"https:\/\/arriendo.com\/co\/wp-json\/wp\/v2\/es_locations?post=37733"},{"taxonomy":"es_category","embeddable":true,"href":"https:\/\/arriendo.com\/co\/wp-json\/wp\/v2\/es_categories?post=37733"},{"taxonomy":"es_type","embeddable":true,"href":"https:\/\/arriendo.com\/co\/wp-json\/wp\/v2\/es_types?post=37733"},{"taxonomy":"es_rent_period","embeddable":true,"href":"https:\/\/arriendo.com\/co\/wp-json\/wp\/v2\/es_rent_periods?post=37733"},{"taxonomy":"es_label","embeddable":true,"href":"https:\/\/arriendo.com\/co\/wp-json\/wp\/v2\/es_labels?post=37733"},{"taxonomy":"es_status","embeddable":true,"href":"https:\/\/arriendo.com\/co\/wp-json\/wp\/v2\/es_statuses?post=37733"},{"taxonomy":"es_parking","embeddable":true,"href":"https:\/\/arriendo.com\/co\/wp-json\/wp\/v2\/es_parkings?post=37733"},{"taxonomy":"es_roof","embeddable":true,"href":"https:\/\/arriendo.com\/co\/wp-json\/wp\/v2\/es_roofs?post=37733"},{"taxonomy":"es_exterior_material","embeddable":true,"href":"https:\/\/arriendo.com\/co\/wp-json\/wp\/v2\/es_exterior_materials?post=37733"},{"taxonomy":"es_basement","embeddable":true,"href":"https:\/\/arriendo.com\/co\/wp-json\/wp\/v2\/es_basements?post=37733"},{"taxonomy":"es_floor_covering","embeddable":true,"href":"https:\/\/arriendo.com\/co\/wp-json\/wp\/v2\/es_floor_coverings?post=37733"},{"taxonomy":"es_feature","embeddable":true,"href":"https:\/\/arriendo.com\/co\/wp-json\/wp\/v2\/es_features?post=37733"},{"taxonomy":"es_amenity","embeddable":true,"href":"https:\/\/arriendo.com\/co\/wp-json\/wp\/v2\/es_amenities?post=37733"},{"taxonomy":"es_neighborhood","embeddable":true,"href":"https:\/\/arriendo.com\/co\/wp-json\/wp\/v2\/es_neighborhoods?post=37733"},{"taxonomy":"es_tag","embeddable":true,"href":"https:\/\/arriendo.com\/co\/wp-json\/wp\/v2\/es_tags?post=37733"}],"curies":[{"name":"wp","href":"https:\/\/api.w.org\/{rel}","templated":true}]}}

Apartamento en arriendo en El Vergel Bogotá

<h3></h3>
<h3><strong>Apartamento en Arriendo en El Vergel, Bogotá</strong> 🏡✨</h3>
<p>&nbsp;</p>
<p>¿Buscas comodidad, ubicación estratégica y áreas sociales increíbles? Este apartamento es ideal para quienes desean vivir en un lugar moderno, acogedor y con excelente conectividad en Bogotá. Es la opción perfecta para quienes buscan un espacio cómodo, elegante y rodeado de facilidades para disfrutar en familia. 💕</p>
<p>&nbsp;</p>
<h4><strong>Descripción general del apartamento:</strong></h4>
<p>&nbsp;</p>
<ul>
<li><strong>Área:</strong> 46 m², ubicado en un quinto piso con ascensor.</li>
<li><strong>Habitaciones:</strong> 3 espacios versátiles, dos con closet y uno ideal para estudio o habitación infantil.</li>
<li><strong>Baños:</strong> 2 completamente enchapados, uno privado en la habitación principal y un baño social.</li>
<li><strong>Sala-comedor:</strong> Espaciosa y con pisos en madera laminada que aportan elegancia.</li>
<li><strong>Cocina semi-integral abierta</strong> con zona de lavandería.</li>
<li><strong>Parqueadero privado</strong> incluido.</li>
</ul>
<p>&nbsp;</p>
<h4><strong>Amenidades del conjunto residencial:</strong></h4>
<p>&nbsp;</p>
<p>Vive rodeado de confort y entretenimiento con estas áreas comunes:</p>
<p>&nbsp;</p>
<ul>
<li><strong>Piscina</strong> 🏊‍♂️</li>
<li><strong>Sauna, turco y jacuzzi</strong> 💆‍♀️</li>
<li><strong>Gimnasio y salón de yoga</strong> 🧘</li>
<li><strong>Zona de BBQ</strong> 🍖</li>
<li><strong>Salón comunal y de juegos.</strong></li>
</ul>
<p>&nbsp;</p>
<h4><strong>Ubicación privilegiada:</strong></h4>
<p>&nbsp;</p>
<ul>
<li>Situado sobre la Avenida 13 con Boyacá, con excelente acceso a transporte público. 🚍</li>
<li>Muy cerca de centros comerciales Multiplaza y Edén, que ofrecen opciones de comercio, entretenimiento y servicios.</li>
<li>Acceso a principales vías que conectan con toda la ciudad.</li>
</ul>
<p>&nbsp;</p>
<p>&nbsp;</p>

Apartamento en Arriendo en El Vergel, Bogotá 🏡✨ &nbsp; ¿Buscas...
