{"id":371398,"date":"2026-02-23T11:54:35","date_gmt":"2026-02-23T16:54:35","guid":{"rendered":"https:\/\/arriendo.com\/co\/%es_type%\/%address_city%\/%neighborhood%\/envigado-via-las-palmas-casa-en-arriendo-en-b0b58f\/"},"modified":"2026-02-23T11:54:35","modified_gmt":"2026-02-23T16:54:35","slug":"AR-371398","status":"publish","type":"properties","link":"https:\/\/arriendo.com\/co\/casas\/envigado\/via-las-palmas\/AR-371398\/","title":{"rendered":"Casa en Arriendo en V\u00eda Las Palmas, Envigado"},"content":{"rendered":"<p>ESPECTACULAR CASA CAMPESTRE  INDEPENDIENTE CON ESPECIAL CONTACTO CON LA NATURALEZA Y EXCELENTE UBICACION EN EL ALTO DE LAS PALMAS. &#8211; Puntos de referencia: a 4 minutos de la v\u00eda las Palmas, a  5 minutos del mall indiana, a 14minutos del centro comercial City Plaza, cerca de: transporte publico integrado, banco, restaurante, supermercado, estaci\u00f3n de gasolina, colegio, universidad. La casa, cuenta con 4 habitaciones  cada una con su ba\u00f1o y  Vestier, una espectacular vista campestre, sal\u00f3n comedor con amplios espacios acompa\u00f1ado de una majestuosa vista, cocina abierta tipo americano, altura doble. la casa tiene un hermoso y amplio jard\u00edn en su alrededor acompa\u00f1ado de una vista panor\u00e1mica natural espectacular.<\/p>\n","protected":false},"excerpt":{"rendered":"ESPECTACULAR CASA CAMPESTRE INDEPENDIENTE CON ESPECIAL CONTACTO CON LA NATURALEZA...","protected":false},"author":4102,"featured_media":371401,"template":"","es_locations":[79,511,1924],"es_categories":[124],"es_types":[115],"es_rent_periods":[],"es_labels":[],"es_statuses":[],"es_parkings":[],"es_roofs":[],"es_exterior_materials":[],"es_basements":[],"es_floor_coverings":[],"es_features":[132,2293,2274,2147,2136,144,2152],"es_amenities":[2186,2295,2278,2156,2143,2289,2162],"es_neighborhoods":[],"es_tags":[],"class_list":["post-371398","properties","type-properties","status-publish","has-post-thumbnail","hentry","es_location-antioquia","es_location-envigado","es_location-via-las-palmas","es_category-arriendo","es_type-casas","es_feature-balcon","es_feature-cerca-centro-comercial","es_feature-cocina-equipada","es_feature-cocina-tipo-americano","es_feature-trans-publico-cercano","es_feature-vista-panoramica","es_feature-zona-residencial","es_amenity-balcon","es_amenity-cerca-centro-comercial","es_amenity-cocina-equipada","es_amenity-cocina-tipo-americano","es_amenity-trans-publico-cercano","es_amenity-vista-panoramica","es_amenity-zona-residencial","es-post-entity"],"_links":{"self":[{"href":"https:\/\/arriendo.com\/co\/wp-json\/wp\/v2\/properties\/371398","targetHints":{"allow":["GET"]}}],"collection":[{"href":"https:\/\/arriendo.com\/co\/wp-json\/wp\/v2\/properties"}],"about":[{"href":"https:\/\/arriendo.com\/co\/wp-json\/wp\/v2\/types\/properties"}],"author":[{"embeddable":true,"href":"https:\/\/arriendo.com\/co\/wp-json\/wp\/v2\/users\/4102"}],"version-history":[{"count":0,"href":"https:\/\/arriendo.com\/co\/wp-json\/wp\/v2\/properties\/371398\/revisions"}],"wp:featuredmedia":[{"embeddable":true,"href":"https:\/\/arriendo.com\/co\/wp-json\/wp\/v2\/media\/371401"}],"wp:attachment":[{"href":"https:\/\/arriendo.com\/co\/wp-json\/wp\/v2\/media?parent=371398"}],"wp:term":[{"taxonomy":"es_location","embeddable":true,"href":"https:\/\/arriendo.com\/co\/wp-json\/wp\/v2\/es_locations?post=371398"},{"taxonomy":"es_category","embeddable":true,"href":"https:\/\/arriendo.com\/co\/wp-json\/wp\/v2\/es_categories?post=371398"},{"taxonomy":"es_type","embeddable":true,"href":"https:\/\/arriendo.com\/co\/wp-json\/wp\/v2\/es_types?post=371398"},{"taxonomy":"es_rent_period","embeddable":true,"href":"https:\/\/arriendo.com\/co\/wp-json\/wp\/v2\/es_rent_periods?post=371398"},{"taxonomy":"es_label","embeddable":true,"href":"https:\/\/arriendo.com\/co\/wp-json\/wp\/v2\/es_labels?post=371398"},{"taxonomy":"es_status","embeddable":true,"href":"https:\/\/arriendo.com\/co\/wp-json\/wp\/v2\/es_statuses?post=371398"},{"taxonomy":"es_parking","embeddable":true,"href":"https:\/\/arriendo.com\/co\/wp-json\/wp\/v2\/es_parkings?post=371398"},{"taxonomy":"es_roof","embeddable":true,"href":"https:\/\/arriendo.com\/co\/wp-json\/wp\/v2\/es_roofs?post=371398"},{"taxonomy":"es_exterior_material","embeddable":true,"href":"https:\/\/arriendo.com\/co\/wp-json\/wp\/v2\/es_exterior_materials?post=371398"},{"taxonomy":"es_basement","embeddable":true,"href":"https:\/\/arriendo.com\/co\/wp-json\/wp\/v2\/es_basements?post=371398"},{"taxonomy":"es_floor_covering","embeddable":true,"href":"https:\/\/arriendo.com\/co\/wp-json\/wp\/v2\/es_floor_coverings?post=371398"},{"taxonomy":"es_feature","embeddable":true,"href":"https:\/\/arriendo.com\/co\/wp-json\/wp\/v2\/es_features?post=371398"},{"taxonomy":"es_amenity","embeddable":true,"href":"https:\/\/arriendo.com\/co\/wp-json\/wp\/v2\/es_amenities?post=371398"},{"taxonomy":"es_neighborhood","embeddable":true,"href":"https:\/\/arriendo.com\/co\/wp-json\/wp\/v2\/es_neighborhoods?post=371398"},{"taxonomy":"es_tag","embeddable":true,"href":"https:\/\/arriendo.com\/co\/wp-json\/wp\/v2\/es_tags?post=371398"}],"curies":[{"name":"wp","href":"https:\/\/api.w.org\/{rel}","templated":true}]}}

Casa en Arriendo en Vía Las Palmas, Envigado

<p>ESPECTACULAR CASA CAMPESTRE  INDEPENDIENTE CON ESPECIAL CONTACTO CON LA NATURALEZA Y EXCELENTE UBICACION EN EL ALTO DE LAS PALMAS. &#8211; Puntos de referencia: a 4 minutos de la vía las Palmas, a  5 minutos del mall indiana, a 14minutos del centro comercial City Plaza, cerca de: transporte publico integrado, banco, restaurante, supermercado, estación de gasolina, colegio, universidad. La casa, cuenta con 4 habitaciones  cada una con su baño y  Vestier, una espectacular vista campestre, salón comedor con amplios espacios acompañado de una majestuosa vista, cocina abierta tipo americano, altura doble. la casa tiene un hermoso y amplio jardín en su alrededor acompañado de una vista panorámica natural espectacular.</p>
