{"id":370715,"date":"2026-02-23T11:35:30","date_gmt":"2026-02-23T16:35:30","guid":{"rendered":"https:\/\/arriendo.com\/co\/%es_type%\/%address_city%\/%neighborhood%\/sabaneta-santa-ana-oficina-en-arriendo-en-2a8db3\/"},"modified":"2026-02-23T11:35:30","modified_gmt":"2026-02-23T16:35:30","slug":"AR-370715","status":"publish","type":"properties","link":"https:\/\/arriendo.com\/co\/oficinas\/sabaneta\/santa-ana\/AR-370715\/","title":{"rendered":"Oficina en Arriendo en Santa ana, Sabaneta"},"content":{"rendered":"<p>Oficina de 127 metros cuadrados ofrece un espacio amplio y funcional ideal para empresas que buscan comodidad y conectividad. Cuenta con dos ba\u00f1os, aire acondicionado, vigilancia 24\/7 y ascensor, garantizando un ambiente seguro y confortable para el desarrollo de actividades laborales. La vista panor\u00e1mica proporciona una atm\u00f3sfera agradable, perfecta para entornos corporativos.<\/p>\n<p>Ubicada estrat\u00e9gicamente cerca de la estaci\u00f3n del metro y principales avenidas, esta oficina facilita el acceso tanto para empleados como para visitantes. Adem\u00e1s, en sus alrededores se encuentran cajeros autom\u00e1ticos y parqueaderos comunes, lo que complementa su practicidad y conveniencia en el d\u00eda a d\u00eda.Recuerda que te ayudamos en todo el procso de vivienda<\/p>\n","protected":false},"excerpt":{"rendered":"Oficina de 127 metros cuadrados ofrece un espacio amplio y...","protected":false},"author":4102,"featured_media":370718,"template":"","es_locations":[79,473,455],"es_categories":[124],"es_types":[116],"es_rent_periods":[],"es_labels":[],"es_statuses":[],"es_parkings":[],"es_roofs":[],"es_exterior_materials":[],"es_basements":[],"es_floor_coverings":[],"es_features":[2292,149,131,2212,2233,2149,2370,2216,2133,2181,2135,143,144,2137,2300],"es_amenities":[2294,2329,152,2217,2248,2159,2371,156,158,2142,2290,161,2289,2144,2301],"es_neighborhoods":[],"es_tags":[],"class_list":["post-370715","properties","type-properties","status-publish","has-post-thumbnail","hentry","es_location-antioquia","es_location-sabaneta","es_location-santa-ana","es_category-arriendo","es_type-oficinas","es_feature-acceso-pavimentado","es_feature-aire-acondicionado","es_feature-ascensor","es_feature-bano-auxiliar","es_feature-cerca-de-zona-urbana","es_feature-garajes","es_feature-oficina-de-negocios","es_feature-parqueadero-visitantes","es_feature-porteria-recepcion","es_feature-porteria-vigilancia","es_feature-sobre-via-principal","es_feature-terraza","es_feature-vista-panoramica","es_feature-zona-comercial","es_feature-zona-industrial","es_amenity-acceso-pavimentado","es_amenity-aire-acondicionado","es_amenity-ascensor-privado","es_amenity-bano-auxiliar","es_amenity-cerca-de-zona-urbana","es_amenity-garajes","es_amenity-oficina-de-negocios","es_amenity-parqueadero-visitantes","es_amenity-porteria-recepcion","es_amenity-sobre-via-principal","es_amenity-terraza","es_amenity-vigilancia-24-7","es_amenity-vista-panoramica","es_amenity-zona-comercial","es_amenity-zona-industrial","es-post-entity"],"_links":{"self":[{"href":"https:\/\/arriendo.com\/co\/wp-json\/wp\/v2\/properties\/370715","targetHints":{"allow":["GET"]}}],"collection":[{"href":"https:\/\/arriendo.com\/co\/wp-json\/wp\/v2\/properties"}],"about":[{"href":"https:\/\/arriendo.com\/co\/wp-json\/wp\/v2\/types\/properties"}],"author":[{"embeddable":true,"href":"https:\/\/arriendo.com\/co\/wp-json\/wp\/v2\/users\/4102"}],"version-history":[{"count":0,"href":"https:\/\/arriendo.com\/co\/wp-json\/wp\/v2\/properties\/370715\/revisions"}],"wp:featuredmedia":[{"embeddable":true,"href":"https:\/\/arriendo.com\/co\/wp-json\/wp\/v2\/media\/370718"}],"wp:attachment":[{"href":"https:\/\/arriendo.com\/co\/wp-json\/wp\/v2\/media?parent=370715"}],"wp:term":[{"taxonomy":"es_location","embeddable":true,"href":"https:\/\/arriendo.com\/co\/wp-json\/wp\/v2\/es_locations?post=370715"},{"taxonomy":"es_category","embeddable":true,"href":"https:\/\/arriendo.com\/co\/wp-json\/wp\/v2\/es_categories?post=370715"},{"taxonomy":"es_type","embeddable":true,"href":"https:\/\/arriendo.com\/co\/wp-json\/wp\/v2\/es_types?post=370715"},{"taxonomy":"es_rent_period","embeddable":true,"href":"https:\/\/arriendo.com\/co\/wp-json\/wp\/v2\/es_rent_periods?post=370715"},{"taxonomy":"es_label","embeddable":true,"href":"https:\/\/arriendo.com\/co\/wp-json\/wp\/v2\/es_labels?post=370715"},{"taxonomy":"es_status","embeddable":true,"href":"https:\/\/arriendo.com\/co\/wp-json\/wp\/v2\/es_statuses?post=370715"},{"taxonomy":"es_parking","embeddable":true,"href":"https:\/\/arriendo.com\/co\/wp-json\/wp\/v2\/es_parkings?post=370715"},{"taxonomy":"es_roof","embeddable":true,"href":"https:\/\/arriendo.com\/co\/wp-json\/wp\/v2\/es_roofs?post=370715"},{"taxonomy":"es_exterior_material","embeddable":true,"href":"https:\/\/arriendo.com\/co\/wp-json\/wp\/v2\/es_exterior_materials?post=370715"},{"taxonomy":"es_basement","embeddable":true,"href":"https:\/\/arriendo.com\/co\/wp-json\/wp\/v2\/es_basements?post=370715"},{"taxonomy":"es_floor_covering","embeddable":true,"href":"https:\/\/arriendo.com\/co\/wp-json\/wp\/v2\/es_floor_coverings?post=370715"},{"taxonomy":"es_feature","embeddable":true,"href":"https:\/\/arriendo.com\/co\/wp-json\/wp\/v2\/es_features?post=370715"},{"taxonomy":"es_amenity","embeddable":true,"href":"https:\/\/arriendo.com\/co\/wp-json\/wp\/v2\/es_amenities?post=370715"},{"taxonomy":"es_neighborhood","embeddable":true,"href":"https:\/\/arriendo.com\/co\/wp-json\/wp\/v2\/es_neighborhoods?post=370715"},{"taxonomy":"es_tag","embeddable":true,"href":"https:\/\/arriendo.com\/co\/wp-json\/wp\/v2\/es_tags?post=370715"}],"curies":[{"name":"wp","href":"https:\/\/api.w.org\/{rel}","templated":true}]}}

<p>Oficina de 127 metros cuadrados ofrece un espacio amplio y funcional ideal para empresas que buscan comodidad y conectividad. Cuenta con dos baños, aire acondicionado, vigilancia 24/7 y ascensor, garantizando un ambiente seguro y confortable para el desarrollo de actividades laborales. La vista panorámica proporciona una atmósfera agradable, perfecta para entornos corporativos.</p>
<p>Ubicada estratégicamente cerca de la estación del metro y principales avenidas, esta oficina facilita el acceso tanto para empleados como para visitantes. Además, en sus alrededores se encuentran cajeros automáticos y parqueaderos comunes, lo que complementa su practicidad y conveniencia en el día a día.Recuerda que te ayudamos en todo el procso de vivienda</p>
