{"id":370621,"date":"2026-02-23T11:33:44","date_gmt":"2026-02-23T16:33:44","guid":{"rendered":"https:\/\/arriendo.com\/co\/%es_type%\/%address_city%\/%neighborhood%\/sabaneta-playas-de-maria-oficina-en-arriendo-en-897698\/"},"modified":"2026-02-23T11:33:44","modified_gmt":"2026-02-23T16:33:44","slug":"AR-370621","status":"publish","type":"properties","link":"https:\/\/arriendo.com\/co\/oficinas\/sabaneta\/playas-de-maria\/AR-370621\/","title":{"rendered":"Oficina en Arriendo en Playas de Maria, Sabaneta"},"content":{"rendered":"<p>oficina en renta de 127 metros cuadrados, ubicada estrat\u00e9gicamente cerca de la estaci\u00f3n del metro, lo que facilita el acceso tanto para tu equipo como para tus clientes. Su amplitud permite adaptar el espacio a diferentes necesidades de trabajo, desde oficinas privadas hasta \u00e1reas colaborativas.<\/p>\n<p>El edificio cuenta con vigilancia 24\/7, brindando seguridad y tranquilidad en todo momento. Adem\u00e1s, ofrece parqueaderos para tus visitantes, una gran ventaja en una zona tan transitada. Su proximidad a la Avenida Regional asegura una conexi\u00f3n r\u00e1pida con los principales sectores de la ciudad, haciendo de esta oficina una opci\u00f3n ideal para potenciar tu negocio.Recuerda que te ayudamos en todo el proceso de vivienda<\/p>\n","protected":false},"excerpt":{"rendered":"oficina en renta de 127 metros cuadrados, ubicada estrat\u00e9gicamente cerca...","protected":false},"author":4102,"featured_media":370624,"template":"","es_locations":[79,3661,473],"es_categories":[124],"es_types":[116],"es_rent_periods":[],"es_labels":[],"es_statuses":[],"es_parkings":[],"es_roofs":[],"es_exterior_materials":[],"es_basements":[],"es_floor_coverings":[],"es_features":[2292,131,2212,2233,2148,2149,2370,2216,2272,2133,2181,2135,2150,144],"es_amenities":[2294,152,2217,2248,2157,2159,2371,156,2273,158,2142,2161,161,2289],"es_neighborhoods":[],"es_tags":[],"class_list":["post-370621","properties","type-properties","status-publish","has-post-thumbnail","hentry","es_location-antioquia","es_location-playas-de-maria","es_location-sabaneta","es_category-arriendo","es_type-oficinas","es_feature-acceso-pavimentado","es_feature-ascensor","es_feature-bano-auxiliar","es_feature-cerca-de-zona-urbana","es_feature-colegios-universidades","es_feature-garajes","es_feature-oficina-de-negocios","es_feature-parqueadero-visitantes","es_feature-piso-en-baldosa-marmol","es_feature-porteria-recepcion","es_feature-porteria-vigilancia","es_feature-sobre-via-principal","es_feature-supermercados-c-comerciales","es_feature-vista-panoramica","es_amenity-acceso-pavimentado","es_amenity-ascensor-privado","es_amenity-bano-auxiliar","es_amenity-cerca-de-zona-urbana","es_amenity-colegios-universidades","es_amenity-garajes","es_amenity-oficina-de-negocios","es_amenity-parqueadero-visitantes","es_amenity-piso-en-baldosa-marmol","es_amenity-porteria-recepcion","es_amenity-sobre-via-principal","es_amenity-supermercados-c-comerciales","es_amenity-vigilancia-24-7","es_amenity-vista-panoramica","es-post-entity"],"_links":{"self":[{"href":"https:\/\/arriendo.com\/co\/wp-json\/wp\/v2\/properties\/370621","targetHints":{"allow":["GET"]}}],"collection":[{"href":"https:\/\/arriendo.com\/co\/wp-json\/wp\/v2\/properties"}],"about":[{"href":"https:\/\/arriendo.com\/co\/wp-json\/wp\/v2\/types\/properties"}],"author":[{"embeddable":true,"href":"https:\/\/arriendo.com\/co\/wp-json\/wp\/v2\/users\/4102"}],"version-history":[{"count":0,"href":"https:\/\/arriendo.com\/co\/wp-json\/wp\/v2\/properties\/370621\/revisions"}],"wp:featuredmedia":[{"embeddable":true,"href":"https:\/\/arriendo.com\/co\/wp-json\/wp\/v2\/media\/370624"}],"wp:attachment":[{"href":"https:\/\/arriendo.com\/co\/wp-json\/wp\/v2\/media?parent=370621"}],"wp:term":[{"taxonomy":"es_location","embeddable":true,"href":"https:\/\/arriendo.com\/co\/wp-json\/wp\/v2\/es_locations?post=370621"},{"taxonomy":"es_category","embeddable":true,"href":"https:\/\/arriendo.com\/co\/wp-json\/wp\/v2\/es_categories?post=370621"},{"taxonomy":"es_type","embeddable":true,"href":"https:\/\/arriendo.com\/co\/wp-json\/wp\/v2\/es_types?post=370621"},{"taxonomy":"es_rent_period","embeddable":true,"href":"https:\/\/arriendo.com\/co\/wp-json\/wp\/v2\/es_rent_periods?post=370621"},{"taxonomy":"es_label","embeddable":true,"href":"https:\/\/arriendo.com\/co\/wp-json\/wp\/v2\/es_labels?post=370621"},{"taxonomy":"es_status","embeddable":true,"href":"https:\/\/arriendo.com\/co\/wp-json\/wp\/v2\/es_statuses?post=370621"},{"taxonomy":"es_parking","embeddable":true,"href":"https:\/\/arriendo.com\/co\/wp-json\/wp\/v2\/es_parkings?post=370621"},{"taxonomy":"es_roof","embeddable":true,"href":"https:\/\/arriendo.com\/co\/wp-json\/wp\/v2\/es_roofs?post=370621"},{"taxonomy":"es_exterior_material","embeddable":true,"href":"https:\/\/arriendo.com\/co\/wp-json\/wp\/v2\/es_exterior_materials?post=370621"},{"taxonomy":"es_basement","embeddable":true,"href":"https:\/\/arriendo.com\/co\/wp-json\/wp\/v2\/es_basements?post=370621"},{"taxonomy":"es_floor_covering","embeddable":true,"href":"https:\/\/arriendo.com\/co\/wp-json\/wp\/v2\/es_floor_coverings?post=370621"},{"taxonomy":"es_feature","embeddable":true,"href":"https:\/\/arriendo.com\/co\/wp-json\/wp\/v2\/es_features?post=370621"},{"taxonomy":"es_amenity","embeddable":true,"href":"https:\/\/arriendo.com\/co\/wp-json\/wp\/v2\/es_amenities?post=370621"},{"taxonomy":"es_neighborhood","embeddable":true,"href":"https:\/\/arriendo.com\/co\/wp-json\/wp\/v2\/es_neighborhoods?post=370621"},{"taxonomy":"es_tag","embeddable":true,"href":"https:\/\/arriendo.com\/co\/wp-json\/wp\/v2\/es_tags?post=370621"}],"curies":[{"name":"wp","href":"https:\/\/api.w.org\/{rel}","templated":true}]}}

<p>oficina en renta de 127 metros cuadrados, ubicada estratégicamente cerca de la estación del metro, lo que facilita el acceso tanto para tu equipo como para tus clientes. Su amplitud permite adaptar el espacio a diferentes necesidades de trabajo, desde oficinas privadas hasta áreas colaborativas.</p>
<p>El edificio cuenta con vigilancia 24/7, brindando seguridad y tranquilidad en todo momento. Además, ofrece parqueaderos para tus visitantes, una gran ventaja en una zona tan transitada. Su proximidad a la Avenida Regional asegura una conexión rápida con los principales sectores de la ciudad, haciendo de esta oficina una opción ideal para potenciar tu negocio.Recuerda que te ayudamos en todo el proceso de vivienda</p>

oficina en renta de 127 metros cuadrados, ubicada estratégicamente cerca...
