{"id":36957,"date":"2025-01-22T10:56:52","date_gmt":"2025-01-22T15:56:52","guid":{"rendered":"https:\/\/arriendo.com\/co\/%es_type%\/\/%neighborhood%\/vqw1Wu5H0\/"},"modified":"2025-03-19T11:53:21","modified_gmt":"2025-03-19T16:53:21","slug":"ar-36957","status":"publish","type":"properties","link":"https:\/\/arriendo.com\/co\/apartamentos\/bogota\/la-alameda\/ar-36957\/","title":{"rendered":"Apartamento en arriendo para estrenar en La Alameda"},"content":{"rendered":"<p>&nbsp;<\/p>\n<p>Descubre este espectacular apartamento exterior de 50 m\u00b2, perfecto para solteros o parejas que buscan comodidad, elegancia y una ubicaci\u00f3n privilegiada en Bogot\u00e1. Este apartamento nuevo cuenta con cerradura de seguridad en la puerta principal y est\u00e1 dise\u00f1ado para ofrecerte confort y tranquilidad. Gracias a su vista exterior y excelente iluminaci\u00f3n natural, disfrutar\u00e1s de un ambiente fresco y acogedor.<\/p>\n<p>&nbsp;<\/p>\n<h3><strong>Ubicaci\u00f3n Destacada<\/strong><\/h3>\n<p>&nbsp;<\/p>\n<p><strong>Alameda, Bogot\u00e1.<\/strong><br \/>\n\u2714 Cerca de centros comerciales, supermercados, y con c\u00f3modas v\u00edas de acceso.<br \/>\n\u2714 Ideal para quienes valoran la tranquilidad de una zona residencial con todas las facilidades cercanas.<\/p>\n<p>&nbsp;<\/p>\n<h3><strong>Detalles del Inmueble<\/strong><\/h3>\n<p>&nbsp;<\/p>\n<ul>\n<li><strong>\ud83d\udccf \u00c1rea Construida y Privada:<\/strong> 50 m\u00b2<\/li>\n<li><strong>\ud83d\udecf Habitaci\u00f3n:<\/strong> 1, con walk-in closet, blackout y persiana incluidos<\/li>\n<li><strong>\ud83d\udebf Ba\u00f1o:<\/strong> 1, con acabados modernos y divisi\u00f3n en vidrio templado<\/li>\n<li><strong>\ud83c\udf73 Cocina Integral:<\/strong> Estufa y horno a gas natural, extractor digital y mes\u00f3n en cuarzo blanco<\/li>\n<li><strong>\ud83c\udf00 Zona de Ropas:<\/strong> Independiente, con espacio para lavadora y punto de gas para secadora<\/li>\n<li><strong>\ud83d\udca1 Iluminaci\u00f3n:<\/strong> Pisos laminados, luces LED, blackout en habitaci\u00f3n, y Screen Solar en sala-comedor<\/li>\n<\/ul>\n<p>&nbsp;<\/p>\n<h3><strong>Comodidades del Conjunto<\/strong><\/h3>\n<p>&nbsp;<\/p>\n<ul>\n<li><strong>\ud83d\ude97 Parqueadero:<\/strong> Sencillo y cubierto (No. 2-164) con dep\u00f3sito en s\u00f3tano 2<\/li>\n<li><strong>\ud83d\udcdc Porter\u00eda Permanente:<\/strong> Seguridad 24\/7<\/li>\n<li><strong>\ud83d\udeaa Ascensor:<\/strong> Disponible para mayor comodidad<\/li>\n<li><strong>\ud83d\udedd Zonas Sociales:<\/strong> Sal\u00f3n comunal, sal\u00f3n de juegos, zona BBQ, y zona infantil<\/li>\n<li><strong>\ud83c\udf33 \u00c1reas Verdes:<\/strong> Perfectas para relajarse al aire libre<\/li>\n<li><strong>\ud83c\udfcb\ufe0f Gimnasio:<\/strong> Equipado para mantenerte activo<\/li>\n<\/ul>\n<p>&nbsp;<\/p>\n<h3><strong>Otros Detalles Importantes<\/strong><\/h3>\n<p>&nbsp;<\/p>\n<ul>\n<li><strong>Estrato:<\/strong> 4<\/li>\n<li><strong>Antig\u00fcedad:<\/strong> Menor a 1 a\u00f1o<\/li>\n<li><strong>Acepta Mascotas:<\/strong> S\u00ed (bajo condiciones)<\/li>\n<\/ul>\n<p>&nbsp;<\/p>\n<h3><strong>Precio de Arriendo<\/strong><\/h3>\n<p>&nbsp;<\/p>\n<ul>\n<li><strong>Canon mensual:<\/strong> COP 1.800.000<\/li>\n<li><strong>Administraci\u00f3n:<\/strong> COP 211.000 (adicional)<\/li>\n<\/ul>\n<p>&nbsp;<\/p>\n<p>\ud83d\udcde <strong>\u00a1Agenda tu visita hoy y vive en el hogar que siempre so\u00f1aste!<\/strong><\/p>\n<p>&nbsp;<\/p>\n<p>&nbsp;<\/p>\n","protected":false},"excerpt":{"rendered":"&nbsp; Descubre este espectacular apartamento exterior de 50 m\u00b2, perfecto...","protected":false},"author":1921,"featured_media":36961,"template":"","es_locations":[110,418,1024,192],"es_categories":[124],"es_types":[114],"es_rent_periods":[],"es_labels":[52],"es_statuses":[125],"es_parkings":[],"es_roofs":[],"es_exterior_materials":[],"es_basements":[],"es_floor_coverings":[],"es_features":[],"es_amenities":[],"es_neighborhoods":[],"es_tags":[],"class_list":["post-36957","properties","type-properties","status-publish","has-post-thumbnail","hentry","es_location-bogota","es_location-colombia","es_location-la-alameda","es_location-usaquen","es_category-arriendo","es_type-apartamentos","es_label-new","es_status-nuevo","es-post-entity"],"_links":{"self":[{"href":"https:\/\/arriendo.com\/co\/wp-json\/wp\/v2\/properties\/36957","targetHints":{"allow":["GET"]}}],"collection":[{"href":"https:\/\/arriendo.com\/co\/wp-json\/wp\/v2\/properties"}],"about":[{"href":"https:\/\/arriendo.com\/co\/wp-json\/wp\/v2\/types\/properties"}],"author":[{"embeddable":true,"href":"https:\/\/arriendo.com\/co\/wp-json\/wp\/v2\/users\/1921"}],"version-history":[{"count":0,"href":"https:\/\/arriendo.com\/co\/wp-json\/wp\/v2\/properties\/36957\/revisions"}],"wp:featuredmedia":[{"embeddable":true,"href":"https:\/\/arriendo.com\/co\/wp-json\/wp\/v2\/media\/36961"}],"wp:attachment":[{"href":"https:\/\/arriendo.com\/co\/wp-json\/wp\/v2\/media?parent=36957"}],"wp:term":[{"taxonomy":"es_location","embeddable":true,"href":"https:\/\/arriendo.com\/co\/wp-json\/wp\/v2\/es_locations?post=36957"},{"taxonomy":"es_category","embeddable":true,"href":"https:\/\/arriendo.com\/co\/wp-json\/wp\/v2\/es_categories?post=36957"},{"taxonomy":"es_type","embeddable":true,"href":"https:\/\/arriendo.com\/co\/wp-json\/wp\/v2\/es_types?post=36957"},{"taxonomy":"es_rent_period","embeddable":true,"href":"https:\/\/arriendo.com\/co\/wp-json\/wp\/v2\/es_rent_periods?post=36957"},{"taxonomy":"es_label","embeddable":true,"href":"https:\/\/arriendo.com\/co\/wp-json\/wp\/v2\/es_labels?post=36957"},{"taxonomy":"es_status","embeddable":true,"href":"https:\/\/arriendo.com\/co\/wp-json\/wp\/v2\/es_statuses?post=36957"},{"taxonomy":"es_parking","embeddable":true,"href":"https:\/\/arriendo.com\/co\/wp-json\/wp\/v2\/es_parkings?post=36957"},{"taxonomy":"es_roof","embeddable":true,"href":"https:\/\/arriendo.com\/co\/wp-json\/wp\/v2\/es_roofs?post=36957"},{"taxonomy":"es_exterior_material","embeddable":true,"href":"https:\/\/arriendo.com\/co\/wp-json\/wp\/v2\/es_exterior_materials?post=36957"},{"taxonomy":"es_basement","embeddable":true,"href":"https:\/\/arriendo.com\/co\/wp-json\/wp\/v2\/es_basements?post=36957"},{"taxonomy":"es_floor_covering","embeddable":true,"href":"https:\/\/arriendo.com\/co\/wp-json\/wp\/v2\/es_floor_coverings?post=36957"},{"taxonomy":"es_feature","embeddable":true,"href":"https:\/\/arriendo.com\/co\/wp-json\/wp\/v2\/es_features?post=36957"},{"taxonomy":"es_amenity","embeddable":true,"href":"https:\/\/arriendo.com\/co\/wp-json\/wp\/v2\/es_amenities?post=36957"},{"taxonomy":"es_neighborhood","embeddable":true,"href":"https:\/\/arriendo.com\/co\/wp-json\/wp\/v2\/es_neighborhoods?post=36957"},{"taxonomy":"es_tag","embeddable":true,"href":"https:\/\/arriendo.com\/co\/wp-json\/wp\/v2\/es_tags?post=36957"}],"curies":[{"name":"wp","href":"https:\/\/api.w.org\/{rel}","templated":true}]}}

<p>&nbsp;</p>
<p>Descubre este espectacular apartamento exterior de 50 m², perfecto para solteros o parejas que buscan comodidad, elegancia y una ubicación privilegiada en Bogotá. Este apartamento nuevo cuenta con cerradura de seguridad en la puerta principal y está diseñado para ofrecerte confort y tranquilidad. Gracias a su vista exterior y excelente iluminación natural, disfrutarás de un ambiente fresco y acogedor.</p>
<p>&nbsp;</p>
<h3><strong>Ubicación Destacada</strong></h3>
<p>&nbsp;</p>
<p><strong>Alameda, Bogotá.</strong><br />
✔ Cerca de centros comerciales, supermercados, y con cómodas vías de acceso.<br />
✔ Ideal para quienes valoran la tranquilidad de una zona residencial con todas las facilidades cercanas.</p>
<p>&nbsp;</p>
<h3><strong>Detalles del Inmueble</strong></h3>
<p>&nbsp;</p>
<ul>
<li><strong>📏 Área Construida y Privada:</strong> 50 m²</li>
<li><strong>🛏 Habitación:</strong> 1, con walk-in closet, blackout y persiana incluidos</li>
<li><strong>🚿 Baño:</strong> 1, con acabados modernos y división en vidrio templado</li>
<li><strong>🍳 Cocina Integral:</strong> Estufa y horno a gas natural, extractor digital y mesón en cuarzo blanco</li>
<li><strong>🌀 Zona de Ropas:</strong> Independiente, con espacio para lavadora y punto de gas para secadora</li>
<li><strong>💡 Iluminación:</strong> Pisos laminados, luces LED, blackout en habitación, y Screen Solar en sala-comedor</li>
</ul>
<p>&nbsp;</p>
<h3><strong>Comodidades del Conjunto</strong></h3>
<p>&nbsp;</p>
<ul>
<li><strong>🚗 Parqueadero:</strong> Sencillo y cubierto (No. 2-164) con depósito en sótano 2</li>
<li><strong>📜 Portería Permanente:</strong> Seguridad 24/7</li>
<li><strong>🚪 Ascensor:</strong> Disponible para mayor comodidad</li>
<li><strong>🛝 Zonas Sociales:</strong> Salón comunal, salón de juegos, zona BBQ, y zona infantil</li>
<li><strong>🌳 Áreas Verdes:</strong> Perfectas para relajarse al aire libre</li>
<li><strong>🏋️ Gimnasio:</strong> Equipado para mantenerte activo</li>
</ul>
<p>&nbsp;</p>
<h3><strong>Otros Detalles Importantes</strong></h3>
<p>&nbsp;</p>
<ul>
<li><strong>Estrato:</strong> 4</li>
<li><strong>Antigüedad:</strong> Menor a 1 año</li>
<li><strong>Acepta Mascotas:</strong> Sí (bajo condiciones)</li>
</ul>
<p>&nbsp;</p>
<h3><strong>Precio de Arriendo</strong></h3>
<p>&nbsp;</p>
<ul>
<li><strong>Canon mensual:</strong> COP 1.800.000</li>
<li><strong>Administración:</strong> COP 211.000 (adicional)</li>
</ul>
<p>&nbsp;</p>
<p>📞 <strong>¡Agenda tu visita hoy y vive en el hogar que siempre soñaste!</strong></p>
<p>&nbsp;</p>
<p>&nbsp;</p>
