{"id":367981,"date":"2026-02-23T10:33:51","date_gmt":"2026-02-23T15:33:51","guid":{"rendered":"https:\/\/arriendo.com\/co\/%es_type%\/%address_city%\/%neighborhood%\/san-vicente-san-vicente-apartaestudio-en-arriendo-en-f85859\/"},"modified":"2026-02-23T10:33:51","modified_gmt":"2026-02-23T15:33:51","slug":"AR-367981","status":"publish","type":"properties","link":"https:\/\/arriendo.com\/co\/apartaestudios\/san-vicente\/san-vicente\/AR-367981\/","title":{"rendered":"Apartaestudio en Arriendo en San vicente"},"content":{"rendered":"<p>Vive con confort y ubicaci\u00f3n privilegiada en este apartaestudio de 45 m\u00b2 en el exclusivo sector de San Vicente, Barranquilla. El espacio cuenta con sala y comedor integrados, balc\u00f3n orientado hacia el lado de la sombra para disfrutar de tardes frescas, cocina abierta con moderno dise\u00f1o y \u00e1rea de labores independiente. Su alcoba es amplia, con vestidor y ba\u00f1o privado, ofreciendo privacidad y comodidad en cada rinc\u00f3n.<\/p>\n<p>El edificio dispone de vigilancia 24 horas, ascensor y jacuzzi, ideal para tu descanso. A pocos pasos encontrar\u00e1s la Universidad Aut\u00f3noma del Caribe, la Carrera 46, reconocidos restaurantes, hospitales y cl\u00ednicas del sector salud. Estrato 4, en una zona estrat\u00e9gica que combina tranquilidad residencial con cercan\u00eda a todo lo que necesitas.<\/p>\n","protected":false},"excerpt":{"rendered":"Vive con confort y ubicaci\u00f3n privilegiada en este apartaestudio de...","protected":false},"author":6491,"featured_media":367984,"template":"","es_locations":[81,497],"es_categories":[124],"es_types":[299],"es_rent_periods":[],"es_labels":[],"es_statuses":[],"es_parkings":[],"es_roofs":[],"es_exterior_materials":[],"es_basements":[],"es_floor_coverings":[],"es_features":[2292,131,132,2212,2164,2166,2175,2274,2146,2147,2148,2149,2282,2370,2216,2132,2180,2133,2181,2135,2150,2136,144,2151,2152,2204],"es_amenities":[2294,152,2186,2217,2187,2189,2190,2278,2155,2156,2157,2159,2287,2371,156,2140,157,158,2142,2161,2143,161,2289,162,2162,2209],"es_neighborhoods":[],"es_tags":[],"class_list":["post-367981","properties","type-properties","status-publish","has-post-thumbnail","hentry","es_location-atlantico","es_location-san-vicente","es_category-arriendo","es_type-apartaestudios","es_feature-acceso-pavimentado","es_feature-ascensor","es_feature-balcon","es_feature-bano-auxiliar","es_feature-bano-independiente","es_feature-closet","es_feature-cochera","es_feature-cocina-equipada","es_feature-cocina-integral","es_feature-cocina-tipo-americano","es_feature-colegios-universidades","es_feature-garajes","es_feature-hall-de-alcobas","es_feature-oficina-de-negocios","es_feature-parqueadero-visitantes","es_feature-parques-cercanos","es_feature-piscina","es_feature-porteria-recepcion","es_feature-porteria-vigilancia","es_feature-sobre-via-principal","es_feature-supermercados-c-comerciales","es_feature-trans-publico-cercano","es_feature-vista-panoramica","es_feature-zona-de-lavanderia","es_feature-zona-residencial","es_feature-zonas-verdes","es_amenity-acceso-pavimentado","es_amenity-ascensor-privado","es_amenity-balcon","es_amenity-bano-auxiliar","es_amenity-bano-independiente","es_amenity-closet","es_amenity-cochera","es_amenity-cocina-equipada","es_amenity-cocina-integral","es_amenity-cocina-tipo-americano","es_amenity-colegios-universidades","es_amenity-garajes","es_amenity-hall-de-alcobas","es_amenity-oficina-de-negocios","es_amenity-parqueadero-visitantes","es_amenity-parques-cercanos","es_amenity-piscina","es_amenity-porteria-recepcion","es_amenity-sobre-via-principal","es_amenity-supermercados-c-comerciales","es_amenity-trans-publico-cercano","es_amenity-vigilancia-24-7","es_amenity-vista-panoramica","es_amenity-zona-de-lavanderia","es_amenity-zona-residencial","es_amenity-zonas-verdes","es-post-entity"],"_links":{"self":[{"href":"https:\/\/arriendo.com\/co\/wp-json\/wp\/v2\/properties\/367981","targetHints":{"allow":["GET"]}}],"collection":[{"href":"https:\/\/arriendo.com\/co\/wp-json\/wp\/v2\/properties"}],"about":[{"href":"https:\/\/arriendo.com\/co\/wp-json\/wp\/v2\/types\/properties"}],"author":[{"embeddable":true,"href":"https:\/\/arriendo.com\/co\/wp-json\/wp\/v2\/users\/6491"}],"version-history":[{"count":0,"href":"https:\/\/arriendo.com\/co\/wp-json\/wp\/v2\/properties\/367981\/revisions"}],"wp:featuredmedia":[{"embeddable":true,"href":"https:\/\/arriendo.com\/co\/wp-json\/wp\/v2\/media\/367984"}],"wp:attachment":[{"href":"https:\/\/arriendo.com\/co\/wp-json\/wp\/v2\/media?parent=367981"}],"wp:term":[{"taxonomy":"es_location","embeddable":true,"href":"https:\/\/arriendo.com\/co\/wp-json\/wp\/v2\/es_locations?post=367981"},{"taxonomy":"es_category","embeddable":true,"href":"https:\/\/arriendo.com\/co\/wp-json\/wp\/v2\/es_categories?post=367981"},{"taxonomy":"es_type","embeddable":true,"href":"https:\/\/arriendo.com\/co\/wp-json\/wp\/v2\/es_types?post=367981"},{"taxonomy":"es_rent_period","embeddable":true,"href":"https:\/\/arriendo.com\/co\/wp-json\/wp\/v2\/es_rent_periods?post=367981"},{"taxonomy":"es_label","embeddable":true,"href":"https:\/\/arriendo.com\/co\/wp-json\/wp\/v2\/es_labels?post=367981"},{"taxonomy":"es_status","embeddable":true,"href":"https:\/\/arriendo.com\/co\/wp-json\/wp\/v2\/es_statuses?post=367981"},{"taxonomy":"es_parking","embeddable":true,"href":"https:\/\/arriendo.com\/co\/wp-json\/wp\/v2\/es_parkings?post=367981"},{"taxonomy":"es_roof","embeddable":true,"href":"https:\/\/arriendo.com\/co\/wp-json\/wp\/v2\/es_roofs?post=367981"},{"taxonomy":"es_exterior_material","embeddable":true,"href":"https:\/\/arriendo.com\/co\/wp-json\/wp\/v2\/es_exterior_materials?post=367981"},{"taxonomy":"es_basement","embeddable":true,"href":"https:\/\/arriendo.com\/co\/wp-json\/wp\/v2\/es_basements?post=367981"},{"taxonomy":"es_floor_covering","embeddable":true,"href":"https:\/\/arriendo.com\/co\/wp-json\/wp\/v2\/es_floor_coverings?post=367981"},{"taxonomy":"es_feature","embeddable":true,"href":"https:\/\/arriendo.com\/co\/wp-json\/wp\/v2\/es_features?post=367981"},{"taxonomy":"es_amenity","embeddable":true,"href":"https:\/\/arriendo.com\/co\/wp-json\/wp\/v2\/es_amenities?post=367981"},{"taxonomy":"es_neighborhood","embeddable":true,"href":"https:\/\/arriendo.com\/co\/wp-json\/wp\/v2\/es_neighborhoods?post=367981"},{"taxonomy":"es_tag","embeddable":true,"href":"https:\/\/arriendo.com\/co\/wp-json\/wp\/v2\/es_tags?post=367981"}],"curies":[{"name":"wp","href":"https:\/\/api.w.org\/{rel}","templated":true}]}}

<p>Vive con confort y ubicación privilegiada en este apartaestudio de 45 m² en el exclusivo sector de San Vicente, Barranquilla. El espacio cuenta con sala y comedor integrados, balcón orientado hacia el lado de la sombra para disfrutar de tardes frescas, cocina abierta con moderno diseño y área de labores independiente. Su alcoba es amplia, con vestidor y baño privado, ofreciendo privacidad y comodidad en cada rincón.</p>
<p>El edificio dispone de vigilancia 24 horas, ascensor y jacuzzi, ideal para tu descanso. A pocos pasos encontrarás la Universidad Autónoma del Caribe, la Carrera 46, reconocidos restaurantes, hospitales y clínicas del sector salud. Estrato 4, en una zona estratégica que combina tranquilidad residencial con cercanía a todo lo que necesitas.</p>

Vive con confort y ubicación privilegiada en este apartaestudio de...
