{"id":366910,"date":"2026-02-23T10:17:11","date_gmt":"2026-02-23T15:17:11","guid":{"rendered":"https:\/\/arriendo.com\/co\/%es_type%\/%address_city%\/%neighborhood%\/la-estrella-la-aldea-apartamento-en-arriendo-7cf3bd\/"},"modified":"2026-02-23T10:17:11","modified_gmt":"2026-02-23T15:17:11","slug":"AR-366910","status":"publish","type":"properties","link":"https:\/\/arriendo.com\/co\/apartamentos\/la-estrella\/la-aldea\/AR-366910\/","title":{"rendered":"Apartamento en  Arriendo en La Aldea, La estrella"},"content":{"rendered":"<p>Se arrienda apartamento en Urbanizaci\u00f3n la Aldea Sur, piso 18 con un \u00e1rea de 60 mts distribuidos en: 1 habitaci\u00f3n, sala, comedor, cuarto \u00fatil, zona de ropa, 2 ba\u00f1os cabinados, cocina integral, red de gas, piso en cer\u00e1mica, agua caliente, 2 balcones y garaje.<\/p>\n<p>Vis\u00edtanos en: www.arrendamientospanorama.com linea 376 76 76 whatsapp 3026393501 733-3656<\/p>\n","protected":false},"excerpt":{"rendered":"Se arrienda apartamento en Urbanizaci\u00f3n la Aldea Sur, piso 18...","protected":false},"author":8293,"featured_media":366913,"template":"","es_locations":[79,2973,487],"es_categories":[124],"es_types":[114],"es_rent_periods":[],"es_labels":[],"es_statuses":[],"es_parkings":[],"es_roofs":[],"es_exterior_materials":[],"es_basements":[],"es_floor_coverings":[],"es_features":[],"es_amenities":[],"es_neighborhoods":[],"es_tags":[],"class_list":["post-366910","properties","type-properties","status-publish","has-post-thumbnail","hentry","es_location-antioquia","es_location-la-aldea","es_location-la-estrella","es_category-arriendo","es_type-apartamentos","es-post-entity"],"_links":{"self":[{"href":"https:\/\/arriendo.com\/co\/wp-json\/wp\/v2\/properties\/366910","targetHints":{"allow":["GET"]}}],"collection":[{"href":"https:\/\/arriendo.com\/co\/wp-json\/wp\/v2\/properties"}],"about":[{"href":"https:\/\/arriendo.com\/co\/wp-json\/wp\/v2\/types\/properties"}],"author":[{"embeddable":true,"href":"https:\/\/arriendo.com\/co\/wp-json\/wp\/v2\/users\/8293"}],"version-history":[{"count":0,"href":"https:\/\/arriendo.com\/co\/wp-json\/wp\/v2\/properties\/366910\/revisions"}],"wp:featuredmedia":[{"embeddable":true,"href":"https:\/\/arriendo.com\/co\/wp-json\/wp\/v2\/media\/366913"}],"wp:attachment":[{"href":"https:\/\/arriendo.com\/co\/wp-json\/wp\/v2\/media?parent=366910"}],"wp:term":[{"taxonomy":"es_location","embeddable":true,"href":"https:\/\/arriendo.com\/co\/wp-json\/wp\/v2\/es_locations?post=366910"},{"taxonomy":"es_category","embeddable":true,"href":"https:\/\/arriendo.com\/co\/wp-json\/wp\/v2\/es_categories?post=366910"},{"taxonomy":"es_type","embeddable":true,"href":"https:\/\/arriendo.com\/co\/wp-json\/wp\/v2\/es_types?post=366910"},{"taxonomy":"es_rent_period","embeddable":true,"href":"https:\/\/arriendo.com\/co\/wp-json\/wp\/v2\/es_rent_periods?post=366910"},{"taxonomy":"es_label","embeddable":true,"href":"https:\/\/arriendo.com\/co\/wp-json\/wp\/v2\/es_labels?post=366910"},{"taxonomy":"es_status","embeddable":true,"href":"https:\/\/arriendo.com\/co\/wp-json\/wp\/v2\/es_statuses?post=366910"},{"taxonomy":"es_parking","embeddable":true,"href":"https:\/\/arriendo.com\/co\/wp-json\/wp\/v2\/es_parkings?post=366910"},{"taxonomy":"es_roof","embeddable":true,"href":"https:\/\/arriendo.com\/co\/wp-json\/wp\/v2\/es_roofs?post=366910"},{"taxonomy":"es_exterior_material","embeddable":true,"href":"https:\/\/arriendo.com\/co\/wp-json\/wp\/v2\/es_exterior_materials?post=366910"},{"taxonomy":"es_basement","embeddable":true,"href":"https:\/\/arriendo.com\/co\/wp-json\/wp\/v2\/es_basements?post=366910"},{"taxonomy":"es_floor_covering","embeddable":true,"href":"https:\/\/arriendo.com\/co\/wp-json\/wp\/v2\/es_floor_coverings?post=366910"},{"taxonomy":"es_feature","embeddable":true,"href":"https:\/\/arriendo.com\/co\/wp-json\/wp\/v2\/es_features?post=366910"},{"taxonomy":"es_amenity","embeddable":true,"href":"https:\/\/arriendo.com\/co\/wp-json\/wp\/v2\/es_amenities?post=366910"},{"taxonomy":"es_neighborhood","embeddable":true,"href":"https:\/\/arriendo.com\/co\/wp-json\/wp\/v2\/es_neighborhoods?post=366910"},{"taxonomy":"es_tag","embeddable":true,"href":"https:\/\/arriendo.com\/co\/wp-json\/wp\/v2\/es_tags?post=366910"}],"curies":[{"name":"wp","href":"https:\/\/api.w.org\/{rel}","templated":true}]}}

<p>Se arrienda apartamento en Urbanización la Aldea Sur, piso 18 con un área de 60 mts distribuidos en: 1 habitación, sala, comedor, cuarto útil, zona de ropa, 2 baños cabinados, cocina integral, red de gas, piso en cerámica, agua caliente, 2 balcones y garaje.</p>
<p>Visítanos en: www.arrendamientospanorama.com linea 376 76 76 whatsapp 3026393501 733-3656</p>

Se arrienda apartamento en Urbanización la Aldea Sur, piso 18...
