{"id":366515,"date":"2026-02-23T10:11:27","date_gmt":"2026-02-23T15:11:27","guid":{"rendered":"https:\/\/arriendo.com\/co\/%es_type%\/%address_city%\/%neighborhood%\/guarne-la-caba%ef%bf%bda-casa-campestre-en-arriendo-f7362f\/"},"modified":"2026-02-23T10:11:27","modified_gmt":"2026-02-23T15:11:27","slug":"AR-366515","status":"publish","type":"properties","link":"https:\/\/arriendo.com\/co\/casas\/guarne\/la-caba%ef%bf%bda\/AR-366515\/","title":{"rendered":"Casa Campestre en arriendo en La caba\ufffda, Guarne"},"content":{"rendered":"<p>Guarne: Arriendo caba\u00f1a con una \u00e1rea aproximada de 60 metros cuadrados, cerca al pueblo que tiene una alcoba 1 ba\u00f1o, cocina con gas de pipeta, sala comedor, cuarto \u00fatil, parqueadero para veh\u00edculos, con amplia zona verde que tiene \u00e1rboles ornamentales y frutales, agua y luz del municipio<\/p>\n","protected":false},"excerpt":{"rendered":"Guarne: Arriendo caba\u00f1a con una \u00e1rea aproximada de 60 metros...","protected":false},"author":1821,"featured_media":366518,"template":"","es_locations":[79,766,3648],"es_categories":[124],"es_types":[115],"es_rent_periods":[],"es_labels":[],"es_statuses":[],"es_parkings":[],"es_roofs":[],"es_exterior_materials":[],"es_basements":[],"es_floor_coverings":[],"es_features":[2145,2148,2149,2203,2216,2220,2150,2136,144,2306,2204],"es_amenities":[2153,2157,2159,2208,156,2221,2161,2143,2289,2308,2209],"es_neighborhoods":[],"es_tags":[],"class_list":["post-366515","properties","type-properties","status-publish","has-post-thumbnail","hentry","es_location-antioquia","es_location-guarne","es_location-la-cabaa","es_category-arriendo","es_type-casas","es_feature-calentador","es_feature-colegios-universidades","es_feature-garajes","es_feature-jardines-exteriores","es_feature-parqueadero-visitantes","es_feature-patio","es_feature-supermercados-c-comerciales","es_feature-trans-publico-cercano","es_feature-vista-panoramica","es_feature-zona-campestre","es_feature-zonas-verdes","es_amenity-calentador","es_amenity-colegios-universidades","es_amenity-garajes","es_amenity-jardines-exteriores","es_amenity-parqueadero-visitantes","es_amenity-patio","es_amenity-supermercados-c-comerciales","es_amenity-trans-publico-cercano","es_amenity-vista-panoramica","es_amenity-zona-campestre","es_amenity-zonas-verdes","es-post-entity"],"_links":{"self":[{"href":"https:\/\/arriendo.com\/co\/wp-json\/wp\/v2\/properties\/366515","targetHints":{"allow":["GET"]}}],"collection":[{"href":"https:\/\/arriendo.com\/co\/wp-json\/wp\/v2\/properties"}],"about":[{"href":"https:\/\/arriendo.com\/co\/wp-json\/wp\/v2\/types\/properties"}],"author":[{"embeddable":true,"href":"https:\/\/arriendo.com\/co\/wp-json\/wp\/v2\/users\/1821"}],"version-history":[{"count":0,"href":"https:\/\/arriendo.com\/co\/wp-json\/wp\/v2\/properties\/366515\/revisions"}],"wp:featuredmedia":[{"embeddable":true,"href":"https:\/\/arriendo.com\/co\/wp-json\/wp\/v2\/media\/366518"}],"wp:attachment":[{"href":"https:\/\/arriendo.com\/co\/wp-json\/wp\/v2\/media?parent=366515"}],"wp:term":[{"taxonomy":"es_location","embeddable":true,"href":"https:\/\/arriendo.com\/co\/wp-json\/wp\/v2\/es_locations?post=366515"},{"taxonomy":"es_category","embeddable":true,"href":"https:\/\/arriendo.com\/co\/wp-json\/wp\/v2\/es_categories?post=366515"},{"taxonomy":"es_type","embeddable":true,"href":"https:\/\/arriendo.com\/co\/wp-json\/wp\/v2\/es_types?post=366515"},{"taxonomy":"es_rent_period","embeddable":true,"href":"https:\/\/arriendo.com\/co\/wp-json\/wp\/v2\/es_rent_periods?post=366515"},{"taxonomy":"es_label","embeddable":true,"href":"https:\/\/arriendo.com\/co\/wp-json\/wp\/v2\/es_labels?post=366515"},{"taxonomy":"es_status","embeddable":true,"href":"https:\/\/arriendo.com\/co\/wp-json\/wp\/v2\/es_statuses?post=366515"},{"taxonomy":"es_parking","embeddable":true,"href":"https:\/\/arriendo.com\/co\/wp-json\/wp\/v2\/es_parkings?post=366515"},{"taxonomy":"es_roof","embeddable":true,"href":"https:\/\/arriendo.com\/co\/wp-json\/wp\/v2\/es_roofs?post=366515"},{"taxonomy":"es_exterior_material","embeddable":true,"href":"https:\/\/arriendo.com\/co\/wp-json\/wp\/v2\/es_exterior_materials?post=366515"},{"taxonomy":"es_basement","embeddable":true,"href":"https:\/\/arriendo.com\/co\/wp-json\/wp\/v2\/es_basements?post=366515"},{"taxonomy":"es_floor_covering","embeddable":true,"href":"https:\/\/arriendo.com\/co\/wp-json\/wp\/v2\/es_floor_coverings?post=366515"},{"taxonomy":"es_feature","embeddable":true,"href":"https:\/\/arriendo.com\/co\/wp-json\/wp\/v2\/es_features?post=366515"},{"taxonomy":"es_amenity","embeddable":true,"href":"https:\/\/arriendo.com\/co\/wp-json\/wp\/v2\/es_amenities?post=366515"},{"taxonomy":"es_neighborhood","embeddable":true,"href":"https:\/\/arriendo.com\/co\/wp-json\/wp\/v2\/es_neighborhoods?post=366515"},{"taxonomy":"es_tag","embeddable":true,"href":"https:\/\/arriendo.com\/co\/wp-json\/wp\/v2\/es_tags?post=366515"}],"curies":[{"name":"wp","href":"https:\/\/api.w.org\/{rel}","templated":true}]}}

<p>Guarne: Arriendo cabaña con una área aproximada de 60 metros cuadrados, cerca al pueblo que tiene una alcoba 1 baño, cocina con gas de pipeta, sala comedor, cuarto útil, parqueadero para vehículos, con amplia zona verde que tiene árboles ornamentales y frutales, agua y luz del municipio</p>

Guarne: Arriendo cabaña con una área aproximada de 60 metros...
