{"id":364025,"date":"2026-02-23T09:12:33","date_gmt":"2026-02-23T14:12:33","guid":{"rendered":"https:\/\/arriendo.com\/co\/%es_type%\/%address_city%\/%neighborhood%\/envigado-las-palmas-casa-en-arriendo-en-1213dd\/"},"modified":"2026-02-23T09:12:33","modified_gmt":"2026-02-23T14:12:33","slug":"AR-364025","status":"publish","type":"properties","link":"https:\/\/arriendo.com\/co\/casas\/envigado\/las-palmas\/AR-364025\/","title":{"rendered":"Casa en Arriendo en Las Palmas, Envigado"},"content":{"rendered":"<p>Esta imponente propiedad de 400 m2  en el exclusivo sector del Alto de Palmas combina un dise\u00f1o arquitect\u00f3nico contempor\u00e1neo con la paz inigualable del entorno natural, ideal para quienes buscan privacidad, sofisticaci\u00f3n y un estilo de vida elevado. Los espacios interiores fluyen con elegancia entre amplia sala comedor y cocina abierta para disfrutar de la vida familiar, adem\u00e1s de tener a disposici\u00f3n el ba\u00f1o social. El deck est\u00e1 cerrado con vidrios de piso a techo, permitiendo disfrutar de las vistas al jard\u00edn sin interrupciones, pero con la comodidad de un espacio semi-cerrado y protegido. La cubierta de madera con iluminaci\u00f3n colgante crea un ambiente c\u00e1lido y sofisticado para cualquier hora del d\u00eda o de la noche, un espacio incre\u00edble para disfrutar del amanecer y el atardecer. En el segundo nivel encontramos habitaciones amplias y con ba\u00f1o privado, un espacio ideal para mantener la privacidad de quienes habitan la casa. La ubicaci\u00f3n en el Alto de Palmas es sin\u00f3nimo de aire puro, naturaleza y seguridad, ofreciendo un refugio de la ciudad sin sacrificar la comodidad. ***<\/p>\n","protected":false},"excerpt":{"rendered":"Esta imponente propiedad de 400 m2 en el exclusivo sector...","protected":false},"author":7210,"featured_media":364028,"template":"","es_locations":[79,511,532],"es_categories":[124],"es_types":[115],"es_rent_periods":[],"es_labels":[],"es_statuses":[],"es_parkings":[],"es_roofs":[],"es_exterior_materials":[],"es_basements":[],"es_floor_coverings":[],"es_features":[2212,2263,2145,2146,2147,2148,2225,2196,2132,2150,143,2136,144,2151,2204],"es_amenities":[2217,2269,2153,2155,2156,2157,2250,2197,2140,2161,2290,2143,2289,162,2209],"es_neighborhoods":[],"es_tags":[],"class_list":["post-364025","properties","type-properties","status-publish","has-post-thumbnail","hentry","es_location-antioquia","es_location-envigado","es_location-las-palmas","es_category-arriendo","es_type-casas","es_feature-bano-auxiliar","es_feature-barra-estilo-americano","es_feature-calentador","es_feature-cocina-integral","es_feature-cocina-tipo-americano","es_feature-colegios-universidades","es_feature-despensa","es_feature-en-conjunto-cerrado","es_feature-parques-cercanos","es_feature-supermercados-c-comerciales","es_feature-terraza","es_feature-trans-publico-cercano","es_feature-vista-panoramica","es_feature-zona-de-lavanderia","es_feature-zonas-verdes","es_amenity-bano-auxiliar","es_amenity-barra-estilo-americano","es_amenity-calentador","es_amenity-cocina-integral","es_amenity-cocina-tipo-americano","es_amenity-colegios-universidades","es_amenity-despensa","es_amenity-en-conjunto-cerrado","es_amenity-parques-cercanos","es_amenity-supermercados-c-comerciales","es_amenity-terraza","es_amenity-trans-publico-cercano","es_amenity-vista-panoramica","es_amenity-zona-de-lavanderia","es_amenity-zonas-verdes","es-post-entity"],"_links":{"self":[{"href":"https:\/\/arriendo.com\/co\/wp-json\/wp\/v2\/properties\/364025","targetHints":{"allow":["GET"]}}],"collection":[{"href":"https:\/\/arriendo.com\/co\/wp-json\/wp\/v2\/properties"}],"about":[{"href":"https:\/\/arriendo.com\/co\/wp-json\/wp\/v2\/types\/properties"}],"author":[{"embeddable":true,"href":"https:\/\/arriendo.com\/co\/wp-json\/wp\/v2\/users\/7210"}],"version-history":[{"count":0,"href":"https:\/\/arriendo.com\/co\/wp-json\/wp\/v2\/properties\/364025\/revisions"}],"wp:featuredmedia":[{"embeddable":true,"href":"https:\/\/arriendo.com\/co\/wp-json\/wp\/v2\/media\/364028"}],"wp:attachment":[{"href":"https:\/\/arriendo.com\/co\/wp-json\/wp\/v2\/media?parent=364025"}],"wp:term":[{"taxonomy":"es_location","embeddable":true,"href":"https:\/\/arriendo.com\/co\/wp-json\/wp\/v2\/es_locations?post=364025"},{"taxonomy":"es_category","embeddable":true,"href":"https:\/\/arriendo.com\/co\/wp-json\/wp\/v2\/es_categories?post=364025"},{"taxonomy":"es_type","embeddable":true,"href":"https:\/\/arriendo.com\/co\/wp-json\/wp\/v2\/es_types?post=364025"},{"taxonomy":"es_rent_period","embeddable":true,"href":"https:\/\/arriendo.com\/co\/wp-json\/wp\/v2\/es_rent_periods?post=364025"},{"taxonomy":"es_label","embeddable":true,"href":"https:\/\/arriendo.com\/co\/wp-json\/wp\/v2\/es_labels?post=364025"},{"taxonomy":"es_status","embeddable":true,"href":"https:\/\/arriendo.com\/co\/wp-json\/wp\/v2\/es_statuses?post=364025"},{"taxonomy":"es_parking","embeddable":true,"href":"https:\/\/arriendo.com\/co\/wp-json\/wp\/v2\/es_parkings?post=364025"},{"taxonomy":"es_roof","embeddable":true,"href":"https:\/\/arriendo.com\/co\/wp-json\/wp\/v2\/es_roofs?post=364025"},{"taxonomy":"es_exterior_material","embeddable":true,"href":"https:\/\/arriendo.com\/co\/wp-json\/wp\/v2\/es_exterior_materials?post=364025"},{"taxonomy":"es_basement","embeddable":true,"href":"https:\/\/arriendo.com\/co\/wp-json\/wp\/v2\/es_basements?post=364025"},{"taxonomy":"es_floor_covering","embeddable":true,"href":"https:\/\/arriendo.com\/co\/wp-json\/wp\/v2\/es_floor_coverings?post=364025"},{"taxonomy":"es_feature","embeddable":true,"href":"https:\/\/arriendo.com\/co\/wp-json\/wp\/v2\/es_features?post=364025"},{"taxonomy":"es_amenity","embeddable":true,"href":"https:\/\/arriendo.com\/co\/wp-json\/wp\/v2\/es_amenities?post=364025"},{"taxonomy":"es_neighborhood","embeddable":true,"href":"https:\/\/arriendo.com\/co\/wp-json\/wp\/v2\/es_neighborhoods?post=364025"},{"taxonomy":"es_tag","embeddable":true,"href":"https:\/\/arriendo.com\/co\/wp-json\/wp\/v2\/es_tags?post=364025"}],"curies":[{"name":"wp","href":"https:\/\/api.w.org\/{rel}","templated":true}]}}

<p>Esta imponente propiedad de 400 m2  en el exclusivo sector del Alto de Palmas combina un diseño arquitectónico contemporáneo con la paz inigualable del entorno natural, ideal para quienes buscan privacidad, sofisticación y un estilo de vida elevado. Los espacios interiores fluyen con elegancia entre amplia sala comedor y cocina abierta para disfrutar de la vida familiar, además de tener a disposición el baño social. El deck está cerrado con vidrios de piso a techo, permitiendo disfrutar de las vistas al jardín sin interrupciones, pero con la comodidad de un espacio semi-cerrado y protegido. La cubierta de madera con iluminación colgante crea un ambiente cálido y sofisticado para cualquier hora del día o de la noche, un espacio increíble para disfrutar del amanecer y el atardecer. En el segundo nivel encontramos habitaciones amplias y con baño privado, un espacio ideal para mantener la privacidad de quienes habitan la casa. La ubicación en el Alto de Palmas es sinónimo de aire puro, naturaleza y seguridad, ofreciendo un refugio de la ciudad sin sacrificar la comodidad. ***</p>
