{"id":363923,"date":"2026-02-23T09:10:41","date_gmt":"2026-02-23T14:10:41","guid":{"rendered":"https:\/\/arriendo.com\/co\/%es_type%\/%address_city%\/%neighborhood%\/envigado-las-palmas-casa-en-arriendo-en-15a4c5\/"},"modified":"2026-02-23T09:10:41","modified_gmt":"2026-02-23T14:10:41","slug":"AR-363923","status":"publish","type":"properties","link":"https:\/\/arriendo.com\/co\/casas\/envigado\/las-palmas\/AR-363923\/","title":{"rendered":"Casa en Arriendo en Las Palmas, Envigado"},"content":{"rendered":"<p>Espectacular casa de 293 m2 con un dise\u00f1o super moderno, iluminado, con una distribuci\u00f3n super acertada, cuenta con 3 habitaciones, cada una con vertier y ba\u00f1o muy amplio con doble lavamanos, una de las habitaciones se encuentra como un walk-in closet, practico y muy completo (Se puede acondicionar nuevamente como habitaci\u00f3n) adicional cuenta con cuarto de servicios. Tiene una cocina muy amplia, moderna con lindas terminaciones, sala amplia con chimenea, una c\u00f3moda terraza para Bbq, con espacios apropiados para adecuaci\u00f3n de estudio o zona de trabajo. Adicional cuenta con parqueadero cerrado para 3 veh\u00edculos y abierto para 3 mas. Se encuentra en Altos de las Palmas. En uno de los condominios m\u00e1s codiciados debido a su buena ubicaci\u00f3n cerca del C.C Viva de las Palmas, supermercados, tiendas y restaurantes, Con un lote de 1.000 metros que lo convierte en un un lugar tranquilo, lleno de serenidad y tranquilidad, una vista inigualable hacia el bosque ***<\/p>\n","protected":false},"excerpt":{"rendered":"Espectacular casa de 293 m2 con un dise\u00f1o super moderno,...","protected":false},"author":7210,"featured_media":363926,"template":"","es_locations":[79,511,532],"es_categories":[124],"es_types":[115],"es_rent_periods":[],"es_labels":[],"es_statuses":[],"es_parkings":[],"es_roofs":[],"es_exterior_materials":[],"es_basements":[],"es_floor_coverings":[],"es_features":[2212,2263,134,2146,2148,2196,136,2132,2150,143,2136,2204],"es_amenities":[2217,2269,2313,2155,2157,2197,2158,2140,2161,2290,2143,2209],"es_neighborhoods":[],"es_tags":[],"class_list":["post-363923","properties","type-properties","status-publish","has-post-thumbnail","hentry","es_location-antioquia","es_location-envigado","es_location-las-palmas","es_category-arriendo","es_type-casas","es_feature-bano-auxiliar","es_feature-barra-estilo-americano","es_feature-chimenea","es_feature-cocina-integral","es_feature-colegios-universidades","es_feature-en-conjunto-cerrado","es_feature-estudio","es_feature-parques-cercanos","es_feature-supermercados-c-comerciales","es_feature-terraza","es_feature-trans-publico-cercano","es_feature-zonas-verdes","es_amenity-bano-auxiliar","es_amenity-barra-estilo-americano","es_amenity-chimenea","es_amenity-cocina-integral","es_amenity-colegios-universidades","es_amenity-en-conjunto-cerrado","es_amenity-estudio","es_amenity-parques-cercanos","es_amenity-supermercados-c-comerciales","es_amenity-terraza","es_amenity-trans-publico-cercano","es_amenity-zonas-verdes","es-post-entity"],"_links":{"self":[{"href":"https:\/\/arriendo.com\/co\/wp-json\/wp\/v2\/properties\/363923","targetHints":{"allow":["GET"]}}],"collection":[{"href":"https:\/\/arriendo.com\/co\/wp-json\/wp\/v2\/properties"}],"about":[{"href":"https:\/\/arriendo.com\/co\/wp-json\/wp\/v2\/types\/properties"}],"author":[{"embeddable":true,"href":"https:\/\/arriendo.com\/co\/wp-json\/wp\/v2\/users\/7210"}],"version-history":[{"count":0,"href":"https:\/\/arriendo.com\/co\/wp-json\/wp\/v2\/properties\/363923\/revisions"}],"wp:featuredmedia":[{"embeddable":true,"href":"https:\/\/arriendo.com\/co\/wp-json\/wp\/v2\/media\/363926"}],"wp:attachment":[{"href":"https:\/\/arriendo.com\/co\/wp-json\/wp\/v2\/media?parent=363923"}],"wp:term":[{"taxonomy":"es_location","embeddable":true,"href":"https:\/\/arriendo.com\/co\/wp-json\/wp\/v2\/es_locations?post=363923"},{"taxonomy":"es_category","embeddable":true,"href":"https:\/\/arriendo.com\/co\/wp-json\/wp\/v2\/es_categories?post=363923"},{"taxonomy":"es_type","embeddable":true,"href":"https:\/\/arriendo.com\/co\/wp-json\/wp\/v2\/es_types?post=363923"},{"taxonomy":"es_rent_period","embeddable":true,"href":"https:\/\/arriendo.com\/co\/wp-json\/wp\/v2\/es_rent_periods?post=363923"},{"taxonomy":"es_label","embeddable":true,"href":"https:\/\/arriendo.com\/co\/wp-json\/wp\/v2\/es_labels?post=363923"},{"taxonomy":"es_status","embeddable":true,"href":"https:\/\/arriendo.com\/co\/wp-json\/wp\/v2\/es_statuses?post=363923"},{"taxonomy":"es_parking","embeddable":true,"href":"https:\/\/arriendo.com\/co\/wp-json\/wp\/v2\/es_parkings?post=363923"},{"taxonomy":"es_roof","embeddable":true,"href":"https:\/\/arriendo.com\/co\/wp-json\/wp\/v2\/es_roofs?post=363923"},{"taxonomy":"es_exterior_material","embeddable":true,"href":"https:\/\/arriendo.com\/co\/wp-json\/wp\/v2\/es_exterior_materials?post=363923"},{"taxonomy":"es_basement","embeddable":true,"href":"https:\/\/arriendo.com\/co\/wp-json\/wp\/v2\/es_basements?post=363923"},{"taxonomy":"es_floor_covering","embeddable":true,"href":"https:\/\/arriendo.com\/co\/wp-json\/wp\/v2\/es_floor_coverings?post=363923"},{"taxonomy":"es_feature","embeddable":true,"href":"https:\/\/arriendo.com\/co\/wp-json\/wp\/v2\/es_features?post=363923"},{"taxonomy":"es_amenity","embeddable":true,"href":"https:\/\/arriendo.com\/co\/wp-json\/wp\/v2\/es_amenities?post=363923"},{"taxonomy":"es_neighborhood","embeddable":true,"href":"https:\/\/arriendo.com\/co\/wp-json\/wp\/v2\/es_neighborhoods?post=363923"},{"taxonomy":"es_tag","embeddable":true,"href":"https:\/\/arriendo.com\/co\/wp-json\/wp\/v2\/es_tags?post=363923"}],"curies":[{"name":"wp","href":"https:\/\/api.w.org\/{rel}","templated":true}]}}

<p>Espectacular casa de 293 m2 con un diseño super moderno, iluminado, con una distribución super acertada, cuenta con 3 habitaciones, cada una con vertier y baño muy amplio con doble lavamanos, una de las habitaciones se encuentra como un walk-in closet, practico y muy completo (Se puede acondicionar nuevamente como habitación) adicional cuenta con cuarto de servicios. Tiene una cocina muy amplia, moderna con lindas terminaciones, sala amplia con chimenea, una cómoda terraza para Bbq, con espacios apropiados para adecuación de estudio o zona de trabajo. Adicional cuenta con parqueadero cerrado para 3 vehículos y abierto para 3 mas. Se encuentra en Altos de las Palmas. En uno de los condominios más codiciados debido a su buena ubicación cerca del C.C Viva de las Palmas, supermercados, tiendas y restaurantes, Con un lote de 1.000 metros que lo convierte en un un lugar tranquilo, lleno de serenidad y tranquilidad, una vista inigualable hacia el bosque ***</p>

Espectacular casa de 293 m2 con un diseño super moderno,...
