{"id":362254,"date":"2026-02-23T08:41:17","date_gmt":"2026-02-23T13:41:17","guid":{"rendered":"https:\/\/arriendo.com\/co\/%es_type%\/%address_city%\/%neighborhood%\/pasto-san-andres-edificio-en-arriendo-en-d51a5b\/"},"modified":"2026-02-23T08:41:17","modified_gmt":"2026-02-23T13:41:17","slug":"AR-362254","status":"publish","type":"properties","link":"https:\/\/arriendo.com\/co\/edificios\/pasto\/san-andres\/AR-362254\/","title":{"rendered":"Edificio en Arriendo en San andres, Pasto"},"content":{"rendered":"<p>Edificio comercial en San Andr\u00e9s con 1.400 m\u00b2 construidos, distribuidos en tres pisos y tres oficinas, ideal para empresas, o proyectos de gran proyecci\u00f3n;  ofrece espacios modernos, patio interno, todos los servicios p\u00fablicos y una ubicaci\u00f3n estrat\u00e9gica cerca al parque infantil y a la zona central, lo que garantiza alto flujo de personas y gran visibilidad, convirti\u00e9ndolo en la mejor opci\u00f3n para invertir y potenciar cualquier actividad comercial. 1201-1597<\/p>\n","protected":false},"excerpt":{"rendered":"Edificio comercial en San Andr\u00e9s con 1.400 m\u00b2 construidos, distribuidos...","protected":false},"author":1789,"featured_media":362257,"template":"","es_locations":[98,362,998],"es_categories":[124],"es_types":[122],"es_rent_periods":[],"es_labels":[],"es_statuses":[],"es_parkings":[],"es_roofs":[],"es_exterior_materials":[],"es_basements":[],"es_floor_coverings":[],"es_features":[],"es_amenities":[],"es_neighborhoods":[],"es_tags":[],"class_list":["post-362254","properties","type-properties","status-publish","has-post-thumbnail","hentry","es_location-narino","es_location-pasto","es_location-san-andres","es_category-arriendo","es_type-edificios","es-post-entity"],"_links":{"self":[{"href":"https:\/\/arriendo.com\/co\/wp-json\/wp\/v2\/properties\/362254","targetHints":{"allow":["GET"]}}],"collection":[{"href":"https:\/\/arriendo.com\/co\/wp-json\/wp\/v2\/properties"}],"about":[{"href":"https:\/\/arriendo.com\/co\/wp-json\/wp\/v2\/types\/properties"}],"author":[{"embeddable":true,"href":"https:\/\/arriendo.com\/co\/wp-json\/wp\/v2\/users\/1789"}],"version-history":[{"count":0,"href":"https:\/\/arriendo.com\/co\/wp-json\/wp\/v2\/properties\/362254\/revisions"}],"wp:featuredmedia":[{"embeddable":true,"href":"https:\/\/arriendo.com\/co\/wp-json\/wp\/v2\/media\/362257"}],"wp:attachment":[{"href":"https:\/\/arriendo.com\/co\/wp-json\/wp\/v2\/media?parent=362254"}],"wp:term":[{"taxonomy":"es_location","embeddable":true,"href":"https:\/\/arriendo.com\/co\/wp-json\/wp\/v2\/es_locations?post=362254"},{"taxonomy":"es_category","embeddable":true,"href":"https:\/\/arriendo.com\/co\/wp-json\/wp\/v2\/es_categories?post=362254"},{"taxonomy":"es_type","embeddable":true,"href":"https:\/\/arriendo.com\/co\/wp-json\/wp\/v2\/es_types?post=362254"},{"taxonomy":"es_rent_period","embeddable":true,"href":"https:\/\/arriendo.com\/co\/wp-json\/wp\/v2\/es_rent_periods?post=362254"},{"taxonomy":"es_label","embeddable":true,"href":"https:\/\/arriendo.com\/co\/wp-json\/wp\/v2\/es_labels?post=362254"},{"taxonomy":"es_status","embeddable":true,"href":"https:\/\/arriendo.com\/co\/wp-json\/wp\/v2\/es_statuses?post=362254"},{"taxonomy":"es_parking","embeddable":true,"href":"https:\/\/arriendo.com\/co\/wp-json\/wp\/v2\/es_parkings?post=362254"},{"taxonomy":"es_roof","embeddable":true,"href":"https:\/\/arriendo.com\/co\/wp-json\/wp\/v2\/es_roofs?post=362254"},{"taxonomy":"es_exterior_material","embeddable":true,"href":"https:\/\/arriendo.com\/co\/wp-json\/wp\/v2\/es_exterior_materials?post=362254"},{"taxonomy":"es_basement","embeddable":true,"href":"https:\/\/arriendo.com\/co\/wp-json\/wp\/v2\/es_basements?post=362254"},{"taxonomy":"es_floor_covering","embeddable":true,"href":"https:\/\/arriendo.com\/co\/wp-json\/wp\/v2\/es_floor_coverings?post=362254"},{"taxonomy":"es_feature","embeddable":true,"href":"https:\/\/arriendo.com\/co\/wp-json\/wp\/v2\/es_features?post=362254"},{"taxonomy":"es_amenity","embeddable":true,"href":"https:\/\/arriendo.com\/co\/wp-json\/wp\/v2\/es_amenities?post=362254"},{"taxonomy":"es_neighborhood","embeddable":true,"href":"https:\/\/arriendo.com\/co\/wp-json\/wp\/v2\/es_neighborhoods?post=362254"},{"taxonomy":"es_tag","embeddable":true,"href":"https:\/\/arriendo.com\/co\/wp-json\/wp\/v2\/es_tags?post=362254"}],"curies":[{"name":"wp","href":"https:\/\/api.w.org\/{rel}","templated":true}]}}

<p>Edificio comercial en San Andrés con 1.400 m² construidos, distribuidos en tres pisos y tres oficinas, ideal para empresas, o proyectos de gran proyección;  ofrece espacios modernos, patio interno, todos los servicios públicos y una ubicación estratégica cerca al parque infantil y a la zona central, lo que garantiza alto flujo de personas y gran visibilidad, convirtiéndolo en la mejor opción para invertir y potenciar cualquier actividad comercial. 1201-1597</p>

Edificio comercial en San Andrés con 1.400 m² construidos, distribuidos...
