{"id":361934,"date":"2026-02-23T08:36:06","date_gmt":"2026-02-23T13:36:06","guid":{"rendered":"https:\/\/arriendo.com\/co\/%es_type%\/%address_city%\/%neighborhood%\/pasto-palermo-edificio-en-arriendo-624316\/"},"modified":"2026-02-23T08:36:06","modified_gmt":"2026-02-23T13:36:06","slug":"AR-361934","status":"publish","type":"properties","link":"https:\/\/arriendo.com\/co\/edificios\/pasto\/palermo\/AR-361934\/","title":{"rendered":"Edificio en  Arriendo en Palermo, Pasto"},"content":{"rendered":"<p>Amplias oficinas en arriendo. Ubicadas en punto estrat\u00e9gico del centro de la ciudad, cuenta con un \u00e1rea de 380 m2, de tres pisos, siete ba\u00f1os, cada piso cuenta con 2 oficinas. En terraza un aparta-estudio. 1201-659<\/p>\n","protected":false},"excerpt":{"rendered":"Amplias oficinas en arriendo. Ubicadas en punto estrat\u00e9gico del centro...","protected":false},"author":1789,"featured_media":361937,"template":"","es_locations":[98,684,362],"es_categories":[124],"es_types":[122],"es_rent_periods":[],"es_labels":[],"es_statuses":[],"es_parkings":[],"es_roofs":[],"es_exterior_materials":[],"es_basements":[],"es_floor_coverings":[],"es_features":[2168,2212,2200,2293,2166,2146,2234,2625,2296,2201,2132,2272,2236,2134,2135,2150,2136],"es_amenities":[2195,2217,2205,2295,2189,2155,2249,2626,2298,2206,2140,2273,2253,2141,2142,2161,2143],"es_neighborhoods":[],"es_tags":[],"class_list":["post-361934","properties","type-properties","status-publish","has-post-thumbnail","hentry","es_location-narino","es_location-palermo","es_location-pasto","es_category-arriendo","es_type-edificios","es_feature-area-urbana","es_feature-bano-auxiliar","es_feature-cerca-a-sector-comercial","es_feature-cerca-centro-comercial","es_feature-closet","es_feature-cocina-integral","es_feature-comodas-vias-de-acceso","es_feature-con-vivienda","es_feature-en-edificio","es_feature-en-zona-comercial","es_feature-parques-cercanos","es_feature-piso-en-baldosa-marmol","es_feature-restaurantes","es_feature-servicios-publicos","es_feature-sobre-via-principal","es_feature-supermercados-c-comerciales","es_feature-trans-publico-cercano","es_amenity-area-urbana","es_amenity-bano-auxiliar","es_amenity-cerca-a-sector-comercial","es_amenity-cerca-centro-comercial","es_amenity-closet","es_amenity-cocina-integral","es_amenity-comodas-vias-de-acceso","es_amenity-con-vivienda","es_amenity-en-edificio","es_amenity-en-zona-comercial","es_amenity-parques-cercanos","es_amenity-piso-en-baldosa-marmol","es_amenity-restaurantes","es_amenity-servicios-publicos","es_amenity-sobre-via-principal","es_amenity-supermercados-c-comerciales","es_amenity-trans-publico-cercano","es-post-entity"],"_links":{"self":[{"href":"https:\/\/arriendo.com\/co\/wp-json\/wp\/v2\/properties\/361934","targetHints":{"allow":["GET"]}}],"collection":[{"href":"https:\/\/arriendo.com\/co\/wp-json\/wp\/v2\/properties"}],"about":[{"href":"https:\/\/arriendo.com\/co\/wp-json\/wp\/v2\/types\/properties"}],"author":[{"embeddable":true,"href":"https:\/\/arriendo.com\/co\/wp-json\/wp\/v2\/users\/1789"}],"version-history":[{"count":0,"href":"https:\/\/arriendo.com\/co\/wp-json\/wp\/v2\/properties\/361934\/revisions"}],"wp:featuredmedia":[{"embeddable":true,"href":"https:\/\/arriendo.com\/co\/wp-json\/wp\/v2\/media\/361937"}],"wp:attachment":[{"href":"https:\/\/arriendo.com\/co\/wp-json\/wp\/v2\/media?parent=361934"}],"wp:term":[{"taxonomy":"es_location","embeddable":true,"href":"https:\/\/arriendo.com\/co\/wp-json\/wp\/v2\/es_locations?post=361934"},{"taxonomy":"es_category","embeddable":true,"href":"https:\/\/arriendo.com\/co\/wp-json\/wp\/v2\/es_categories?post=361934"},{"taxonomy":"es_type","embeddable":true,"href":"https:\/\/arriendo.com\/co\/wp-json\/wp\/v2\/es_types?post=361934"},{"taxonomy":"es_rent_period","embeddable":true,"href":"https:\/\/arriendo.com\/co\/wp-json\/wp\/v2\/es_rent_periods?post=361934"},{"taxonomy":"es_label","embeddable":true,"href":"https:\/\/arriendo.com\/co\/wp-json\/wp\/v2\/es_labels?post=361934"},{"taxonomy":"es_status","embeddable":true,"href":"https:\/\/arriendo.com\/co\/wp-json\/wp\/v2\/es_statuses?post=361934"},{"taxonomy":"es_parking","embeddable":true,"href":"https:\/\/arriendo.com\/co\/wp-json\/wp\/v2\/es_parkings?post=361934"},{"taxonomy":"es_roof","embeddable":true,"href":"https:\/\/arriendo.com\/co\/wp-json\/wp\/v2\/es_roofs?post=361934"},{"taxonomy":"es_exterior_material","embeddable":true,"href":"https:\/\/arriendo.com\/co\/wp-json\/wp\/v2\/es_exterior_materials?post=361934"},{"taxonomy":"es_basement","embeddable":true,"href":"https:\/\/arriendo.com\/co\/wp-json\/wp\/v2\/es_basements?post=361934"},{"taxonomy":"es_floor_covering","embeddable":true,"href":"https:\/\/arriendo.com\/co\/wp-json\/wp\/v2\/es_floor_coverings?post=361934"},{"taxonomy":"es_feature","embeddable":true,"href":"https:\/\/arriendo.com\/co\/wp-json\/wp\/v2\/es_features?post=361934"},{"taxonomy":"es_amenity","embeddable":true,"href":"https:\/\/arriendo.com\/co\/wp-json\/wp\/v2\/es_amenities?post=361934"},{"taxonomy":"es_neighborhood","embeddable":true,"href":"https:\/\/arriendo.com\/co\/wp-json\/wp\/v2\/es_neighborhoods?post=361934"},{"taxonomy":"es_tag","embeddable":true,"href":"https:\/\/arriendo.com\/co\/wp-json\/wp\/v2\/es_tags?post=361934"}],"curies":[{"name":"wp","href":"https:\/\/api.w.org\/{rel}","templated":true}]}}

<p>Amplias oficinas en arriendo. Ubicadas en punto estratégico del centro de la ciudad, cuenta con un área de 380 m2, de tres pisos, siete baños, cada piso cuenta con 2 oficinas. En terraza un aparta-estudio. 1201-659</p>

Amplias oficinas en arriendo. Ubicadas en punto estratégico del centro...
