{"id":361509,"date":"2026-02-23T08:29:04","date_gmt":"2026-02-23T13:29:04","guid":{"rendered":"https:\/\/arriendo.com\/co\/%es_type%\/%address_city%\/%neighborhood%\/pasto-san-ignacio-apartamento-en-arriendo-024344\/"},"modified":"2026-02-23T08:29:04","modified_gmt":"2026-02-23T13:29:04","slug":"AR-361509","status":"publish","type":"properties","link":"https:\/\/arriendo.com\/co\/apartamentos\/pasto\/san-ignacio\/AR-361509\/","title":{"rendered":"Apartamento en  Arriendo en San ignacio, Pasto"},"content":{"rendered":"<p>Apartamento pent house en arriendo, cuenta con un \u00e1rea de 245m2, consta de 4 habitaciones, 4 ba\u00f1os, sala comedor, cocina integral, estudio, bodega, alcoba de servicio, cuarto de lavado, \u00e1rea de gimnasio, patio, balc\u00f3n, garaje y ascensor. 1201-1343<\/p>\n","protected":false},"excerpt":{"rendered":"Apartamento pent house en arriendo, cuenta con un \u00e1rea de...","protected":false},"author":1789,"featured_media":361512,"template":"","es_locations":[98,362,388],"es_categories":[124],"es_types":[114],"es_rent_periods":[],"es_labels":[],"es_statuses":[],"es_parkings":[],"es_roofs":[],"es_exterior_materials":[],"es_basements":[],"es_floor_coverings":[],"es_features":[132,2212,2200,2293,2166,2146,2148,2213,2378,136,2178,2132,2220,2379,2418,2181,2236,2134,2150,2136,2228,2241,2242],"es_amenities":[2186,2217,2205,2295,2189,2155,2157,2218,2381,2158,2193,2140,2221,2382,2419,2194,2253,2141,2161,2143,2258,2259,2260],"es_neighborhoods":[],"es_tags":[],"class_list":["post-361509","properties","type-properties","status-publish","has-post-thumbnail","hentry","es_location-narino","es_location-pasto","es_location-san-ignacio","es_category-arriendo","es_type-apartamentos","es_feature-balcon","es_feature-bano-auxiliar","es_feature-cerca-a-sector-comercial","es_feature-cerca-centro-comercial","es_feature-closet","es_feature-cocina-integral","es_feature-colegios-universidades","es_feature-comedor","es_feature-duplex","es_feature-estudio","es_feature-garaje-cubierto","es_feature-parques-cercanos","es_feature-patio","es_feature-penthouse","es_feature-piso-en-madera","es_feature-porteria-vigilancia","es_feature-restaurantes","es_feature-servicios-publicos","es_feature-supermercados-c-comerciales","es_feature-trans-publico-cercano","es_feature-ventilacion-natural","es_feature-vigilancia-24x7","es_feature-vigilancia-privada-247","es_amenity-balcon","es_amenity-bano-auxiliar","es_amenity-cerca-a-sector-comercial","es_amenity-cerca-centro-comercial","es_amenity-closet","es_amenity-cocina-integral","es_amenity-colegios-universidades","es_amenity-comedor","es_amenity-duplex","es_amenity-estudio","es_amenity-garaje-cubierto","es_amenity-parques-cercanos","es_amenity-patio","es_amenity-penthouse","es_amenity-piso-en-madera","es_amenity-porteria-vigilancia","es_amenity-restaurantes","es_amenity-servicios-publicos","es_amenity-supermercados-c-comerciales","es_amenity-trans-publico-cercano","es_amenity-ventilacion-natural","es_amenity-vigilancia-24x7","es_amenity-vigilancia-privada-247","es-post-entity"],"_links":{"self":[{"href":"https:\/\/arriendo.com\/co\/wp-json\/wp\/v2\/properties\/361509","targetHints":{"allow":["GET"]}}],"collection":[{"href":"https:\/\/arriendo.com\/co\/wp-json\/wp\/v2\/properties"}],"about":[{"href":"https:\/\/arriendo.com\/co\/wp-json\/wp\/v2\/types\/properties"}],"author":[{"embeddable":true,"href":"https:\/\/arriendo.com\/co\/wp-json\/wp\/v2\/users\/1789"}],"version-history":[{"count":0,"href":"https:\/\/arriendo.com\/co\/wp-json\/wp\/v2\/properties\/361509\/revisions"}],"wp:featuredmedia":[{"embeddable":true,"href":"https:\/\/arriendo.com\/co\/wp-json\/wp\/v2\/media\/361512"}],"wp:attachment":[{"href":"https:\/\/arriendo.com\/co\/wp-json\/wp\/v2\/media?parent=361509"}],"wp:term":[{"taxonomy":"es_location","embeddable":true,"href":"https:\/\/arriendo.com\/co\/wp-json\/wp\/v2\/es_locations?post=361509"},{"taxonomy":"es_category","embeddable":true,"href":"https:\/\/arriendo.com\/co\/wp-json\/wp\/v2\/es_categories?post=361509"},{"taxonomy":"es_type","embeddable":true,"href":"https:\/\/arriendo.com\/co\/wp-json\/wp\/v2\/es_types?post=361509"},{"taxonomy":"es_rent_period","embeddable":true,"href":"https:\/\/arriendo.com\/co\/wp-json\/wp\/v2\/es_rent_periods?post=361509"},{"taxonomy":"es_label","embeddable":true,"href":"https:\/\/arriendo.com\/co\/wp-json\/wp\/v2\/es_labels?post=361509"},{"taxonomy":"es_status","embeddable":true,"href":"https:\/\/arriendo.com\/co\/wp-json\/wp\/v2\/es_statuses?post=361509"},{"taxonomy":"es_parking","embeddable":true,"href":"https:\/\/arriendo.com\/co\/wp-json\/wp\/v2\/es_parkings?post=361509"},{"taxonomy":"es_roof","embeddable":true,"href":"https:\/\/arriendo.com\/co\/wp-json\/wp\/v2\/es_roofs?post=361509"},{"taxonomy":"es_exterior_material","embeddable":true,"href":"https:\/\/arriendo.com\/co\/wp-json\/wp\/v2\/es_exterior_materials?post=361509"},{"taxonomy":"es_basement","embeddable":true,"href":"https:\/\/arriendo.com\/co\/wp-json\/wp\/v2\/es_basements?post=361509"},{"taxonomy":"es_floor_covering","embeddable":true,"href":"https:\/\/arriendo.com\/co\/wp-json\/wp\/v2\/es_floor_coverings?post=361509"},{"taxonomy":"es_feature","embeddable":true,"href":"https:\/\/arriendo.com\/co\/wp-json\/wp\/v2\/es_features?post=361509"},{"taxonomy":"es_amenity","embeddable":true,"href":"https:\/\/arriendo.com\/co\/wp-json\/wp\/v2\/es_amenities?post=361509"},{"taxonomy":"es_neighborhood","embeddable":true,"href":"https:\/\/arriendo.com\/co\/wp-json\/wp\/v2\/es_neighborhoods?post=361509"},{"taxonomy":"es_tag","embeddable":true,"href":"https:\/\/arriendo.com\/co\/wp-json\/wp\/v2\/es_tags?post=361509"}],"curies":[{"name":"wp","href":"https:\/\/api.w.org\/{rel}","templated":true}]}}

<p>Apartamento pent house en arriendo, cuenta con un área de 245m2, consta de 4 habitaciones, 4 baños, sala comedor, cocina integral, estudio, bodega, alcoba de servicio, cuarto de lavado, área de gimnasio, patio, balcón, garaje y ascensor. 1201-1343</p>

Apartamento pent house en arriendo, cuenta con un área de...
