{"id":356221,"date":"2026-02-20T16:26:36","date_gmt":"2026-02-20T21:26:36","guid":{"rendered":"https:\/\/arriendo.com\/co\/%es_type%\/%address_city%\/%neighborhood%\/yumbo-zona-industrial-apartamento-en-arriendo-en-c9f75b\/"},"modified":"2026-02-20T16:26:36","modified_gmt":"2026-02-20T21:26:36","slug":"AR-356221","status":"publish","type":"properties","link":"https:\/\/arriendo.com\/co\/apartamentos\/yumbo\/zona-industrial\/AR-356221\/","title":{"rendered":"Apartamento en Arriendo en Zona industrial, Yumbo"},"content":{"rendered":"<p>Gespron alquila espectacular apartamento en Ciudad Guabinas, Conjunto Residencial TURPIAL DE LA COLINA, D\u00e9cimo piso con ascensor, zonas comunes: Sal\u00f3n social, piscina para adultos y ni\u00f1os, juegos de ni\u00f1os, zona BBQ, vigilancia 24\/7. El apartamento consta de cocina integral completa, muebles superiores e inferiores, extractor de olor, estufa empotrada, zona de ropas, sala amplia e iluminada, con detalle en pared 3D, l\u00e1mparas de lujo, balc\u00f3n vista exterior, ba\u00f1o social completo con divisi\u00f3n en vidrio, mueble en madera, habitaci\u00f3n principal con ba\u00f1o, divisi\u00f3n en vidrio, mueble en madera, closet de piso a techo, segunda y tercera habitaci\u00f3n con closet en madera de piso a techo, PARQUEADERO COMUNITARIO. \u00a1QUE ESPERAS LLAMANOS YA ***!<\/p>\n","protected":false},"excerpt":{"rendered":"Gespron alquila espectacular apartamento en Ciudad Guabinas, Conjunto Residencial TURPIAL...","protected":false},"author":7478,"featured_media":356224,"template":"","es_locations":[826,1104],"es_categories":[124],"es_types":[114],"es_rent_periods":[],"es_labels":[],"es_statuses":[],"es_parkings":[],"es_roofs":[],"es_exterior_materials":[],"es_basements":[],"es_floor_coverings":[],"es_features":[131,132,2211,133,2146,2147,145,2180,2182,2135,2136,144,2185,2152],"es_amenities":[152,2186,2210,2154,2155,2156,2160,157,159,2142,2143,2289,2173,2162],"es_neighborhoods":[],"es_tags":[],"class_list":["post-356221","properties","type-properties","status-publish","has-post-thumbnail","hentry","es_location-yumbo","es_location-zona-industrial","es_category-arriendo","es_type-apartamentos","es_feature-ascensor","es_feature-balcon","es_feature-canchas-deportivas","es_feature-citofono","es_feature-cocina-integral","es_feature-cocina-tipo-americano","es_feature-instalacion-de-gas","es_feature-piscina","es_feature-salon-comunal","es_feature-sobre-via-principal","es_feature-trans-publico-cercano","es_feature-vista-panoramica","es_feature-zona-infantil","es_feature-zona-residencial","es_amenity-ascensor-privado","es_amenity-balcon","es_amenity-canchas-deportivas","es_amenity-citofono","es_amenity-cocina-integral","es_amenity-cocina-tipo-americano","es_amenity-instalacion-de-gas","es_amenity-piscina","es_amenity-salon-comunal","es_amenity-sobre-via-principal","es_amenity-trans-publico-cercano","es_amenity-vista-panoramica","es_amenity-zona-infantil","es_amenity-zona-residencial","es-post-entity"],"_links":{"self":[{"href":"https:\/\/arriendo.com\/co\/wp-json\/wp\/v2\/properties\/356221","targetHints":{"allow":["GET"]}}],"collection":[{"href":"https:\/\/arriendo.com\/co\/wp-json\/wp\/v2\/properties"}],"about":[{"href":"https:\/\/arriendo.com\/co\/wp-json\/wp\/v2\/types\/properties"}],"author":[{"embeddable":true,"href":"https:\/\/arriendo.com\/co\/wp-json\/wp\/v2\/users\/7478"}],"version-history":[{"count":0,"href":"https:\/\/arriendo.com\/co\/wp-json\/wp\/v2\/properties\/356221\/revisions"}],"wp:featuredmedia":[{"embeddable":true,"href":"https:\/\/arriendo.com\/co\/wp-json\/wp\/v2\/media\/356224"}],"wp:attachment":[{"href":"https:\/\/arriendo.com\/co\/wp-json\/wp\/v2\/media?parent=356221"}],"wp:term":[{"taxonomy":"es_location","embeddable":true,"href":"https:\/\/arriendo.com\/co\/wp-json\/wp\/v2\/es_locations?post=356221"},{"taxonomy":"es_category","embeddable":true,"href":"https:\/\/arriendo.com\/co\/wp-json\/wp\/v2\/es_categories?post=356221"},{"taxonomy":"es_type","embeddable":true,"href":"https:\/\/arriendo.com\/co\/wp-json\/wp\/v2\/es_types?post=356221"},{"taxonomy":"es_rent_period","embeddable":true,"href":"https:\/\/arriendo.com\/co\/wp-json\/wp\/v2\/es_rent_periods?post=356221"},{"taxonomy":"es_label","embeddable":true,"href":"https:\/\/arriendo.com\/co\/wp-json\/wp\/v2\/es_labels?post=356221"},{"taxonomy":"es_status","embeddable":true,"href":"https:\/\/arriendo.com\/co\/wp-json\/wp\/v2\/es_statuses?post=356221"},{"taxonomy":"es_parking","embeddable":true,"href":"https:\/\/arriendo.com\/co\/wp-json\/wp\/v2\/es_parkings?post=356221"},{"taxonomy":"es_roof","embeddable":true,"href":"https:\/\/arriendo.com\/co\/wp-json\/wp\/v2\/es_roofs?post=356221"},{"taxonomy":"es_exterior_material","embeddable":true,"href":"https:\/\/arriendo.com\/co\/wp-json\/wp\/v2\/es_exterior_materials?post=356221"},{"taxonomy":"es_basement","embeddable":true,"href":"https:\/\/arriendo.com\/co\/wp-json\/wp\/v2\/es_basements?post=356221"},{"taxonomy":"es_floor_covering","embeddable":true,"href":"https:\/\/arriendo.com\/co\/wp-json\/wp\/v2\/es_floor_coverings?post=356221"},{"taxonomy":"es_feature","embeddable":true,"href":"https:\/\/arriendo.com\/co\/wp-json\/wp\/v2\/es_features?post=356221"},{"taxonomy":"es_amenity","embeddable":true,"href":"https:\/\/arriendo.com\/co\/wp-json\/wp\/v2\/es_amenities?post=356221"},{"taxonomy":"es_neighborhood","embeddable":true,"href":"https:\/\/arriendo.com\/co\/wp-json\/wp\/v2\/es_neighborhoods?post=356221"},{"taxonomy":"es_tag","embeddable":true,"href":"https:\/\/arriendo.com\/co\/wp-json\/wp\/v2\/es_tags?post=356221"}],"curies":[{"name":"wp","href":"https:\/\/api.w.org\/{rel}","templated":true}]}}

<p>Gespron alquila espectacular apartamento en Ciudad Guabinas, Conjunto Residencial TURPIAL DE LA COLINA, Décimo piso con ascensor, zonas comunes: Salón social, piscina para adultos y niños, juegos de niños, zona BBQ, vigilancia 24/7. El apartamento consta de cocina integral completa, muebles superiores e inferiores, extractor de olor, estufa empotrada, zona de ropas, sala amplia e iluminada, con detalle en pared 3D, lámparas de lujo, balcón vista exterior, baño social completo con división en vidrio, mueble en madera, habitación principal con baño, división en vidrio, mueble en madera, closet de piso a techo, segunda y tercera habitación con closet en madera de piso a techo, PARQUEADERO COMUNITARIO. ¡QUE ESPERAS LLAMANOS YA ***!</p>
