{"id":356204,"date":"2026-02-20T16:26:23","date_gmt":"2026-02-20T21:26:23","guid":{"rendered":"https:\/\/arriendo.com\/co\/%es_type%\/%address_city%\/%neighborhood%\/palmira-juanchito-apartamento-en-arriendo-en-f06f04\/"},"modified":"2026-02-20T16:26:23","modified_gmt":"2026-02-20T21:26:23","slug":"AR-356204","status":"publish","type":"properties","link":"https:\/\/arriendo.com\/co\/apartamentos\/palmira\/juanchito\/AR-356204\/","title":{"rendered":"Apartamento en Arriendo en Juanchito, Palmira"},"content":{"rendered":"<p>GESPRON alquila hermoso apartamento en el norte de Cali, ubicado en el Conjunto Multifamiliar Alcal\u00e1, quinto piso sin ascensor, con parqueadero comunitario.<br \/>\nEl apartamento cuenta con una sala comedor amplia e iluminada, cocina tradicional, tres habitaciones con cl\u00f3sets de piso a techo, un ba\u00f1o, y zona de oficios con instalaci\u00f3n para lavadora y lavadero independiente.<br \/>\nUbicado en un sector tranquilo, seguro y de excelente ubicaci\u00f3n, cerca a supermercados, colegios, parques, centros m\u00e9dicos y v\u00edas principales del norte de la ciudad.<br \/>\nEl conjunto ofrece zonas verdes, juegos infantiles y vigilancia 24 horas.<br \/>\n\u00a1No dejes pasar esta oportunidad! Ll\u00e1manos ya y agenda tu visita.<\/p>\n","protected":false},"excerpt":{"rendered":"GESPRON alquila hermoso apartamento en el norte de Cali, ubicado...","protected":false},"author":7478,"featured_media":356207,"template":"","es_locations":[3172,805],"es_categories":[124],"es_types":[114],"es_rent_periods":[],"es_labels":[],"es_statuses":[],"es_parkings":[],"es_roofs":[],"es_exterior_materials":[],"es_basements":[],"es_floor_coverings":[],"es_features":[2293,2166,2146,145,2182,2227,2135,2463,2136,2184,2185,2152],"es_amenities":[2295,2189,2155,2160,159,2255,2142,2465,2143,2172,2173,2162],"es_neighborhoods":[],"es_tags":[],"class_list":["post-356204","properties","type-properties","status-publish","has-post-thumbnail","hentry","es_location-juanchito","es_location-palmira","es_category-arriendo","es_type-apartamentos","es_feature-cerca-centro-comercial","es_feature-closet","es_feature-cocina-integral","es_feature-instalacion-de-gas","es_feature-salon-comunal","es_feature-shut-de-basura","es_feature-sobre-via-principal","es_feature-tanques-de-agua","es_feature-trans-publico-cercano","es_feature-zona-de-bbq","es_feature-zona-infantil","es_feature-zona-residencial","es_amenity-cerca-centro-comercial","es_amenity-closet","es_amenity-cocina-integral","es_amenity-instalacion-de-gas","es_amenity-salon-comunal","es_amenity-shut-de-basura","es_amenity-sobre-via-principal","es_amenity-tanques-de-agua","es_amenity-trans-publico-cercano","es_amenity-zona-de-bbq","es_amenity-zona-infantil","es_amenity-zona-residencial","es-post-entity"],"_links":{"self":[{"href":"https:\/\/arriendo.com\/co\/wp-json\/wp\/v2\/properties\/356204","targetHints":{"allow":["GET"]}}],"collection":[{"href":"https:\/\/arriendo.com\/co\/wp-json\/wp\/v2\/properties"}],"about":[{"href":"https:\/\/arriendo.com\/co\/wp-json\/wp\/v2\/types\/properties"}],"author":[{"embeddable":true,"href":"https:\/\/arriendo.com\/co\/wp-json\/wp\/v2\/users\/7478"}],"version-history":[{"count":0,"href":"https:\/\/arriendo.com\/co\/wp-json\/wp\/v2\/properties\/356204\/revisions"}],"wp:featuredmedia":[{"embeddable":true,"href":"https:\/\/arriendo.com\/co\/wp-json\/wp\/v2\/media\/356207"}],"wp:attachment":[{"href":"https:\/\/arriendo.com\/co\/wp-json\/wp\/v2\/media?parent=356204"}],"wp:term":[{"taxonomy":"es_location","embeddable":true,"href":"https:\/\/arriendo.com\/co\/wp-json\/wp\/v2\/es_locations?post=356204"},{"taxonomy":"es_category","embeddable":true,"href":"https:\/\/arriendo.com\/co\/wp-json\/wp\/v2\/es_categories?post=356204"},{"taxonomy":"es_type","embeddable":true,"href":"https:\/\/arriendo.com\/co\/wp-json\/wp\/v2\/es_types?post=356204"},{"taxonomy":"es_rent_period","embeddable":true,"href":"https:\/\/arriendo.com\/co\/wp-json\/wp\/v2\/es_rent_periods?post=356204"},{"taxonomy":"es_label","embeddable":true,"href":"https:\/\/arriendo.com\/co\/wp-json\/wp\/v2\/es_labels?post=356204"},{"taxonomy":"es_status","embeddable":true,"href":"https:\/\/arriendo.com\/co\/wp-json\/wp\/v2\/es_statuses?post=356204"},{"taxonomy":"es_parking","embeddable":true,"href":"https:\/\/arriendo.com\/co\/wp-json\/wp\/v2\/es_parkings?post=356204"},{"taxonomy":"es_roof","embeddable":true,"href":"https:\/\/arriendo.com\/co\/wp-json\/wp\/v2\/es_roofs?post=356204"},{"taxonomy":"es_exterior_material","embeddable":true,"href":"https:\/\/arriendo.com\/co\/wp-json\/wp\/v2\/es_exterior_materials?post=356204"},{"taxonomy":"es_basement","embeddable":true,"href":"https:\/\/arriendo.com\/co\/wp-json\/wp\/v2\/es_basements?post=356204"},{"taxonomy":"es_floor_covering","embeddable":true,"href":"https:\/\/arriendo.com\/co\/wp-json\/wp\/v2\/es_floor_coverings?post=356204"},{"taxonomy":"es_feature","embeddable":true,"href":"https:\/\/arriendo.com\/co\/wp-json\/wp\/v2\/es_features?post=356204"},{"taxonomy":"es_amenity","embeddable":true,"href":"https:\/\/arriendo.com\/co\/wp-json\/wp\/v2\/es_amenities?post=356204"},{"taxonomy":"es_neighborhood","embeddable":true,"href":"https:\/\/arriendo.com\/co\/wp-json\/wp\/v2\/es_neighborhoods?post=356204"},{"taxonomy":"es_tag","embeddable":true,"href":"https:\/\/arriendo.com\/co\/wp-json\/wp\/v2\/es_tags?post=356204"}],"curies":[{"name":"wp","href":"https:\/\/api.w.org\/{rel}","templated":true}]}}

<p>GESPRON alquila hermoso apartamento en el norte de Cali, ubicado en el Conjunto Multifamiliar Alcalá, quinto piso sin ascensor, con parqueadero comunitario.<br />
El apartamento cuenta con una sala comedor amplia e iluminada, cocina tradicional, tres habitaciones con clósets de piso a techo, un baño, y zona de oficios con instalación para lavadora y lavadero independiente.<br />
Ubicado en un sector tranquilo, seguro y de excelente ubicación, cerca a supermercados, colegios, parques, centros médicos y vías principales del norte de la ciudad.<br />
El conjunto ofrece zonas verdes, juegos infantiles y vigilancia 24 horas.<br />
¡No dejes pasar esta oportunidad! Llámanos ya y agenda tu visita.</p>
