{"id":355623,"date":"2026-02-20T16:17:48","date_gmt":"2026-02-20T21:17:48","guid":{"rendered":"https:\/\/arriendo.com\/co\/%es_type%\/%address_city%\/%neighborhood%\/tunja-tunja-oficina-en-arriendo-en-cdbc0a\/"},"modified":"2026-02-20T16:17:48","modified_gmt":"2026-02-20T21:17:48","slug":"AR-355623","status":"publish","type":"properties","link":"https:\/\/arriendo.com\/co\/oficinas\/tunja\/tunja\/AR-355623\/","title":{"rendered":"Oficina en Arriendo en Tunja"},"content":{"rendered":"<p>Atos Inmobiliaria ofrece en venta o arriendo una oficina amoblada en el centro de Tunja, ubicada en el edificio Andaluz. Esta oficina est\u00e1 equipada y lista para su uso, proporcionando un ambiente profesional y c\u00f3modo. Adem\u00e1s, cuenta con un ba\u00f1o privado, lo que a\u00f1ade conveniencia a sus caracter\u00edsticas.<\/p>\n<p>Esta es una excelente oportunidad para establecer o expandir tu negocio en una ubicaci\u00f3n central y estrat\u00e9gica. Ya sea que busques comprar o arrendar, esta oficina est\u00e1 preparada para satisfacer tus necesidades empresariales. \u00a1Cont\u00e1ctanos para m\u00e1s informaci\u00f3n y para agendar una visita!<\/p>\n","protected":false},"excerpt":{"rendered":"Atos Inmobiliaria ofrece en venta o arriendo una oficina amoblada...","protected":false},"author":6917,"featured_media":355626,"template":"","es_locations":[83,394],"es_categories":[124],"es_types":[116],"es_rent_periods":[],"es_labels":[],"es_statuses":[],"es_parkings":[],"es_roofs":[],"es_exterior_materials":[],"es_basements":[],"es_floor_coverings":[],"es_features":[2262,2272,143,2136,144],"es_amenities":[2267,2273,2290,2143,2289],"es_neighborhoods":[],"es_tags":[],"class_list":["post-355623","properties","type-properties","status-publish","has-post-thumbnail","hentry","es_location-boyaca","es_location-tunja","es_category-arriendo","es_type-oficinas","es_feature-amoblado","es_feature-piso-en-baldosa-marmol","es_feature-terraza","es_feature-trans-publico-cercano","es_feature-vista-panoramica","es_amenity-amoblado","es_amenity-piso-en-baldosa-marmol","es_amenity-terraza","es_amenity-trans-publico-cercano","es_amenity-vista-panoramica","es-post-entity"],"_links":{"self":[{"href":"https:\/\/arriendo.com\/co\/wp-json\/wp\/v2\/properties\/355623","targetHints":{"allow":["GET"]}}],"collection":[{"href":"https:\/\/arriendo.com\/co\/wp-json\/wp\/v2\/properties"}],"about":[{"href":"https:\/\/arriendo.com\/co\/wp-json\/wp\/v2\/types\/properties"}],"author":[{"embeddable":true,"href":"https:\/\/arriendo.com\/co\/wp-json\/wp\/v2\/users\/6917"}],"version-history":[{"count":0,"href":"https:\/\/arriendo.com\/co\/wp-json\/wp\/v2\/properties\/355623\/revisions"}],"wp:featuredmedia":[{"embeddable":true,"href":"https:\/\/arriendo.com\/co\/wp-json\/wp\/v2\/media\/355626"}],"wp:attachment":[{"href":"https:\/\/arriendo.com\/co\/wp-json\/wp\/v2\/media?parent=355623"}],"wp:term":[{"taxonomy":"es_location","embeddable":true,"href":"https:\/\/arriendo.com\/co\/wp-json\/wp\/v2\/es_locations?post=355623"},{"taxonomy":"es_category","embeddable":true,"href":"https:\/\/arriendo.com\/co\/wp-json\/wp\/v2\/es_categories?post=355623"},{"taxonomy":"es_type","embeddable":true,"href":"https:\/\/arriendo.com\/co\/wp-json\/wp\/v2\/es_types?post=355623"},{"taxonomy":"es_rent_period","embeddable":true,"href":"https:\/\/arriendo.com\/co\/wp-json\/wp\/v2\/es_rent_periods?post=355623"},{"taxonomy":"es_label","embeddable":true,"href":"https:\/\/arriendo.com\/co\/wp-json\/wp\/v2\/es_labels?post=355623"},{"taxonomy":"es_status","embeddable":true,"href":"https:\/\/arriendo.com\/co\/wp-json\/wp\/v2\/es_statuses?post=355623"},{"taxonomy":"es_parking","embeddable":true,"href":"https:\/\/arriendo.com\/co\/wp-json\/wp\/v2\/es_parkings?post=355623"},{"taxonomy":"es_roof","embeddable":true,"href":"https:\/\/arriendo.com\/co\/wp-json\/wp\/v2\/es_roofs?post=355623"},{"taxonomy":"es_exterior_material","embeddable":true,"href":"https:\/\/arriendo.com\/co\/wp-json\/wp\/v2\/es_exterior_materials?post=355623"},{"taxonomy":"es_basement","embeddable":true,"href":"https:\/\/arriendo.com\/co\/wp-json\/wp\/v2\/es_basements?post=355623"},{"taxonomy":"es_floor_covering","embeddable":true,"href":"https:\/\/arriendo.com\/co\/wp-json\/wp\/v2\/es_floor_coverings?post=355623"},{"taxonomy":"es_feature","embeddable":true,"href":"https:\/\/arriendo.com\/co\/wp-json\/wp\/v2\/es_features?post=355623"},{"taxonomy":"es_amenity","embeddable":true,"href":"https:\/\/arriendo.com\/co\/wp-json\/wp\/v2\/es_amenities?post=355623"},{"taxonomy":"es_neighborhood","embeddable":true,"href":"https:\/\/arriendo.com\/co\/wp-json\/wp\/v2\/es_neighborhoods?post=355623"},{"taxonomy":"es_tag","embeddable":true,"href":"https:\/\/arriendo.com\/co\/wp-json\/wp\/v2\/es_tags?post=355623"}],"curies":[{"name":"wp","href":"https:\/\/api.w.org\/{rel}","templated":true}]}}

<p>Atos Inmobiliaria ofrece en venta o arriendo una oficina amoblada en el centro de Tunja, ubicada en el edificio Andaluz. Esta oficina está equipada y lista para su uso, proporcionando un ambiente profesional y cómodo. Además, cuenta con un baño privado, lo que añade conveniencia a sus características.</p>
<p>Esta es una excelente oportunidad para establecer o expandir tu negocio en una ubicación central y estratégica. Ya sea que busques comprar o arrendar, esta oficina está preparada para satisfacer tus necesidades empresariales. ¡Contáctanos para más información y para agendar una visita!</p>
