{"id":352551,"date":"2026-02-20T15:15:25","date_gmt":"2026-02-20T20:15:25","guid":{"rendered":"https:\/\/arriendo.com\/co\/%es_type%\/%address_city%\/%neighborhood%\/santa-marta-centro-oficina-en-arriendo-en-dc935c\/"},"modified":"2026-02-20T15:15:25","modified_gmt":"2026-02-20T20:15:25","slug":"AR-352551","status":"publish","type":"properties","link":"https:\/\/arriendo.com\/co\/oficinas\/santa-marta\/centro\/AR-352551\/","title":{"rendered":"Oficina en Arriendo en Centro, Santa marta"},"content":{"rendered":"<p>Esta es una excelente oportunidad de adquirir una oficina en la hermosa ciudad de Santa Marta, ubicada en el departamento de Magdalena. Con un \u00e1rea de terreno de 100 M2 y una construcci\u00f3n de 99.26 M2, esta oficina es ideal para aquellos que buscan un espacio amplio y c\u00f3modo para llevar a cabo sus negocios. El edificio en el que se encuentra la oficina cuenta con caracter\u00edsticas externas que la hacen a\u00fan m\u00e1s atractiva. Con acceso pavimentado y ascensor, el acceso a la oficina es f\u00e1cil y c\u00f3modo para empleados y visitantes. Adem\u00e1s, su ubicaci\u00f3n cercana a centros comerciales, colegios y universidades la convierte en un lugar estrat\u00e9gico para llevar a cabo negocios y estar cerca de importantes servicios. La ubicaci\u00f3n de la oficina sobre una v\u00eda principal y la cercan\u00eda al transporte p\u00fablico la hacen f\u00e1cilmente accesible para empleados y clientes. Tambi\u00e9n cuenta con acceso para personas con discapacidad y se encuentra en una zona comercial en constante crecimiento, lo que aumenta su valor y potencial de crecimiento. Canon mas administraci\u00f3n, mas IVA. No pierdas la oportunidad de adquirir esta oficina ideal para tu negocio en una excelente ubicaci\u00f3n en Santa Marta. Cont\u00e1ctanos para m\u00e1s informaci\u00f3n y agenda una visita hoy mismo.<\/p>\n","protected":false},"excerpt":{"rendered":"Esta es una excelente oportunidad de adquirir una oficina en...","protected":false},"author":6261,"featured_media":352558,"template":"","es_locations":[505,96,234],"es_categories":[124],"es_types":[116],"es_rent_periods":[],"es_labels":[],"es_statuses":[],"es_parkings":[],"es_roofs":[],"es_exterior_materials":[],"es_basements":[],"es_floor_coverings":[],"es_features":[149,131,2293,2166,2181,2135,2136,144,2137],"es_amenities":[2329,152,2295,2189,2142,2143,161,2289,2144],"es_neighborhoods":[],"es_tags":[],"class_list":["post-352551","properties","type-properties","status-publish","has-post-thumbnail","hentry","es_location-centro","es_location-magdalena","es_location-santa-marta","es_category-arriendo","es_type-oficinas","es_feature-aire-acondicionado","es_feature-ascensor","es_feature-cerca-centro-comercial","es_feature-closet","es_feature-porteria-vigilancia","es_feature-sobre-via-principal","es_feature-trans-publico-cercano","es_feature-vista-panoramica","es_feature-zona-comercial","es_amenity-aire-acondicionado","es_amenity-ascensor-privado","es_amenity-cerca-centro-comercial","es_amenity-closet","es_amenity-sobre-via-principal","es_amenity-trans-publico-cercano","es_amenity-vigilancia-24-7","es_amenity-vista-panoramica","es_amenity-zona-comercial","es-post-entity"],"_links":{"self":[{"href":"https:\/\/arriendo.com\/co\/wp-json\/wp\/v2\/properties\/352551","targetHints":{"allow":["GET"]}}],"collection":[{"href":"https:\/\/arriendo.com\/co\/wp-json\/wp\/v2\/properties"}],"about":[{"href":"https:\/\/arriendo.com\/co\/wp-json\/wp\/v2\/types\/properties"}],"author":[{"embeddable":true,"href":"https:\/\/arriendo.com\/co\/wp-json\/wp\/v2\/users\/6261"}],"version-history":[{"count":0,"href":"https:\/\/arriendo.com\/co\/wp-json\/wp\/v2\/properties\/352551\/revisions"}],"wp:featuredmedia":[{"embeddable":true,"href":"https:\/\/arriendo.com\/co\/wp-json\/wp\/v2\/media\/352558"}],"wp:attachment":[{"href":"https:\/\/arriendo.com\/co\/wp-json\/wp\/v2\/media?parent=352551"}],"wp:term":[{"taxonomy":"es_location","embeddable":true,"href":"https:\/\/arriendo.com\/co\/wp-json\/wp\/v2\/es_locations?post=352551"},{"taxonomy":"es_category","embeddable":true,"href":"https:\/\/arriendo.com\/co\/wp-json\/wp\/v2\/es_categories?post=352551"},{"taxonomy":"es_type","embeddable":true,"href":"https:\/\/arriendo.com\/co\/wp-json\/wp\/v2\/es_types?post=352551"},{"taxonomy":"es_rent_period","embeddable":true,"href":"https:\/\/arriendo.com\/co\/wp-json\/wp\/v2\/es_rent_periods?post=352551"},{"taxonomy":"es_label","embeddable":true,"href":"https:\/\/arriendo.com\/co\/wp-json\/wp\/v2\/es_labels?post=352551"},{"taxonomy":"es_status","embeddable":true,"href":"https:\/\/arriendo.com\/co\/wp-json\/wp\/v2\/es_statuses?post=352551"},{"taxonomy":"es_parking","embeddable":true,"href":"https:\/\/arriendo.com\/co\/wp-json\/wp\/v2\/es_parkings?post=352551"},{"taxonomy":"es_roof","embeddable":true,"href":"https:\/\/arriendo.com\/co\/wp-json\/wp\/v2\/es_roofs?post=352551"},{"taxonomy":"es_exterior_material","embeddable":true,"href":"https:\/\/arriendo.com\/co\/wp-json\/wp\/v2\/es_exterior_materials?post=352551"},{"taxonomy":"es_basement","embeddable":true,"href":"https:\/\/arriendo.com\/co\/wp-json\/wp\/v2\/es_basements?post=352551"},{"taxonomy":"es_floor_covering","embeddable":true,"href":"https:\/\/arriendo.com\/co\/wp-json\/wp\/v2\/es_floor_coverings?post=352551"},{"taxonomy":"es_feature","embeddable":true,"href":"https:\/\/arriendo.com\/co\/wp-json\/wp\/v2\/es_features?post=352551"},{"taxonomy":"es_amenity","embeddable":true,"href":"https:\/\/arriendo.com\/co\/wp-json\/wp\/v2\/es_amenities?post=352551"},{"taxonomy":"es_neighborhood","embeddable":true,"href":"https:\/\/arriendo.com\/co\/wp-json\/wp\/v2\/es_neighborhoods?post=352551"},{"taxonomy":"es_tag","embeddable":true,"href":"https:\/\/arriendo.com\/co\/wp-json\/wp\/v2\/es_tags?post=352551"}],"curies":[{"name":"wp","href":"https:\/\/api.w.org\/{rel}","templated":true}]}}

<p>Esta es una excelente oportunidad de adquirir una oficina en la hermosa ciudad de Santa Marta, ubicada en el departamento de Magdalena. Con un área de terreno de 100 M2 y una construcción de 99.26 M2, esta oficina es ideal para aquellos que buscan un espacio amplio y cómodo para llevar a cabo sus negocios. El edificio en el que se encuentra la oficina cuenta con características externas que la hacen aún más atractiva. Con acceso pavimentado y ascensor, el acceso a la oficina es fácil y cómodo para empleados y visitantes. Además, su ubicación cercana a centros comerciales, colegios y universidades la convierte en un lugar estratégico para llevar a cabo negocios y estar cerca de importantes servicios. La ubicación de la oficina sobre una vía principal y la cercanía al transporte público la hacen fácilmente accesible para empleados y clientes. También cuenta con acceso para personas con discapacidad y se encuentra en una zona comercial en constante crecimiento, lo que aumenta su valor y potencial de crecimiento. Canon mas administración, mas IVA. No pierdas la oportunidad de adquirir esta oficina ideal para tu negocio en una excelente ubicación en Santa Marta. Contáctanos para más información y agenda una visita hoy mismo.</p>
