{"id":351346,"date":"2026-02-20T14:57:26","date_gmt":"2026-02-20T19:57:26","guid":{"rendered":"https:\/\/arriendo.com\/co\/%es_type%\/%address_city%\/%neighborhood%\/ibague-ub-villa-clara-et-ii-local-en-arriendo-en-66e66b\/"},"modified":"2026-02-20T14:57:26","modified_gmt":"2026-02-20T19:57:26","slug":"AR-351346","status":"publish","type":"properties","link":"https:\/\/arriendo.com\/co\/locales\/ibague\/ub-villa-clara-et-ii\/AR-351346\/","title":{"rendered":"Local en Arriendo en Ub. villa clara et. ii, Ibagu\u00e9"},"content":{"rendered":"<p>Se arrienda amplio y funcional local comercial, ideal para gran variedad tipo de negocios como tiendas, oficinas, servicios, showrooms o atenci\u00f3n al p\u00fablico. En IBAGUE en el Conjunto Residencial Montecarlo, sector el Salado, cuenta con un area de 23 metros, local amplio y con un ba\u00f1o, servicio de luz, agua y gas. Est\u00e1 ubicado en una zona comercial y hacia la salida de Ibagu\u00e9 a Alvarado, en una zona de alto tr\u00e1fico peatonal y vehicular, cerca de referencias cercanas, zonas residenciales, v\u00edas principales,  transporte publico. Ideal para posicionar tu negocio en un entorno comercial consolidado. \u00a1Aprovecha esta oportunidad para hacer crecer tu negocio! Cont\u00e1ctanos y agenda tu visita. 213-752<\/p>\n","protected":false},"excerpt":{"rendered":"Se arrienda amplio y funcional local comercial, ideal para gran...","protected":false},"author":7303,"featured_media":351350,"template":"","es_locations":[337,106,3563],"es_categories":[124],"es_types":[117],"es_rent_periods":[],"es_labels":[],"es_statuses":[],"es_parkings":[],"es_roofs":[],"es_exterior_materials":[],"es_basements":[],"es_floor_coverings":[],"es_features":[2230,2229,2305,2231,2275,2200,2234,2201,2176,2202,2272,2236,2135,2241],"es_amenities":[2243,2261,2309,2244,2277,2205,2249,2206,2191,2207,2273,2253,2142,2259],"es_neighborhoods":[],"es_tags":[],"class_list":["post-351346","properties","type-properties","status-publish","has-post-thumbnail","hentry","es_location-ibague","es_location-tolima","es_location-ub-villa-clara-et-ii","es_category-arriendo","es_type-locales","es_feature-alcantarillado","es_feature-arboles-frutales","es_feature-area-rural","es_feature-bahias-de-parqueo","es_feature-bombas-de-gasolina","es_feature-cerca-a-sector-comercial","es_feature-comodas-vias-de-acceso","es_feature-en-zona-comercial","es_feature-en-zona-residencial","es_feature-garaje-parqueaderos","es_feature-piso-en-baldosa-marmol","es_feature-restaurantes","es_feature-sobre-via-principal","es_feature-vigilancia-24x7","es_amenity-alcantarillado","es_amenity-arboles-frutales","es_amenity-area-rural","es_amenity-bahias-de-parqueo","es_amenity-bombas-de-gasolina","es_amenity-cerca-a-sector-comercial","es_amenity-comodas-vias-de-acceso","es_amenity-en-zona-comercial","es_amenity-en-zona-residencial","es_amenity-garaje-parqueaderos","es_amenity-piso-en-baldosa-marmol","es_amenity-restaurantes","es_amenity-sobre-via-principal","es_amenity-vigilancia-24x7","es-post-entity"],"_links":{"self":[{"href":"https:\/\/arriendo.com\/co\/wp-json\/wp\/v2\/properties\/351346","targetHints":{"allow":["GET"]}}],"collection":[{"href":"https:\/\/arriendo.com\/co\/wp-json\/wp\/v2\/properties"}],"about":[{"href":"https:\/\/arriendo.com\/co\/wp-json\/wp\/v2\/types\/properties"}],"author":[{"embeddable":true,"href":"https:\/\/arriendo.com\/co\/wp-json\/wp\/v2\/users\/7303"}],"version-history":[{"count":0,"href":"https:\/\/arriendo.com\/co\/wp-json\/wp\/v2\/properties\/351346\/revisions"}],"wp:featuredmedia":[{"embeddable":true,"href":"https:\/\/arriendo.com\/co\/wp-json\/wp\/v2\/media\/351350"}],"wp:attachment":[{"href":"https:\/\/arriendo.com\/co\/wp-json\/wp\/v2\/media?parent=351346"}],"wp:term":[{"taxonomy":"es_location","embeddable":true,"href":"https:\/\/arriendo.com\/co\/wp-json\/wp\/v2\/es_locations?post=351346"},{"taxonomy":"es_category","embeddable":true,"href":"https:\/\/arriendo.com\/co\/wp-json\/wp\/v2\/es_categories?post=351346"},{"taxonomy":"es_type","embeddable":true,"href":"https:\/\/arriendo.com\/co\/wp-json\/wp\/v2\/es_types?post=351346"},{"taxonomy":"es_rent_period","embeddable":true,"href":"https:\/\/arriendo.com\/co\/wp-json\/wp\/v2\/es_rent_periods?post=351346"},{"taxonomy":"es_label","embeddable":true,"href":"https:\/\/arriendo.com\/co\/wp-json\/wp\/v2\/es_labels?post=351346"},{"taxonomy":"es_status","embeddable":true,"href":"https:\/\/arriendo.com\/co\/wp-json\/wp\/v2\/es_statuses?post=351346"},{"taxonomy":"es_parking","embeddable":true,"href":"https:\/\/arriendo.com\/co\/wp-json\/wp\/v2\/es_parkings?post=351346"},{"taxonomy":"es_roof","embeddable":true,"href":"https:\/\/arriendo.com\/co\/wp-json\/wp\/v2\/es_roofs?post=351346"},{"taxonomy":"es_exterior_material","embeddable":true,"href":"https:\/\/arriendo.com\/co\/wp-json\/wp\/v2\/es_exterior_materials?post=351346"},{"taxonomy":"es_basement","embeddable":true,"href":"https:\/\/arriendo.com\/co\/wp-json\/wp\/v2\/es_basements?post=351346"},{"taxonomy":"es_floor_covering","embeddable":true,"href":"https:\/\/arriendo.com\/co\/wp-json\/wp\/v2\/es_floor_coverings?post=351346"},{"taxonomy":"es_feature","embeddable":true,"href":"https:\/\/arriendo.com\/co\/wp-json\/wp\/v2\/es_features?post=351346"},{"taxonomy":"es_amenity","embeddable":true,"href":"https:\/\/arriendo.com\/co\/wp-json\/wp\/v2\/es_amenities?post=351346"},{"taxonomy":"es_neighborhood","embeddable":true,"href":"https:\/\/arriendo.com\/co\/wp-json\/wp\/v2\/es_neighborhoods?post=351346"},{"taxonomy":"es_tag","embeddable":true,"href":"https:\/\/arriendo.com\/co\/wp-json\/wp\/v2\/es_tags?post=351346"}],"curies":[{"name":"wp","href":"https:\/\/api.w.org\/{rel}","templated":true}]}}

Local en Arriendo en Ub. villa clara et. ii, Ibagué

<p>Se arrienda amplio y funcional local comercial, ideal para gran variedad tipo de negocios como tiendas, oficinas, servicios, showrooms o atención al público. En IBAGUE en el Conjunto Residencial Montecarlo, sector el Salado, cuenta con un area de 23 metros, local amplio y con un baño, servicio de luz, agua y gas. Está ubicado en una zona comercial y hacia la salida de Ibagué a Alvarado, en una zona de alto tráfico peatonal y vehicular, cerca de referencias cercanas, zonas residenciales, vías principales,  transporte publico. Ideal para posicionar tu negocio en un entorno comercial consolidado. ¡Aprovecha esta oportunidad para hacer crecer tu negocio! Contáctanos y agenda tu visita. 213-752</p>
