{"id":35133,"date":"2025-01-15T13:24:00","date_gmt":"2025-01-15T18:24:00","guid":{"rendered":"https:\/\/arriendo.com\/co\/%es_type%\/\/%neighborhood%\/vqw1Wu5H0\/"},"modified":"2025-09-16T11:20:25","modified_gmt":"2025-09-16T16:20:25","slug":"ar-35133","status":"publish","type":"properties","link":"https:\/\/arriendo.com\/co\/vacacionales\/baru\/isla-caracol\/ar-35133\/","title":{"rendered":"Arriendo de casa vacacional en Bar\u00fa"},"content":{"rendered":"<p data-start=\"441\" data-end=\"752\">Vive una experiencia \u00fanica con el arriendo de casa vacacional en Bar\u00fa, en la exclusiva Isla Caracol, a pocos minutos de Cartagena. Esta propiedad de lujo est\u00e1 dise\u00f1ada para recibir hasta 12 hu\u00e9spedes, ofreciendo un ambiente perfecto donde el Caribe se combina con confort, privacidad y naturaleza.<\/p>\n<p data-start=\"754\" data-end=\"1240\">La casa cuenta con 4 habitaciones amplias y luminosas, distribuidas en dos plantas, cada una equipada con ba\u00f1o privado, ventiladores o aire acondicionado, y c\u00f3modas camas que aseguran el descanso de todos los visitantes. En total, son 9 camas distribuidas en diferentes combinaciones, lo que la convierte en un espacio ideal para familias grandes o grupos de amigos. Adem\u00e1s, la propiedad incluye 5 ba\u00f1os modernos, junto con un ba\u00f1o exterior adicional para mayor comodidad.<\/p>\n<p data-start=\"1242\" data-end=\"1652\">Entre sus espacios m\u00e1s destacados, esta casa vacacional ofrece una piscina privada, perfecta para refrescarse mientras se disfruta del clima tropical y las espectaculares vistas de Bar\u00fa. El \u00e1rea social est\u00e1 complementada por una cocina completamente equipada, televisi\u00f3n con DirecTV y conexi\u00f3n de wifi rural, garantizando que puedas estar conectado sin perder la tranquilidad del entorno natural.<\/p>\n<p data-start=\"1654\" data-end=\"1908\">El arriendo de esta casa incluye servicio dom\u00e9stico diario con dos personas de confianza que realizan la limpieza y colaboran en la preparaci\u00f3n de alimentos, un beneficio que asegura comodidad y una experiencia de descanso total para los hu\u00e9spedes.<\/p>\n<p data-start=\"1910\" data-end=\"2117\">La propiedad tambi\u00e9n dispone de un apartamento adicional cerca de la casa principal, con dos camas dobles, ba\u00f1o privado y ventilaci\u00f3n, ideal para quienes buscan mayor independencia sin perder cercan\u00eda.<\/p>\n<p data-start=\"2119\" data-end=\"2188\">Las <strong data-start=\"2123\" data-end=\"2146\">tarifas de arriendo<\/strong> se ajustan a las diferentes temporadas:<\/p>\n<p data-start=\"2191\" data-end=\"2233\">\u2022 Temporada baja: COP 5.050.000 por noche.<\/p>\n<p>\u2022 Semana Santa y receso de octubre: COP 6.200.000 por noche.<\/p>\n<p data-start=\"2299\" data-end=\"2341\">\u2022 Temporada alta: COP 9.500.000 por noche.<\/p>\n<p data-start=\"2344\" data-end=\"2393\">\u2022 Navidad y Fin de A\u00f1o: COP 12.200.000 por noche.<\/p>\n<p data-start=\"2395\" data-end=\"2584\">Acceder a la isla de Bar\u00fa es parte de la experiencia, ya que puedes hacerlo por transporte mar\u00edtimo o terrestre (no incluido en la tarifa), lo que a\u00f1ade un toque de aventura a tu estad\u00eda.<\/p>\n<p data-start=\"2586\" data-end=\"2871\">El arriendo de casa vacacional en Bar\u00fa es perfecto para quienes buscan desconectarse en un entorno paradis\u00edaco, rodeado de playas cristalinas, gastronom\u00eda local, bares y hoteles de categor\u00eda. Aqu\u00ed, el lujo y la naturaleza se fusionan para ofrecerte d\u00edas de descanso inolvidables.<\/p>\n<p data-start=\"2873\" data-end=\"3058\">No dejes pasar la oportunidad de disfrutar de esta joya en la Isla Caracol. Cont\u00e1ctanos y asegura hoy mismo tu estad\u00eda en uno de los destinos m\u00e1s exclusivos del Caribe colombiano.<\/p>\n","protected":false},"excerpt":{"rendered":"Vive una experiencia \u00fanica con el arriendo de casa vacacional...","protected":false},"author":1644,"featured_media":35148,"template":"","es_locations":[972,419,418,973,420],"es_categories":[],"es_types":[792],"es_rent_periods":[],"es_labels":[51],"es_statuses":[126],"es_parkings":[],"es_roofs":[],"es_exterior_materials":[],"es_basements":[],"es_floor_coverings":[],"es_features":[],"es_amenities":[],"es_neighborhoods":[],"es_tags":[],"class_list":["post-35133","properties","type-properties","status-publish","has-post-thumbnail","hentry","es_location-baru","es_location-bolivar","es_location-colombia","es_location-isla-caracol","es_location-provincia-de-cartagena","es_type-vacacionales","es_label-featured","es_status-usado","es-post-entity"],"_links":{"self":[{"href":"https:\/\/arriendo.com\/co\/wp-json\/wp\/v2\/properties\/35133","targetHints":{"allow":["GET"]}}],"collection":[{"href":"https:\/\/arriendo.com\/co\/wp-json\/wp\/v2\/properties"}],"about":[{"href":"https:\/\/arriendo.com\/co\/wp-json\/wp\/v2\/types\/properties"}],"author":[{"embeddable":true,"href":"https:\/\/arriendo.com\/co\/wp-json\/wp\/v2\/users\/1644"}],"version-history":[{"count":0,"href":"https:\/\/arriendo.com\/co\/wp-json\/wp\/v2\/properties\/35133\/revisions"}],"wp:featuredmedia":[{"embeddable":true,"href":"https:\/\/arriendo.com\/co\/wp-json\/wp\/v2\/media\/35148"}],"wp:attachment":[{"href":"https:\/\/arriendo.com\/co\/wp-json\/wp\/v2\/media?parent=35133"}],"wp:term":[{"taxonomy":"es_location","embeddable":true,"href":"https:\/\/arriendo.com\/co\/wp-json\/wp\/v2\/es_locations?post=35133"},{"taxonomy":"es_category","embeddable":true,"href":"https:\/\/arriendo.com\/co\/wp-json\/wp\/v2\/es_categories?post=35133"},{"taxonomy":"es_type","embeddable":true,"href":"https:\/\/arriendo.com\/co\/wp-json\/wp\/v2\/es_types?post=35133"},{"taxonomy":"es_rent_period","embeddable":true,"href":"https:\/\/arriendo.com\/co\/wp-json\/wp\/v2\/es_rent_periods?post=35133"},{"taxonomy":"es_label","embeddable":true,"href":"https:\/\/arriendo.com\/co\/wp-json\/wp\/v2\/es_labels?post=35133"},{"taxonomy":"es_status","embeddable":true,"href":"https:\/\/arriendo.com\/co\/wp-json\/wp\/v2\/es_statuses?post=35133"},{"taxonomy":"es_parking","embeddable":true,"href":"https:\/\/arriendo.com\/co\/wp-json\/wp\/v2\/es_parkings?post=35133"},{"taxonomy":"es_roof","embeddable":true,"href":"https:\/\/arriendo.com\/co\/wp-json\/wp\/v2\/es_roofs?post=35133"},{"taxonomy":"es_exterior_material","embeddable":true,"href":"https:\/\/arriendo.com\/co\/wp-json\/wp\/v2\/es_exterior_materials?post=35133"},{"taxonomy":"es_basement","embeddable":true,"href":"https:\/\/arriendo.com\/co\/wp-json\/wp\/v2\/es_basements?post=35133"},{"taxonomy":"es_floor_covering","embeddable":true,"href":"https:\/\/arriendo.com\/co\/wp-json\/wp\/v2\/es_floor_coverings?post=35133"},{"taxonomy":"es_feature","embeddable":true,"href":"https:\/\/arriendo.com\/co\/wp-json\/wp\/v2\/es_features?post=35133"},{"taxonomy":"es_amenity","embeddable":true,"href":"https:\/\/arriendo.com\/co\/wp-json\/wp\/v2\/es_amenities?post=35133"},{"taxonomy":"es_neighborhood","embeddable":true,"href":"https:\/\/arriendo.com\/co\/wp-json\/wp\/v2\/es_neighborhoods?post=35133"},{"taxonomy":"es_tag","embeddable":true,"href":"https:\/\/arriendo.com\/co\/wp-json\/wp\/v2\/es_tags?post=35133"}],"curies":[{"name":"wp","href":"https:\/\/api.w.org\/{rel}","templated":true}]}}

Arriendo de casa vacacional en Barú

<p data-start="441" data-end="752">Vive una experiencia única con el arriendo de casa vacacional en Barú, en la exclusiva Isla Caracol, a pocos minutos de Cartagena. Esta propiedad de lujo está diseñada para recibir hasta 12 huéspedes, ofreciendo un ambiente perfecto donde el Caribe se combina con confort, privacidad y naturaleza.</p>
<p data-start="754" data-end="1240">La casa cuenta con 4 habitaciones amplias y luminosas, distribuidas en dos plantas, cada una equipada con baño privado, ventiladores o aire acondicionado, y cómodas camas que aseguran el descanso de todos los visitantes. En total, son 9 camas distribuidas en diferentes combinaciones, lo que la convierte en un espacio ideal para familias grandes o grupos de amigos. Además, la propiedad incluye 5 baños modernos, junto con un baño exterior adicional para mayor comodidad.</p>
<p data-start="1242" data-end="1652">Entre sus espacios más destacados, esta casa vacacional ofrece una piscina privada, perfecta para refrescarse mientras se disfruta del clima tropical y las espectaculares vistas de Barú. El área social está complementada por una cocina completamente equipada, televisión con DirecTV y conexión de wifi rural, garantizando que puedas estar conectado sin perder la tranquilidad del entorno natural.</p>
<p data-start="1654" data-end="1908">El arriendo de esta casa incluye servicio doméstico diario con dos personas de confianza que realizan la limpieza y colaboran en la preparación de alimentos, un beneficio que asegura comodidad y una experiencia de descanso total para los huéspedes.</p>
<p data-start="1910" data-end="2117">La propiedad también dispone de un apartamento adicional cerca de la casa principal, con dos camas dobles, baño privado y ventilación, ideal para quienes buscan mayor independencia sin perder cercanía.</p>
<p data-start="2119" data-end="2188">Las <strong data-start="2123" data-end="2146">tarifas de arriendo</strong> se ajustan a las diferentes temporadas:</p>
<p data-start="2191" data-end="2233">• Temporada baja: COP 5.050.000 por noche.</p>
<p>• Semana Santa y receso de octubre: COP 6.200.000 por noche.</p>
<p data-start="2299" data-end="2341">• Temporada alta: COP 9.500.000 por noche.</p>
<p data-start="2344" data-end="2393">• Navidad y Fin de Año: COP 12.200.000 por noche.</p>
<p data-start="2395" data-end="2584">Acceder a la isla de Barú es parte de la experiencia, ya que puedes hacerlo por transporte marítimo o terrestre (no incluido en la tarifa), lo que añade un toque de aventura a tu estadía.</p>
<p data-start="2586" data-end="2871">El arriendo de casa vacacional en Barú es perfecto para quienes buscan desconectarse en un entorno paradisíaco, rodeado de playas cristalinas, gastronomía local, bares y hoteles de categoría. Aquí, el lujo y la naturaleza se fusionan para ofrecerte días de descanso inolvidables.</p>
<p data-start="2873" data-end="3058">No dejes pasar la oportunidad de disfrutar de esta joya en la Isla Caracol. Contáctanos y asegura hoy mismo tu estadía en uno de los destinos más exclusivos del Caribe colombiano.</p>

Vive una experiencia única con el arriendo de casa vacacional...
