{"id":349446,"date":"2026-02-20T14:21:08","date_gmt":"2026-02-20T19:21:08","guid":{"rendered":"https:\/\/arriendo.com\/co\/%es_type%\/%address_city%\/%neighborhood%\/envigado-las-vegas-apartamento-en-arriendo-en-4acb6a\/"},"modified":"2026-02-20T14:21:08","modified_gmt":"2026-02-20T19:21:08","slug":"AR-349446","status":"publish","type":"properties","link":"https:\/\/arriendo.com\/co\/apartamentos\/envigado\/las-vegas\/AR-349446\/","title":{"rendered":"Apartamento en Arriendo en Las vegas, Envigado"},"content":{"rendered":"<p>HERMOSO APARTAMENTO AMOBLADO PARA ARRIENDO, CON 60 M2 DISTRIBUIDOS EN UNA HABITACI\u00d3N, DOS BA\u00d1OS, EL BA\u00d1O DE LA ALCOBA PRINCIPAL TIENE JACUZZI, UNA TERRAZA CON VISTA A LA NATURALEZA Y ZONA DE ROPAS. CUENTA CON DOS PARQUEADEROS.<br \/>\nEL EDIFICIO CUENTA CON VIGILACIA LAS 24 HORAS,  TIENE SAUNA, TURCO, JACCIZI, GIMNASIO. CON FACIL ACCESO A TRANSPORTE PUBLICO, CERCA A UNIVERSIDADES, CENTROS COMERCIALES Y AVENIDA PALMAS.<\/p>\n","protected":false},"excerpt":{"rendered":"HERMOSO APARTAMENTO AMOBLADO PARA ARRIENDO, CON 60 M2 DISTRIBUIDOS EN...","protected":false},"author":7166,"featured_media":349449,"template":"","es_locations":[79,511,872],"es_categories":[124],"es_types":[114],"es_rent_periods":[],"es_labels":[],"es_statuses":[],"es_parkings":[],"es_roofs":[],"es_exterior_materials":[],"es_basements":[],"es_floor_coverings":[],"es_features":[150,131,2166,2146,2179,2418,143,144,2137,2152],"es_amenities":[2387,152,2189,2155,154,2419,2290,2289,2144,2162],"es_neighborhoods":[],"es_tags":[],"class_list":["post-349446","properties","type-properties","status-publish","has-post-thumbnail","hentry","es_location-antioquia","es_location-envigado","es_location-las-vegas","es_category-arriendo","es_type-apartamentos","es_feature-alarma","es_feature-ascensor","es_feature-closet","es_feature-cocina-integral","es_feature-gimnasio","es_feature-piso-en-madera","es_feature-terraza","es_feature-vista-panoramica","es_feature-zona-comercial","es_feature-zona-residencial","es_amenity-alarma","es_amenity-ascensor-privado","es_amenity-closet","es_amenity-cocina-integral","es_amenity-gimnasio","es_amenity-piso-en-madera","es_amenity-terraza","es_amenity-vista-panoramica","es_amenity-zona-comercial","es_amenity-zona-residencial","es-post-entity"],"_links":{"self":[{"href":"https:\/\/arriendo.com\/co\/wp-json\/wp\/v2\/properties\/349446","targetHints":{"allow":["GET"]}}],"collection":[{"href":"https:\/\/arriendo.com\/co\/wp-json\/wp\/v2\/properties"}],"about":[{"href":"https:\/\/arriendo.com\/co\/wp-json\/wp\/v2\/types\/properties"}],"author":[{"embeddable":true,"href":"https:\/\/arriendo.com\/co\/wp-json\/wp\/v2\/users\/7166"}],"version-history":[{"count":0,"href":"https:\/\/arriendo.com\/co\/wp-json\/wp\/v2\/properties\/349446\/revisions"}],"wp:featuredmedia":[{"embeddable":true,"href":"https:\/\/arriendo.com\/co\/wp-json\/wp\/v2\/media\/349449"}],"wp:attachment":[{"href":"https:\/\/arriendo.com\/co\/wp-json\/wp\/v2\/media?parent=349446"}],"wp:term":[{"taxonomy":"es_location","embeddable":true,"href":"https:\/\/arriendo.com\/co\/wp-json\/wp\/v2\/es_locations?post=349446"},{"taxonomy":"es_category","embeddable":true,"href":"https:\/\/arriendo.com\/co\/wp-json\/wp\/v2\/es_categories?post=349446"},{"taxonomy":"es_type","embeddable":true,"href":"https:\/\/arriendo.com\/co\/wp-json\/wp\/v2\/es_types?post=349446"},{"taxonomy":"es_rent_period","embeddable":true,"href":"https:\/\/arriendo.com\/co\/wp-json\/wp\/v2\/es_rent_periods?post=349446"},{"taxonomy":"es_label","embeddable":true,"href":"https:\/\/arriendo.com\/co\/wp-json\/wp\/v2\/es_labels?post=349446"},{"taxonomy":"es_status","embeddable":true,"href":"https:\/\/arriendo.com\/co\/wp-json\/wp\/v2\/es_statuses?post=349446"},{"taxonomy":"es_parking","embeddable":true,"href":"https:\/\/arriendo.com\/co\/wp-json\/wp\/v2\/es_parkings?post=349446"},{"taxonomy":"es_roof","embeddable":true,"href":"https:\/\/arriendo.com\/co\/wp-json\/wp\/v2\/es_roofs?post=349446"},{"taxonomy":"es_exterior_material","embeddable":true,"href":"https:\/\/arriendo.com\/co\/wp-json\/wp\/v2\/es_exterior_materials?post=349446"},{"taxonomy":"es_basement","embeddable":true,"href":"https:\/\/arriendo.com\/co\/wp-json\/wp\/v2\/es_basements?post=349446"},{"taxonomy":"es_floor_covering","embeddable":true,"href":"https:\/\/arriendo.com\/co\/wp-json\/wp\/v2\/es_floor_coverings?post=349446"},{"taxonomy":"es_feature","embeddable":true,"href":"https:\/\/arriendo.com\/co\/wp-json\/wp\/v2\/es_features?post=349446"},{"taxonomy":"es_amenity","embeddable":true,"href":"https:\/\/arriendo.com\/co\/wp-json\/wp\/v2\/es_amenities?post=349446"},{"taxonomy":"es_neighborhood","embeddable":true,"href":"https:\/\/arriendo.com\/co\/wp-json\/wp\/v2\/es_neighborhoods?post=349446"},{"taxonomy":"es_tag","embeddable":true,"href":"https:\/\/arriendo.com\/co\/wp-json\/wp\/v2\/es_tags?post=349446"}],"curies":[{"name":"wp","href":"https:\/\/api.w.org\/{rel}","templated":true}]}}

<p>HERMOSO APARTAMENTO AMOBLADO PARA ARRIENDO, CON 60 M2 DISTRIBUIDOS EN UNA HABITACIÓN, DOS BAÑOS, EL BAÑO DE LA ALCOBA PRINCIPAL TIENE JACUZZI, UNA TERRAZA CON VISTA A LA NATURALEZA Y ZONA DE ROPAS. CUENTA CON DOS PARQUEADEROS.<br />
EL EDIFICIO CUENTA CON VIGILACIA LAS 24 HORAS,  TIENE SAUNA, TURCO, JACCIZI, GIMNASIO. CON FACIL ACCESO A TRANSPORTE PUBLICO, CERCA A UNIVERSIDADES, CENTROS COMERCIALES Y AVENIDA PALMAS.</p>
