{"id":345899,"date":"2026-02-20T12:48:14","date_gmt":"2026-02-20T17:48:14","guid":{"rendered":"https:\/\/arriendo.com\/co\/%es_type%\/%address_city%\/%neighborhood%\/villamaria-via-panamericana-local-en-arriendo-en-ecb49e\/"},"modified":"2026-02-20T12:48:14","modified_gmt":"2026-02-20T17:48:14","slug":"AR-345899","status":"publish","type":"properties","link":"https:\/\/arriendo.com\/co\/locales\/villamaria\/via-panamericana\/AR-345899\/","title":{"rendered":"Local en Arriendo en V\u00eda panamericana, Villamaria"},"content":{"rendered":"<p>Local comercial con un \u00e1rea de 68 metros cuadrados, un ba\u00f1o, pisos en cer\u00e1mica y terraza de uso exclusivo. 915-2956<\/p>\n","protected":false},"excerpt":{"rendered":"Local comercial con un \u00e1rea de 68 metros cuadrados, un...","protected":false},"author":7914,"featured_media":345902,"template":"","es_locations":[84,3407,1608],"es_categories":[124],"es_types":[117],"es_rent_periods":[],"es_labels":[],"es_statuses":[],"es_parkings":[],"es_roofs":[],"es_exterior_materials":[],"es_basements":[],"es_floor_coverings":[],"es_features":[2230,2168,2275,2233,2234,2454,145,2272,2236,2134,2135,2150,2136,2137],"es_amenities":[2243,2195,2277,2248,2249,2456,2160,2273,2253,2141,2142,2161,2143,2144],"es_neighborhoods":[],"es_tags":[],"class_list":["post-345899","properties","type-properties","status-publish","has-post-thumbnail","hentry","es_location-caldas","es_location-via-panamericana","es_location-villamaria","es_category-arriendo","es_type-locales","es_feature-alcantarillado","es_feature-area-urbana","es_feature-bombas-de-gasolina","es_feature-cerca-de-zona-urbana","es_feature-comodas-vias-de-acceso","es_feature-en-centro-comercial","es_feature-instalacion-de-gas","es_feature-piso-en-baldosa-marmol","es_feature-restaurantes","es_feature-servicios-publicos","es_feature-sobre-via-principal","es_feature-supermercados-c-comerciales","es_feature-trans-publico-cercano","es_feature-zona-comercial","es_amenity-alcantarillado","es_amenity-area-urbana","es_amenity-bombas-de-gasolina","es_amenity-cerca-de-zona-urbana","es_amenity-comodas-vias-de-acceso","es_amenity-en-centro-comercial","es_amenity-instalacion-de-gas","es_amenity-piso-en-baldosa-marmol","es_amenity-restaurantes","es_amenity-servicios-publicos","es_amenity-sobre-via-principal","es_amenity-supermercados-c-comerciales","es_amenity-trans-publico-cercano","es_amenity-zona-comercial","es-post-entity"],"_links":{"self":[{"href":"https:\/\/arriendo.com\/co\/wp-json\/wp\/v2\/properties\/345899","targetHints":{"allow":["GET"]}}],"collection":[{"href":"https:\/\/arriendo.com\/co\/wp-json\/wp\/v2\/properties"}],"about":[{"href":"https:\/\/arriendo.com\/co\/wp-json\/wp\/v2\/types\/properties"}],"author":[{"embeddable":true,"href":"https:\/\/arriendo.com\/co\/wp-json\/wp\/v2\/users\/7914"}],"version-history":[{"count":0,"href":"https:\/\/arriendo.com\/co\/wp-json\/wp\/v2\/properties\/345899\/revisions"}],"wp:featuredmedia":[{"embeddable":true,"href":"https:\/\/arriendo.com\/co\/wp-json\/wp\/v2\/media\/345902"}],"wp:attachment":[{"href":"https:\/\/arriendo.com\/co\/wp-json\/wp\/v2\/media?parent=345899"}],"wp:term":[{"taxonomy":"es_location","embeddable":true,"href":"https:\/\/arriendo.com\/co\/wp-json\/wp\/v2\/es_locations?post=345899"},{"taxonomy":"es_category","embeddable":true,"href":"https:\/\/arriendo.com\/co\/wp-json\/wp\/v2\/es_categories?post=345899"},{"taxonomy":"es_type","embeddable":true,"href":"https:\/\/arriendo.com\/co\/wp-json\/wp\/v2\/es_types?post=345899"},{"taxonomy":"es_rent_period","embeddable":true,"href":"https:\/\/arriendo.com\/co\/wp-json\/wp\/v2\/es_rent_periods?post=345899"},{"taxonomy":"es_label","embeddable":true,"href":"https:\/\/arriendo.com\/co\/wp-json\/wp\/v2\/es_labels?post=345899"},{"taxonomy":"es_status","embeddable":true,"href":"https:\/\/arriendo.com\/co\/wp-json\/wp\/v2\/es_statuses?post=345899"},{"taxonomy":"es_parking","embeddable":true,"href":"https:\/\/arriendo.com\/co\/wp-json\/wp\/v2\/es_parkings?post=345899"},{"taxonomy":"es_roof","embeddable":true,"href":"https:\/\/arriendo.com\/co\/wp-json\/wp\/v2\/es_roofs?post=345899"},{"taxonomy":"es_exterior_material","embeddable":true,"href":"https:\/\/arriendo.com\/co\/wp-json\/wp\/v2\/es_exterior_materials?post=345899"},{"taxonomy":"es_basement","embeddable":true,"href":"https:\/\/arriendo.com\/co\/wp-json\/wp\/v2\/es_basements?post=345899"},{"taxonomy":"es_floor_covering","embeddable":true,"href":"https:\/\/arriendo.com\/co\/wp-json\/wp\/v2\/es_floor_coverings?post=345899"},{"taxonomy":"es_feature","embeddable":true,"href":"https:\/\/arriendo.com\/co\/wp-json\/wp\/v2\/es_features?post=345899"},{"taxonomy":"es_amenity","embeddable":true,"href":"https:\/\/arriendo.com\/co\/wp-json\/wp\/v2\/es_amenities?post=345899"},{"taxonomy":"es_neighborhood","embeddable":true,"href":"https:\/\/arriendo.com\/co\/wp-json\/wp\/v2\/es_neighborhoods?post=345899"},{"taxonomy":"es_tag","embeddable":true,"href":"https:\/\/arriendo.com\/co\/wp-json\/wp\/v2\/es_tags?post=345899"}],"curies":[{"name":"wp","href":"https:\/\/api.w.org\/{rel}","templated":true}]}}

Local en Arriendo en Vía panamericana, Villamaria

<p>Local comercial con un área de 68 metros cuadrados, un baño, pisos en cerámica y terraza de uso exclusivo. 915-2956</p>

Local comercial con un área de 68 metros cuadrados, un...
