{"id":345764,"date":"2026-02-20T12:45:24","date_gmt":"2026-02-20T17:45:24","guid":{"rendered":"https:\/\/arriendo.com\/co\/%es_type%\/%address_city%\/%neighborhood%\/envigado-mesa-local-en-arriendo-en-450256\/"},"modified":"2026-02-20T12:45:24","modified_gmt":"2026-02-20T17:45:24","slug":"AR-345764","status":"publish","type":"properties","link":"https:\/\/arriendo.com\/co\/locales\/envigado\/mesa\/AR-345764\/","title":{"rendered":"Local en Arriendo en Mesa, Envigado"},"content":{"rendered":"<p>Local en Arriendo, Barrio Mesa &#8211; Envigado la propiedad cuenta con 2 niveles, cocina integral y red de gas. En el 2do piso encontrar\u00e1s un sal\u00f3n amplio y malacate. Pisos en granito pulido. \u00c1rea privada 115m2. <\/p>\n<p>Estrato Comercial<\/p>\n<p>Zona residencial cercana a supermercados, parques, iglesia, colegios, y f\u00e1cil acceso a transporte p\u00fablico.<\/p>\n<p>\u00a1Conoce los requisitos para arrendar un inmueble con nosotros!<\/p>\n","protected":false},"excerpt":{"rendered":"Local en Arriendo, Barrio Mesa &#8211; Envigado la propiedad cuenta...","protected":false},"author":6857,"featured_media":345767,"template":"","es_locations":[79,511,1935],"es_categories":[124],"es_types":[117],"es_rent_periods":[],"es_labels":[],"es_statuses":[],"es_parkings":[],"es_roofs":[],"es_exterior_materials":[],"es_basements":[],"es_floor_coverings":[],"es_features":[2292,2212,2233,2146,2148,145,2132,2272,2135,2136,2137,2152,2204],"es_amenities":[2294,2217,2248,2155,2157,2160,2140,2273,2142,2143,2144,2162,2209],"es_neighborhoods":[],"es_tags":[],"class_list":["post-345764","properties","type-properties","status-publish","has-post-thumbnail","hentry","es_location-antioquia","es_location-envigado","es_location-mesa","es_category-arriendo","es_type-locales","es_feature-acceso-pavimentado","es_feature-bano-auxiliar","es_feature-cerca-de-zona-urbana","es_feature-cocina-integral","es_feature-colegios-universidades","es_feature-instalacion-de-gas","es_feature-parques-cercanos","es_feature-piso-en-baldosa-marmol","es_feature-sobre-via-principal","es_feature-trans-publico-cercano","es_feature-zona-comercial","es_feature-zona-residencial","es_feature-zonas-verdes","es_amenity-acceso-pavimentado","es_amenity-bano-auxiliar","es_amenity-cerca-de-zona-urbana","es_amenity-cocina-integral","es_amenity-colegios-universidades","es_amenity-instalacion-de-gas","es_amenity-parques-cercanos","es_amenity-piso-en-baldosa-marmol","es_amenity-sobre-via-principal","es_amenity-trans-publico-cercano","es_amenity-zona-comercial","es_amenity-zona-residencial","es_amenity-zonas-verdes","es-post-entity"],"_links":{"self":[{"href":"https:\/\/arriendo.com\/co\/wp-json\/wp\/v2\/properties\/345764","targetHints":{"allow":["GET"]}}],"collection":[{"href":"https:\/\/arriendo.com\/co\/wp-json\/wp\/v2\/properties"}],"about":[{"href":"https:\/\/arriendo.com\/co\/wp-json\/wp\/v2\/types\/properties"}],"author":[{"embeddable":true,"href":"https:\/\/arriendo.com\/co\/wp-json\/wp\/v2\/users\/6857"}],"version-history":[{"count":0,"href":"https:\/\/arriendo.com\/co\/wp-json\/wp\/v2\/properties\/345764\/revisions"}],"wp:featuredmedia":[{"embeddable":true,"href":"https:\/\/arriendo.com\/co\/wp-json\/wp\/v2\/media\/345767"}],"wp:attachment":[{"href":"https:\/\/arriendo.com\/co\/wp-json\/wp\/v2\/media?parent=345764"}],"wp:term":[{"taxonomy":"es_location","embeddable":true,"href":"https:\/\/arriendo.com\/co\/wp-json\/wp\/v2\/es_locations?post=345764"},{"taxonomy":"es_category","embeddable":true,"href":"https:\/\/arriendo.com\/co\/wp-json\/wp\/v2\/es_categories?post=345764"},{"taxonomy":"es_type","embeddable":true,"href":"https:\/\/arriendo.com\/co\/wp-json\/wp\/v2\/es_types?post=345764"},{"taxonomy":"es_rent_period","embeddable":true,"href":"https:\/\/arriendo.com\/co\/wp-json\/wp\/v2\/es_rent_periods?post=345764"},{"taxonomy":"es_label","embeddable":true,"href":"https:\/\/arriendo.com\/co\/wp-json\/wp\/v2\/es_labels?post=345764"},{"taxonomy":"es_status","embeddable":true,"href":"https:\/\/arriendo.com\/co\/wp-json\/wp\/v2\/es_statuses?post=345764"},{"taxonomy":"es_parking","embeddable":true,"href":"https:\/\/arriendo.com\/co\/wp-json\/wp\/v2\/es_parkings?post=345764"},{"taxonomy":"es_roof","embeddable":true,"href":"https:\/\/arriendo.com\/co\/wp-json\/wp\/v2\/es_roofs?post=345764"},{"taxonomy":"es_exterior_material","embeddable":true,"href":"https:\/\/arriendo.com\/co\/wp-json\/wp\/v2\/es_exterior_materials?post=345764"},{"taxonomy":"es_basement","embeddable":true,"href":"https:\/\/arriendo.com\/co\/wp-json\/wp\/v2\/es_basements?post=345764"},{"taxonomy":"es_floor_covering","embeddable":true,"href":"https:\/\/arriendo.com\/co\/wp-json\/wp\/v2\/es_floor_coverings?post=345764"},{"taxonomy":"es_feature","embeddable":true,"href":"https:\/\/arriendo.com\/co\/wp-json\/wp\/v2\/es_features?post=345764"},{"taxonomy":"es_amenity","embeddable":true,"href":"https:\/\/arriendo.com\/co\/wp-json\/wp\/v2\/es_amenities?post=345764"},{"taxonomy":"es_neighborhood","embeddable":true,"href":"https:\/\/arriendo.com\/co\/wp-json\/wp\/v2\/es_neighborhoods?post=345764"},{"taxonomy":"es_tag","embeddable":true,"href":"https:\/\/arriendo.com\/co\/wp-json\/wp\/v2\/es_tags?post=345764"}],"curies":[{"name":"wp","href":"https:\/\/api.w.org\/{rel}","templated":true}]}}

<p>Local en Arriendo, Barrio Mesa &#8211; Envigado la propiedad cuenta con 2 niveles, cocina integral y red de gas. En el 2do piso encontrarás un salón amplio y malacate. Pisos en granito pulido. Área privada 115m2. </p>
<p>Estrato Comercial</p>
<p>Zona residencial cercana a supermercados, parques, iglesia, colegios, y fácil acceso a transporte público.</p>
<p>¡Conoce los requisitos para arrendar un inmueble con nosotros!</p>
