{"id":345738,"date":"2026-02-20T12:44:56","date_gmt":"2026-02-20T17:44:56","guid":{"rendered":"https:\/\/arriendo.com\/co\/%es_type%\/%address_city%\/%neighborhood%\/envigado-la-magnolia-local-en-arriendo-878359\/"},"modified":"2026-02-20T12:44:56","modified_gmt":"2026-02-20T17:44:56","slug":"AR-345738","status":"publish","type":"properties","link":"https:\/\/arriendo.com\/co\/locales\/envigado\/la-magnolia\/AR-345738\/","title":{"rendered":"Local en  Arriendo en La magnolia, Envigado"},"content":{"rendered":"<p>Local en arriendo en La Magnolia &#8211; Envigado, con un ambiente, cocineta, un ba\u00f1o, piso en cer\u00e1mica. Sal\u00f3n con buena iluminaci\u00f3n. \u00c1rea total de 25Mts\u00b2.<\/p>\n<p>Zona comercial y residencial cercana a supermercados, iglesias, parques, gimnasios y con f\u00e1cil acceso a transporte p\u00fablico.<\/p>\n<p>\u00a1Conoce los requisitos para arrendar un inmueble con nosotros!<\/p>\n","protected":false},"excerpt":{"rendered":"Local en arriendo en La Magnolia &#8211; Envigado, con un...","protected":false},"author":6857,"featured_media":345741,"template":"","es_locations":[79,511,3222],"es_categories":[124],"es_types":[117],"es_rent_periods":[],"es_labels":[],"es_statuses":[],"es_parkings":[],"es_roofs":[],"es_exterior_materials":[],"es_basements":[],"es_floor_coverings":[],"es_features":[2292,2212,2233,2131,2148,2179,2203,2132,2272,2136,2137,2152,2204],"es_amenities":[2294,2217,2248,2139,2157,154,2208,2140,2273,2143,2144,2162,2209],"es_neighborhoods":[],"es_tags":[],"class_list":["post-345738","properties","type-properties","status-publish","has-post-thumbnail","hentry","es_location-antioquia","es_location-envigado","es_location-la-magnolia","es_category-arriendo","es_type-locales","es_feature-acceso-pavimentado","es_feature-bano-auxiliar","es_feature-cerca-de-zona-urbana","es_feature-circuito-cerrado-de-tv","es_feature-colegios-universidades","es_feature-gimnasio","es_feature-jardines-exteriores","es_feature-parques-cercanos","es_feature-piso-en-baldosa-marmol","es_feature-trans-publico-cercano","es_feature-zona-comercial","es_feature-zona-residencial","es_feature-zonas-verdes","es_amenity-acceso-pavimentado","es_amenity-bano-auxiliar","es_amenity-cerca-de-zona-urbana","es_amenity-circuito-cerrado-de-tv","es_amenity-colegios-universidades","es_amenity-gimnasio","es_amenity-jardines-exteriores","es_amenity-parques-cercanos","es_amenity-piso-en-baldosa-marmol","es_amenity-trans-publico-cercano","es_amenity-zona-comercial","es_amenity-zona-residencial","es_amenity-zonas-verdes","es-post-entity"],"_links":{"self":[{"href":"https:\/\/arriendo.com\/co\/wp-json\/wp\/v2\/properties\/345738","targetHints":{"allow":["GET"]}}],"collection":[{"href":"https:\/\/arriendo.com\/co\/wp-json\/wp\/v2\/properties"}],"about":[{"href":"https:\/\/arriendo.com\/co\/wp-json\/wp\/v2\/types\/properties"}],"author":[{"embeddable":true,"href":"https:\/\/arriendo.com\/co\/wp-json\/wp\/v2\/users\/6857"}],"version-history":[{"count":0,"href":"https:\/\/arriendo.com\/co\/wp-json\/wp\/v2\/properties\/345738\/revisions"}],"wp:featuredmedia":[{"embeddable":true,"href":"https:\/\/arriendo.com\/co\/wp-json\/wp\/v2\/media\/345741"}],"wp:attachment":[{"href":"https:\/\/arriendo.com\/co\/wp-json\/wp\/v2\/media?parent=345738"}],"wp:term":[{"taxonomy":"es_location","embeddable":true,"href":"https:\/\/arriendo.com\/co\/wp-json\/wp\/v2\/es_locations?post=345738"},{"taxonomy":"es_category","embeddable":true,"href":"https:\/\/arriendo.com\/co\/wp-json\/wp\/v2\/es_categories?post=345738"},{"taxonomy":"es_type","embeddable":true,"href":"https:\/\/arriendo.com\/co\/wp-json\/wp\/v2\/es_types?post=345738"},{"taxonomy":"es_rent_period","embeddable":true,"href":"https:\/\/arriendo.com\/co\/wp-json\/wp\/v2\/es_rent_periods?post=345738"},{"taxonomy":"es_label","embeddable":true,"href":"https:\/\/arriendo.com\/co\/wp-json\/wp\/v2\/es_labels?post=345738"},{"taxonomy":"es_status","embeddable":true,"href":"https:\/\/arriendo.com\/co\/wp-json\/wp\/v2\/es_statuses?post=345738"},{"taxonomy":"es_parking","embeddable":true,"href":"https:\/\/arriendo.com\/co\/wp-json\/wp\/v2\/es_parkings?post=345738"},{"taxonomy":"es_roof","embeddable":true,"href":"https:\/\/arriendo.com\/co\/wp-json\/wp\/v2\/es_roofs?post=345738"},{"taxonomy":"es_exterior_material","embeddable":true,"href":"https:\/\/arriendo.com\/co\/wp-json\/wp\/v2\/es_exterior_materials?post=345738"},{"taxonomy":"es_basement","embeddable":true,"href":"https:\/\/arriendo.com\/co\/wp-json\/wp\/v2\/es_basements?post=345738"},{"taxonomy":"es_floor_covering","embeddable":true,"href":"https:\/\/arriendo.com\/co\/wp-json\/wp\/v2\/es_floor_coverings?post=345738"},{"taxonomy":"es_feature","embeddable":true,"href":"https:\/\/arriendo.com\/co\/wp-json\/wp\/v2\/es_features?post=345738"},{"taxonomy":"es_amenity","embeddable":true,"href":"https:\/\/arriendo.com\/co\/wp-json\/wp\/v2\/es_amenities?post=345738"},{"taxonomy":"es_neighborhood","embeddable":true,"href":"https:\/\/arriendo.com\/co\/wp-json\/wp\/v2\/es_neighborhoods?post=345738"},{"taxonomy":"es_tag","embeddable":true,"href":"https:\/\/arriendo.com\/co\/wp-json\/wp\/v2\/es_tags?post=345738"}],"curies":[{"name":"wp","href":"https:\/\/api.w.org\/{rel}","templated":true}]}}

<p>Local en arriendo en La Magnolia &#8211; Envigado, con un ambiente, cocineta, un baño, piso en cerámica. Salón con buena iluminación. Área total de 25Mts².</p>
<p>Zona comercial y residencial cercana a supermercados, iglesias, parques, gimnasios y con fácil acceso a transporte público.</p>
<p>¡Conoce los requisitos para arrendar un inmueble con nosotros!</p>
