{"id":344108,"date":"2026-02-20T12:16:13","date_gmt":"2026-02-20T17:16:13","guid":{"rendered":"https:\/\/arriendo.com\/co\/%es_type%\/%address_city%\/%neighborhood%\/envigado-zuniga-apartamento-en-arriendo-en-d70b8b\/"},"modified":"2026-02-20T12:16:13","modified_gmt":"2026-02-20T17:16:13","slug":"AR-344108","status":"publish","type":"properties","link":"https:\/\/arriendo.com\/co\/apartamentos\/envigado\/zuniga\/AR-344108\/","title":{"rendered":"Apartamento en Arriendo en Zu\u00f1iga, Envigado"},"content":{"rendered":"<p>Inici\u00f3 usted la b\u00fasqueda de apartamento inmobiliaria proteger. Tienen su portafolio, un apartamento amplio iluminado con excelente ubicaci\u00f3n, parte baja del sector de envigado que vas a tener rutas de transporte estaci\u00f3n Del metro iglesias, restaurantes, colegios, todo eso cerca a tu nueva vivienda, tendr\u00e1s un apartamento con un balc\u00f3n amplio y c\u00f3modo donde puede ubicar mesas o sillas de hamaca para pasar una tarde agradable al interior, vas a encontrar sala, comedor, amplia y c\u00f3moda para muebles grandes y un espacio para un estudio para tu independencia. La empleada de servicios tiene su propia habitaci\u00f3n con un ba\u00f1o privado, zona de ropas, amplio y c\u00f3moda, pasando a la cocina, vas a encontrar muy buenas alacenas para guardar extractor, horno y cubierta. Continuamos por el corredor donde encuentras un ba\u00f1o completo social. Pasamos a las tres habitaciones todas con su respectivoc cl\u00f3set, la principal un amplio y c\u00f3modo vestier y su respectivo ba\u00f1o privado. Un punto a favor de este  departamento es que la segunda habitaci\u00f3n tambi\u00e9n cuenta con ba\u00f1o privado, siendo as\u00ed un total de cuatro ba\u00f1os.<\/p>\n","protected":false},"excerpt":{"rendered":"Inici\u00f3 usted la b\u00fasqueda de apartamento inmobiliaria proteger. Tienen su...","protected":false},"author":8382,"featured_media":344111,"template":"","es_locations":[79,511,3242],"es_categories":[124],"es_types":[114],"es_rent_periods":[],"es_labels":[],"es_statuses":[],"es_parkings":[],"es_roofs":[],"es_exterior_materials":[],"es_basements":[],"es_floor_coverings":[],"es_features":[2292,131,132,2212,2164,2232,2145,133,2146,2148,2331,151,2196,136,2179,145,2216,2132,2272,2133,2181,2182,2150,2136,144,2151,2152],"es_amenities":[2294,152,2186,2217,2187,2246,2153,2154,2155,2157,2332,2270,2197,2158,154,2160,156,2140,2273,158,159,2161,2143,161,2289,162,2162],"es_neighborhoods":[],"es_tags":[],"class_list":["post-344108","properties","type-properties","status-publish","has-post-thumbnail","hentry","es_location-antioquia","es_location-envigado","es_location-zuniga","es_category-arriendo","es_type-apartamentos","es_feature-acceso-pavimentado","es_feature-ascensor","es_feature-balcon","es_feature-bano-auxiliar","es_feature-bano-independiente","es_feature-bosque-nativo","es_feature-calentador","es_feature-citofono","es_feature-cocina-integral","es_feature-colegios-universidades","es_feature-cuarto-de-servicio","es_feature-deposito-bodega","es_feature-en-conjunto-cerrado","es_feature-estudio","es_feature-gimnasio","es_feature-instalacion-de-gas","es_feature-parqueadero-visitantes","es_feature-parques-cercanos","es_feature-piso-en-baldosa-marmol","es_feature-porteria-recepcion","es_feature-porteria-vigilancia","es_feature-salon-comunal","es_feature-supermercados-c-comerciales","es_feature-trans-publico-cercano","es_feature-vista-panoramica","es_feature-zona-de-lavanderia","es_feature-zona-residencial","es_amenity-acceso-pavimentado","es_amenity-ascensor-privado","es_amenity-balcon","es_amenity-bano-auxiliar","es_amenity-bano-independiente","es_amenity-bosque-nativo","es_amenity-calentador","es_amenity-citofono","es_amenity-cocina-integral","es_amenity-colegios-universidades","es_amenity-cuarto-de-servicio","es_amenity-deposito-bodega","es_amenity-en-conjunto-cerrado","es_amenity-estudio","es_amenity-gimnasio","es_amenity-instalacion-de-gas","es_amenity-parqueadero-visitantes","es_amenity-parques-cercanos","es_amenity-piso-en-baldosa-marmol","es_amenity-porteria-recepcion","es_amenity-salon-comunal","es_amenity-supermercados-c-comerciales","es_amenity-trans-publico-cercano","es_amenity-vigilancia-24-7","es_amenity-vista-panoramica","es_amenity-zona-de-lavanderia","es_amenity-zona-residencial","es-post-entity"],"_links":{"self":[{"href":"https:\/\/arriendo.com\/co\/wp-json\/wp\/v2\/properties\/344108","targetHints":{"allow":["GET"]}}],"collection":[{"href":"https:\/\/arriendo.com\/co\/wp-json\/wp\/v2\/properties"}],"about":[{"href":"https:\/\/arriendo.com\/co\/wp-json\/wp\/v2\/types\/properties"}],"author":[{"embeddable":true,"href":"https:\/\/arriendo.com\/co\/wp-json\/wp\/v2\/users\/8382"}],"version-history":[{"count":0,"href":"https:\/\/arriendo.com\/co\/wp-json\/wp\/v2\/properties\/344108\/revisions"}],"wp:featuredmedia":[{"embeddable":true,"href":"https:\/\/arriendo.com\/co\/wp-json\/wp\/v2\/media\/344111"}],"wp:attachment":[{"href":"https:\/\/arriendo.com\/co\/wp-json\/wp\/v2\/media?parent=344108"}],"wp:term":[{"taxonomy":"es_location","embeddable":true,"href":"https:\/\/arriendo.com\/co\/wp-json\/wp\/v2\/es_locations?post=344108"},{"taxonomy":"es_category","embeddable":true,"href":"https:\/\/arriendo.com\/co\/wp-json\/wp\/v2\/es_categories?post=344108"},{"taxonomy":"es_type","embeddable":true,"href":"https:\/\/arriendo.com\/co\/wp-json\/wp\/v2\/es_types?post=344108"},{"taxonomy":"es_rent_period","embeddable":true,"href":"https:\/\/arriendo.com\/co\/wp-json\/wp\/v2\/es_rent_periods?post=344108"},{"taxonomy":"es_label","embeddable":true,"href":"https:\/\/arriendo.com\/co\/wp-json\/wp\/v2\/es_labels?post=344108"},{"taxonomy":"es_status","embeddable":true,"href":"https:\/\/arriendo.com\/co\/wp-json\/wp\/v2\/es_statuses?post=344108"},{"taxonomy":"es_parking","embeddable":true,"href":"https:\/\/arriendo.com\/co\/wp-json\/wp\/v2\/es_parkings?post=344108"},{"taxonomy":"es_roof","embeddable":true,"href":"https:\/\/arriendo.com\/co\/wp-json\/wp\/v2\/es_roofs?post=344108"},{"taxonomy":"es_exterior_material","embeddable":true,"href":"https:\/\/arriendo.com\/co\/wp-json\/wp\/v2\/es_exterior_materials?post=344108"},{"taxonomy":"es_basement","embeddable":true,"href":"https:\/\/arriendo.com\/co\/wp-json\/wp\/v2\/es_basements?post=344108"},{"taxonomy":"es_floor_covering","embeddable":true,"href":"https:\/\/arriendo.com\/co\/wp-json\/wp\/v2\/es_floor_coverings?post=344108"},{"taxonomy":"es_feature","embeddable":true,"href":"https:\/\/arriendo.com\/co\/wp-json\/wp\/v2\/es_features?post=344108"},{"taxonomy":"es_amenity","embeddable":true,"href":"https:\/\/arriendo.com\/co\/wp-json\/wp\/v2\/es_amenities?post=344108"},{"taxonomy":"es_neighborhood","embeddable":true,"href":"https:\/\/arriendo.com\/co\/wp-json\/wp\/v2\/es_neighborhoods?post=344108"},{"taxonomy":"es_tag","embeddable":true,"href":"https:\/\/arriendo.com\/co\/wp-json\/wp\/v2\/es_tags?post=344108"}],"curies":[{"name":"wp","href":"https:\/\/api.w.org\/{rel}","templated":true}]}}

Apartamento en Arriendo en Zuñiga, Envigado

<p>Inició usted la búsqueda de apartamento inmobiliaria proteger. Tienen su portafolio, un apartamento amplio iluminado con excelente ubicación, parte baja del sector de envigado que vas a tener rutas de transporte estación Del metro iglesias, restaurantes, colegios, todo eso cerca a tu nueva vivienda, tendrás un apartamento con un balcón amplio y cómodo donde puede ubicar mesas o sillas de hamaca para pasar una tarde agradable al interior, vas a encontrar sala, comedor, amplia y cómoda para muebles grandes y un espacio para un estudio para tu independencia. La empleada de servicios tiene su propia habitación con un baño privado, zona de ropas, amplio y cómoda, pasando a la cocina, vas a encontrar muy buenas alacenas para guardar extractor, horno y cubierta. Continuamos por el corredor donde encuentras un baño completo social. Pasamos a las tres habitaciones todas con su respectivoc clóset, la principal un amplio y cómodo vestier y su respectivo baño privado. Un punto a favor de este  departamento es que la segunda habitación también cuenta con baño privado, siendo así un total de cuatro baños.</p>

Inició usted la búsqueda de apartamento inmobiliaria proteger. Tienen su...
