{"id":343841,"date":"2026-02-20T11:50:53","date_gmt":"2026-02-20T16:50:53","guid":{"rendered":"https:\/\/arriendo.com\/co\/%es_type%\/%address_city%\/%neighborhood%\/guarne-monta%ef%bf%bdez-finca-en-arriendo-en-da1eea\/"},"modified":"2026-02-20T11:50:53","modified_gmt":"2026-02-20T16:50:53","slug":"AR-343841","status":"publish","type":"properties","link":"https:\/\/arriendo.com\/co\/fincas\/guarne\/monta%ef%bf%bdez\/AR-343841\/","title":{"rendered":"Finca en arriendo en Monta\ufffdez, Guarne"},"content":{"rendered":"<p>Arriendo casa finca en el Municipio de Guarne, sector vereda la Mulona con un \u00e1rea de 3.000 m2 de lote, con casa de 400 mts mas Estadero. Cuenta con 7 alcobas, sala comedor, cocina, 5 ba\u00f1os completos  + 2 ba\u00f1os sociales, Kiosco, billar, Hermosa Vista.Portada el\u00e9ctrica.A 5 minutos del casco urbano. La via esta en un 70 porciento en placa huella.<\/p>\n","protected":false},"excerpt":{"rendered":"Arriendo casa finca en el Municipio de Guarne, sector vereda...","protected":false},"author":7549,"featured_media":343844,"template":"","es_locations":[79,766,3546],"es_categories":[124],"es_types":[118],"es_rent_periods":[],"es_labels":[],"es_statuses":[],"es_parkings":[],"es_roofs":[],"es_exterior_materials":[],"es_basements":[],"es_floor_coverings":[],"es_features":[2305,132,2212,2223,2164,2165,2145,2627,2166,2175,2146,2213,2312,2202,2178,2149,2203,2468,2304,2216,2543,2183,2239,143,2136,144,2306,2184,2151,2185,2204],"es_amenities":[2309,2186,2217,2245,2187,2188,2153,2630,2189,2190,2155,2218,2314,2207,2193,2159,2208,2469,2307,156,2546,2170,2256,2290,2143,2289,2308,2172,162,2173,2209],"es_neighborhoods":[],"es_tags":[],"class_list":["post-343841","properties","type-properties","status-publish","has-post-thumbnail","hentry","es_location-antioquia","es_location-guarne","es_location-montaez","es_category-arriendo","es_type-fincas","es_feature-area-rural","es_feature-balcon","es_feature-bano-auxiliar","es_feature-bano-compartido","es_feature-bano-independiente","es_feature-caldera","es_feature-calentador","es_feature-casa-de-trabajadores","es_feature-closet","es_feature-cochera","es_feature-cocina-integral","es_feature-comedor","es_feature-comedor-auxiliar","es_feature-garaje-parqueaderos","es_feature-garaje-cubierto","es_feature-garajes","es_feature-jardines-exteriores","es_feature-kiosko","es_feature-panoramica-360o","es_feature-parqueadero-visitantes","es_feature-pesebrera","es_feature-salon-de-juegos","es_feature-sobre-via-secundaria","es_feature-terraza","es_feature-trans-publico-cercano","es_feature-vista-panoramica","es_feature-zona-campestre","es_feature-zona-de-bbq","es_feature-zona-de-lavanderia","es_feature-zona-infantil","es_feature-zonas-verdes","es_amenity-area-rural","es_amenity-balcon","es_amenity-bano-auxiliar","es_amenity-bano-compartido","es_amenity-bano-independiente","es_amenity-caldera","es_amenity-calentador","es_amenity-casa-de-trabajadores","es_amenity-closet","es_amenity-cochera","es_amenity-cocina-integral","es_amenity-comedor","es_amenity-comedor-auxiliar","es_amenity-garaje-parqueaderos","es_amenity-garaje-cubierto","es_amenity-garajes","es_amenity-jardines-exteriores","es_amenity-kiosko","es_amenity-panoramica-360o","es_amenity-parqueadero-visitantes","es_amenity-pesebrera","es_amenity-salon-de-juegos","es_amenity-sobre-via-secundaria","es_amenity-terraza","es_amenity-trans-publico-cercano","es_amenity-vista-panoramica","es_amenity-zona-campestre","es_amenity-zona-de-bbq","es_amenity-zona-de-lavanderia","es_amenity-zona-infantil","es_amenity-zonas-verdes","es-post-entity"],"_links":{"self":[{"href":"https:\/\/arriendo.com\/co\/wp-json\/wp\/v2\/properties\/343841","targetHints":{"allow":["GET"]}}],"collection":[{"href":"https:\/\/arriendo.com\/co\/wp-json\/wp\/v2\/properties"}],"about":[{"href":"https:\/\/arriendo.com\/co\/wp-json\/wp\/v2\/types\/properties"}],"author":[{"embeddable":true,"href":"https:\/\/arriendo.com\/co\/wp-json\/wp\/v2\/users\/7549"}],"version-history":[{"count":0,"href":"https:\/\/arriendo.com\/co\/wp-json\/wp\/v2\/properties\/343841\/revisions"}],"wp:featuredmedia":[{"embeddable":true,"href":"https:\/\/arriendo.com\/co\/wp-json\/wp\/v2\/media\/343844"}],"wp:attachment":[{"href":"https:\/\/arriendo.com\/co\/wp-json\/wp\/v2\/media?parent=343841"}],"wp:term":[{"taxonomy":"es_location","embeddable":true,"href":"https:\/\/arriendo.com\/co\/wp-json\/wp\/v2\/es_locations?post=343841"},{"taxonomy":"es_category","embeddable":true,"href":"https:\/\/arriendo.com\/co\/wp-json\/wp\/v2\/es_categories?post=343841"},{"taxonomy":"es_type","embeddable":true,"href":"https:\/\/arriendo.com\/co\/wp-json\/wp\/v2\/es_types?post=343841"},{"taxonomy":"es_rent_period","embeddable":true,"href":"https:\/\/arriendo.com\/co\/wp-json\/wp\/v2\/es_rent_periods?post=343841"},{"taxonomy":"es_label","embeddable":true,"href":"https:\/\/arriendo.com\/co\/wp-json\/wp\/v2\/es_labels?post=343841"},{"taxonomy":"es_status","embeddable":true,"href":"https:\/\/arriendo.com\/co\/wp-json\/wp\/v2\/es_statuses?post=343841"},{"taxonomy":"es_parking","embeddable":true,"href":"https:\/\/arriendo.com\/co\/wp-json\/wp\/v2\/es_parkings?post=343841"},{"taxonomy":"es_roof","embeddable":true,"href":"https:\/\/arriendo.com\/co\/wp-json\/wp\/v2\/es_roofs?post=343841"},{"taxonomy":"es_exterior_material","embeddable":true,"href":"https:\/\/arriendo.com\/co\/wp-json\/wp\/v2\/es_exterior_materials?post=343841"},{"taxonomy":"es_basement","embeddable":true,"href":"https:\/\/arriendo.com\/co\/wp-json\/wp\/v2\/es_basements?post=343841"},{"taxonomy":"es_floor_covering","embeddable":true,"href":"https:\/\/arriendo.com\/co\/wp-json\/wp\/v2\/es_floor_coverings?post=343841"},{"taxonomy":"es_feature","embeddable":true,"href":"https:\/\/arriendo.com\/co\/wp-json\/wp\/v2\/es_features?post=343841"},{"taxonomy":"es_amenity","embeddable":true,"href":"https:\/\/arriendo.com\/co\/wp-json\/wp\/v2\/es_amenities?post=343841"},{"taxonomy":"es_neighborhood","embeddable":true,"href":"https:\/\/arriendo.com\/co\/wp-json\/wp\/v2\/es_neighborhoods?post=343841"},{"taxonomy":"es_tag","embeddable":true,"href":"https:\/\/arriendo.com\/co\/wp-json\/wp\/v2\/es_tags?post=343841"}],"curies":[{"name":"wp","href":"https:\/\/api.w.org\/{rel}","templated":true}]}}

<p>Arriendo casa finca en el Municipio de Guarne, sector vereda la Mulona con un área de 3.000 m2 de lote, con casa de 400 mts mas Estadero. Cuenta con 7 alcobas, sala comedor, cocina, 5 baños completos  + 2 baños sociales, Kiosco, billar, Hermosa Vista.Portada eléctrica.A 5 minutos del casco urbano. La via esta en un 70 porciento en placa huella.</p>
