{"id":343487,"date":"2026-02-20T11:45:25","date_gmt":"2026-02-20T16:45:25","guid":{"rendered":"https:\/\/arriendo.com\/co\/%es_type%\/%address_city%\/%neighborhood%\/sabaneta-villas-del-carmen-apartamento-en-arriendo-en-5935b1\/"},"modified":"2026-02-20T11:45:25","modified_gmt":"2026-02-20T16:45:25","slug":"AR-343487","status":"publish","type":"properties","link":"https:\/\/arriendo.com\/co\/apartamentos\/sabaneta\/villas-del-carmen\/AR-343487\/","title":{"rendered":"Apartamento en Arriendo en Villas del carmen, Sabaneta"},"content":{"rendered":"<p>Arriendo apartamento en Sabaneta \u2013 Cerca a Mayorca<br \/>\nApartamento de 70 m\u00b2 en urbanizaci\u00f3n con excelente ubicaci\u00f3n, a solo unos metros del Centro Comercial Mayorca, con f\u00e1cil acceso a transporte p\u00fablico y v\u00edas principales. La unidad cuenta con piscina, turco, sauna, gimnasio y parques infantiles.<\/p>\n<p>El apartamento dispone de 2 alcobas, 2 ba\u00f1os, sala-comedor, cocina integral, zona de ropas, balc\u00f3n, parqueadero privado y cuarto \u00fatil. Estrato 4. 1254-580<\/p>\n","protected":false},"excerpt":{"rendered":"Arriendo apartamento en Sabaneta \u2013 Cerca a Mayorca Apartamento de...","protected":false},"author":7324,"featured_media":343490,"template":"","es_locations":[79,473,3214],"es_categories":[124],"es_types":[114],"es_rent_periods":[],"es_labels":[],"es_statuses":[],"es_parkings":[],"es_roofs":[],"es_exterior_materials":[],"es_basements":[],"es_floor_coverings":[],"es_features":[2407,131,2231,2212,2472,2263,2145,2200,2293,2166,2146,2213,151,2196,2176,2178,2179,145,2216,2132,2180,2418,2236,2182,2150,2228,2241,2242,144,2184,2151,2185,2152,2204],"es_amenities":[2408,152,2244,2217,2473,2269,2153,2205,2295,2189,2155,2218,2270,2197,2191,2193,154,2160,156,2140,157,2419,2253,159,2161,2258,2259,2260,2289,2172,162,2173,2162,2209],"es_neighborhoods":[],"es_tags":[],"class_list":["post-343487","properties","type-properties","status-publish","has-post-thumbnail","hentry","es_location-antioquia","es_location-sabaneta","es_location-villas-del-carmen","es_category-arriendo","es_type-apartamentos","es_feature-asador","es_feature-ascensor","es_feature-bahias-de-parqueo","es_feature-bano-auxiliar","es_feature-banos-publicos","es_feature-barra-estilo-americano","es_feature-calentador","es_feature-cerca-a-sector-comercial","es_feature-cerca-centro-comercial","es_feature-closet","es_feature-cocina-integral","es_feature-comedor","es_feature-deposito-bodega","es_feature-en-conjunto-cerrado","es_feature-en-zona-residencial","es_feature-garaje-cubierto","es_feature-gimnasio","es_feature-instalacion-de-gas","es_feature-parqueadero-visitantes","es_feature-parques-cercanos","es_feature-piscina","es_feature-piso-en-madera","es_feature-restaurantes","es_feature-salon-comunal","es_feature-supermercados-c-comerciales","es_feature-ventilacion-natural","es_feature-vigilancia-24x7","es_feature-vigilancia-privada-247","es_feature-vista-panoramica","es_feature-zona-de-bbq","es_feature-zona-de-lavanderia","es_feature-zona-infantil","es_feature-zona-residencial","es_feature-zonas-verdes","es_amenity-asador","es_amenity-ascensor-privado","es_amenity-bahias-de-parqueo","es_amenity-bano-auxiliar","es_amenity-banos-publicos","es_amenity-barra-estilo-americano","es_amenity-calentador","es_amenity-cerca-a-sector-comercial","es_amenity-cerca-centro-comercial","es_amenity-closet","es_amenity-cocina-integral","es_amenity-comedor","es_amenity-deposito-bodega","es_amenity-en-conjunto-cerrado","es_amenity-en-zona-residencial","es_amenity-garaje-cubierto","es_amenity-gimnasio","es_amenity-instalacion-de-gas","es_amenity-parqueadero-visitantes","es_amenity-parques-cercanos","es_amenity-piscina","es_amenity-piso-en-madera","es_amenity-restaurantes","es_amenity-salon-comunal","es_amenity-supermercados-c-comerciales","es_amenity-ventilacion-natural","es_amenity-vigilancia-24x7","es_amenity-vigilancia-privada-247","es_amenity-vista-panoramica","es_amenity-zona-de-bbq","es_amenity-zona-de-lavanderia","es_amenity-zona-infantil","es_amenity-zona-residencial","es_amenity-zonas-verdes","es-post-entity"],"_links":{"self":[{"href":"https:\/\/arriendo.com\/co\/wp-json\/wp\/v2\/properties\/343487","targetHints":{"allow":["GET"]}}],"collection":[{"href":"https:\/\/arriendo.com\/co\/wp-json\/wp\/v2\/properties"}],"about":[{"href":"https:\/\/arriendo.com\/co\/wp-json\/wp\/v2\/types\/properties"}],"author":[{"embeddable":true,"href":"https:\/\/arriendo.com\/co\/wp-json\/wp\/v2\/users\/7324"}],"version-history":[{"count":0,"href":"https:\/\/arriendo.com\/co\/wp-json\/wp\/v2\/properties\/343487\/revisions"}],"wp:featuredmedia":[{"embeddable":true,"href":"https:\/\/arriendo.com\/co\/wp-json\/wp\/v2\/media\/343490"}],"wp:attachment":[{"href":"https:\/\/arriendo.com\/co\/wp-json\/wp\/v2\/media?parent=343487"}],"wp:term":[{"taxonomy":"es_location","embeddable":true,"href":"https:\/\/arriendo.com\/co\/wp-json\/wp\/v2\/es_locations?post=343487"},{"taxonomy":"es_category","embeddable":true,"href":"https:\/\/arriendo.com\/co\/wp-json\/wp\/v2\/es_categories?post=343487"},{"taxonomy":"es_type","embeddable":true,"href":"https:\/\/arriendo.com\/co\/wp-json\/wp\/v2\/es_types?post=343487"},{"taxonomy":"es_rent_period","embeddable":true,"href":"https:\/\/arriendo.com\/co\/wp-json\/wp\/v2\/es_rent_periods?post=343487"},{"taxonomy":"es_label","embeddable":true,"href":"https:\/\/arriendo.com\/co\/wp-json\/wp\/v2\/es_labels?post=343487"},{"taxonomy":"es_status","embeddable":true,"href":"https:\/\/arriendo.com\/co\/wp-json\/wp\/v2\/es_statuses?post=343487"},{"taxonomy":"es_parking","embeddable":true,"href":"https:\/\/arriendo.com\/co\/wp-json\/wp\/v2\/es_parkings?post=343487"},{"taxonomy":"es_roof","embeddable":true,"href":"https:\/\/arriendo.com\/co\/wp-json\/wp\/v2\/es_roofs?post=343487"},{"taxonomy":"es_exterior_material","embeddable":true,"href":"https:\/\/arriendo.com\/co\/wp-json\/wp\/v2\/es_exterior_materials?post=343487"},{"taxonomy":"es_basement","embeddable":true,"href":"https:\/\/arriendo.com\/co\/wp-json\/wp\/v2\/es_basements?post=343487"},{"taxonomy":"es_floor_covering","embeddable":true,"href":"https:\/\/arriendo.com\/co\/wp-json\/wp\/v2\/es_floor_coverings?post=343487"},{"taxonomy":"es_feature","embeddable":true,"href":"https:\/\/arriendo.com\/co\/wp-json\/wp\/v2\/es_features?post=343487"},{"taxonomy":"es_amenity","embeddable":true,"href":"https:\/\/arriendo.com\/co\/wp-json\/wp\/v2\/es_amenities?post=343487"},{"taxonomy":"es_neighborhood","embeddable":true,"href":"https:\/\/arriendo.com\/co\/wp-json\/wp\/v2\/es_neighborhoods?post=343487"},{"taxonomy":"es_tag","embeddable":true,"href":"https:\/\/arriendo.com\/co\/wp-json\/wp\/v2\/es_tags?post=343487"}],"curies":[{"name":"wp","href":"https:\/\/api.w.org\/{rel}","templated":true}]}}

<p>Arriendo apartamento en Sabaneta – Cerca a Mayorca<br />
Apartamento de 70 m² en urbanización con excelente ubicación, a solo unos metros del Centro Comercial Mayorca, con fácil acceso a transporte público y vías principales. La unidad cuenta con piscina, turco, sauna, gimnasio y parques infantiles.</p>
<p>El apartamento dispone de 2 alcobas, 2 baños, sala-comedor, cocina integral, zona de ropas, balcón, parqueadero privado y cuarto útil. Estrato 4. 1254-580</p>
