{"id":343411,"date":"2026-02-20T11:44:04","date_gmt":"2026-02-20T16:44:04","guid":{"rendered":"https:\/\/arriendo.com\/co\/%es_type%\/%address_city%\/%neighborhood%\/envigado-jardines-apartamento-en-arriendo-en-478466\/"},"modified":"2026-02-20T11:44:04","modified_gmt":"2026-02-20T16:44:04","slug":"AR-343411","status":"publish","type":"properties","link":"https:\/\/arriendo.com\/co\/apartamentos\/envigado\/jardines\/AR-343411\/","title":{"rendered":"Apartamento en Arriendo en Jardines, Envigado"},"content":{"rendered":"<p>Arriendo apartamento en Envigado, sector Jardines, al lado del centro comercial Viva. Excelente ubicaci\u00f3n con f\u00e1cil acceso y muy buen transporte p\u00fablico, en urbanizaci\u00f3n con agradables zonas comunes. Aptode 89 M2, con 3 alcobas, 3 ba\u00f1os, sala-comedor, cocina integral, balc\u00f3n, zona de ropas, parqueadero privado y cuarto \u00fatil. Estrato 5. Precio de arriendo $3.700.000 1254-493<\/p>\n","protected":false},"excerpt":{"rendered":"Arriendo apartamento en Envigado, sector Jardines, al lado del centro...","protected":false},"author":7324,"featured_media":343414,"template":"","es_locations":[79,511,1549],"es_categories":[124],"es_types":[114],"es_rent_periods":[],"es_labels":[],"es_statuses":[],"es_parkings":[],"es_roofs":[],"es_exterior_materials":[],"es_basements":[],"es_floor_coverings":[],"es_features":[2174,132,2212,2130,2166,2146,2213,151,2149,145,2216,2272,2181,2228,2241,2242,2151,2185,2152,2204],"es_amenities":[2169,2186,2217,2138,2189,2155,2218,2270,2159,2160,156,2273,2194,2258,2259,2260,162,2173,2162,2209],"es_neighborhoods":[],"es_tags":[],"class_list":["post-343411","properties","type-properties","status-publish","has-post-thumbnail","hentry","es_location-antioquia","es_location-envigado","es_location-jardines","es_category-arriendo","es_type-apartamentos","es_feature-auditorio","es_feature-balcon","es_feature-bano-auxiliar","es_feature-banos-comunales","es_feature-closet","es_feature-cocina-integral","es_feature-comedor","es_feature-deposito-bodega","es_feature-garajes","es_feature-instalacion-de-gas","es_feature-parqueadero-visitantes","es_feature-piso-en-baldosa-marmol","es_feature-porteria-vigilancia","es_feature-ventilacion-natural","es_feature-vigilancia-24x7","es_feature-vigilancia-privada-247","es_feature-zona-de-lavanderia","es_feature-zona-infantil","es_feature-zona-residencial","es_feature-zonas-verdes","es_amenity-auditorio","es_amenity-balcon","es_amenity-bano-auxiliar","es_amenity-banos-comunales","es_amenity-closet","es_amenity-cocina-integral","es_amenity-comedor","es_amenity-deposito-bodega","es_amenity-garajes","es_amenity-instalacion-de-gas","es_amenity-parqueadero-visitantes","es_amenity-piso-en-baldosa-marmol","es_amenity-porteria-vigilancia","es_amenity-ventilacion-natural","es_amenity-vigilancia-24x7","es_amenity-vigilancia-privada-247","es_amenity-zona-de-lavanderia","es_amenity-zona-infantil","es_amenity-zona-residencial","es_amenity-zonas-verdes","es-post-entity"],"_links":{"self":[{"href":"https:\/\/arriendo.com\/co\/wp-json\/wp\/v2\/properties\/343411","targetHints":{"allow":["GET"]}}],"collection":[{"href":"https:\/\/arriendo.com\/co\/wp-json\/wp\/v2\/properties"}],"about":[{"href":"https:\/\/arriendo.com\/co\/wp-json\/wp\/v2\/types\/properties"}],"author":[{"embeddable":true,"href":"https:\/\/arriendo.com\/co\/wp-json\/wp\/v2\/users\/7324"}],"version-history":[{"count":0,"href":"https:\/\/arriendo.com\/co\/wp-json\/wp\/v2\/properties\/343411\/revisions"}],"wp:featuredmedia":[{"embeddable":true,"href":"https:\/\/arriendo.com\/co\/wp-json\/wp\/v2\/media\/343414"}],"wp:attachment":[{"href":"https:\/\/arriendo.com\/co\/wp-json\/wp\/v2\/media?parent=343411"}],"wp:term":[{"taxonomy":"es_location","embeddable":true,"href":"https:\/\/arriendo.com\/co\/wp-json\/wp\/v2\/es_locations?post=343411"},{"taxonomy":"es_category","embeddable":true,"href":"https:\/\/arriendo.com\/co\/wp-json\/wp\/v2\/es_categories?post=343411"},{"taxonomy":"es_type","embeddable":true,"href":"https:\/\/arriendo.com\/co\/wp-json\/wp\/v2\/es_types?post=343411"},{"taxonomy":"es_rent_period","embeddable":true,"href":"https:\/\/arriendo.com\/co\/wp-json\/wp\/v2\/es_rent_periods?post=343411"},{"taxonomy":"es_label","embeddable":true,"href":"https:\/\/arriendo.com\/co\/wp-json\/wp\/v2\/es_labels?post=343411"},{"taxonomy":"es_status","embeddable":true,"href":"https:\/\/arriendo.com\/co\/wp-json\/wp\/v2\/es_statuses?post=343411"},{"taxonomy":"es_parking","embeddable":true,"href":"https:\/\/arriendo.com\/co\/wp-json\/wp\/v2\/es_parkings?post=343411"},{"taxonomy":"es_roof","embeddable":true,"href":"https:\/\/arriendo.com\/co\/wp-json\/wp\/v2\/es_roofs?post=343411"},{"taxonomy":"es_exterior_material","embeddable":true,"href":"https:\/\/arriendo.com\/co\/wp-json\/wp\/v2\/es_exterior_materials?post=343411"},{"taxonomy":"es_basement","embeddable":true,"href":"https:\/\/arriendo.com\/co\/wp-json\/wp\/v2\/es_basements?post=343411"},{"taxonomy":"es_floor_covering","embeddable":true,"href":"https:\/\/arriendo.com\/co\/wp-json\/wp\/v2\/es_floor_coverings?post=343411"},{"taxonomy":"es_feature","embeddable":true,"href":"https:\/\/arriendo.com\/co\/wp-json\/wp\/v2\/es_features?post=343411"},{"taxonomy":"es_amenity","embeddable":true,"href":"https:\/\/arriendo.com\/co\/wp-json\/wp\/v2\/es_amenities?post=343411"},{"taxonomy":"es_neighborhood","embeddable":true,"href":"https:\/\/arriendo.com\/co\/wp-json\/wp\/v2\/es_neighborhoods?post=343411"},{"taxonomy":"es_tag","embeddable":true,"href":"https:\/\/arriendo.com\/co\/wp-json\/wp\/v2\/es_tags?post=343411"}],"curies":[{"name":"wp","href":"https:\/\/api.w.org\/{rel}","templated":true}]}}

<p>Arriendo apartamento en Envigado, sector Jardines, al lado del centro comercial Viva. Excelente ubicación con fácil acceso y muy buen transporte público, en urbanización con agradables zonas comunes. Aptode 89 M2, con 3 alcobas, 3 baños, sala-comedor, cocina integral, balcón, zona de ropas, parqueadero privado y cuarto útil. Estrato 5. Precio de arriendo $3.700.000 1254-493</p>
