{"id":343353,"date":"2026-02-20T11:43:07","date_gmt":"2026-02-20T16:43:07","guid":{"rendered":"https:\/\/arriendo.com\/co\/%es_type%\/%address_city%\/%neighborhood%\/itagui-viviendas-del-sur-apartamento-en-arriendo-en-b8698f\/"},"modified":"2026-02-20T11:43:07","modified_gmt":"2026-02-20T16:43:07","slug":"AR-343353","status":"publish","type":"properties","link":"https:\/\/arriendo.com\/co\/apartamentos\/itagui\/viviendas-del-sur\/AR-343353\/","title":{"rendered":"Apartamento en Arriendo en Viviendas del Sur, Itagu\u00ed"},"content":{"rendered":"<p>Apartamento para arriendo Itag\u00fc\u00ed Sector De Viviendas del sur, cerca al parque de las chimeneas y f\u00e1cil acceso, con rutas de transporte p\u00fablico hasta la unidad  y cerca de super mercados y mall comercial.<br \/>\n ***<\/p>\n","protected":false},"excerpt":{"rendered":"Apartamento para arriendo Itag\u00fc\u00ed Sector De Viviendas del sur, cerca...","protected":false},"author":7324,"featured_media":343356,"template":"","es_locations":[79,475,3356],"es_categories":[124],"es_types":[114],"es_rent_periods":[],"es_labels":[],"es_statuses":[],"es_parkings":[],"es_roofs":[],"es_exterior_materials":[],"es_basements":[],"es_floor_coverings":[],"es_features":[2265,2212,2130,2200,2166,2148,2213,2178,2179,2216,2132,2180,2181,2182,2239,2150,2136,2228,2241,2242,2204],"es_amenities":[2268,2217,2138,2205,2189,2157,2218,2193,154,156,2140,157,2194,159,2256,2161,2143,2258,2259,2260,2209],"es_neighborhoods":[],"es_tags":[],"class_list":["post-343353","properties","type-properties","status-publish","has-post-thumbnail","hentry","es_location-antioquia","es_location-itagui","es_location-viviendas-del-sur","es_category-arriendo","es_type-apartamentos","es_feature-bahia-exterior-de-parqueo","es_feature-bano-auxiliar","es_feature-banos-comunales","es_feature-cerca-a-sector-comercial","es_feature-closet","es_feature-colegios-universidades","es_feature-comedor","es_feature-garaje-cubierto","es_feature-gimnasio","es_feature-parqueadero-visitantes","es_feature-parques-cercanos","es_feature-piscina","es_feature-porteria-vigilancia","es_feature-salon-comunal","es_feature-sobre-via-secundaria","es_feature-supermercados-c-comerciales","es_feature-trans-publico-cercano","es_feature-ventilacion-natural","es_feature-vigilancia-24x7","es_feature-vigilancia-privada-247","es_feature-zonas-verdes","es_amenity-bahia-exterior-de-parqueo","es_amenity-bano-auxiliar","es_amenity-banos-comunales","es_amenity-cerca-a-sector-comercial","es_amenity-closet","es_amenity-colegios-universidades","es_amenity-comedor","es_amenity-garaje-cubierto","es_amenity-gimnasio","es_amenity-parqueadero-visitantes","es_amenity-parques-cercanos","es_amenity-piscina","es_amenity-porteria-vigilancia","es_amenity-salon-comunal","es_amenity-sobre-via-secundaria","es_amenity-supermercados-c-comerciales","es_amenity-trans-publico-cercano","es_amenity-ventilacion-natural","es_amenity-vigilancia-24x7","es_amenity-vigilancia-privada-247","es_amenity-zonas-verdes","es-post-entity"],"_links":{"self":[{"href":"https:\/\/arriendo.com\/co\/wp-json\/wp\/v2\/properties\/343353","targetHints":{"allow":["GET"]}}],"collection":[{"href":"https:\/\/arriendo.com\/co\/wp-json\/wp\/v2\/properties"}],"about":[{"href":"https:\/\/arriendo.com\/co\/wp-json\/wp\/v2\/types\/properties"}],"author":[{"embeddable":true,"href":"https:\/\/arriendo.com\/co\/wp-json\/wp\/v2\/users\/7324"}],"version-history":[{"count":0,"href":"https:\/\/arriendo.com\/co\/wp-json\/wp\/v2\/properties\/343353\/revisions"}],"wp:featuredmedia":[{"embeddable":true,"href":"https:\/\/arriendo.com\/co\/wp-json\/wp\/v2\/media\/343356"}],"wp:attachment":[{"href":"https:\/\/arriendo.com\/co\/wp-json\/wp\/v2\/media?parent=343353"}],"wp:term":[{"taxonomy":"es_location","embeddable":true,"href":"https:\/\/arriendo.com\/co\/wp-json\/wp\/v2\/es_locations?post=343353"},{"taxonomy":"es_category","embeddable":true,"href":"https:\/\/arriendo.com\/co\/wp-json\/wp\/v2\/es_categories?post=343353"},{"taxonomy":"es_type","embeddable":true,"href":"https:\/\/arriendo.com\/co\/wp-json\/wp\/v2\/es_types?post=343353"},{"taxonomy":"es_rent_period","embeddable":true,"href":"https:\/\/arriendo.com\/co\/wp-json\/wp\/v2\/es_rent_periods?post=343353"},{"taxonomy":"es_label","embeddable":true,"href":"https:\/\/arriendo.com\/co\/wp-json\/wp\/v2\/es_labels?post=343353"},{"taxonomy":"es_status","embeddable":true,"href":"https:\/\/arriendo.com\/co\/wp-json\/wp\/v2\/es_statuses?post=343353"},{"taxonomy":"es_parking","embeddable":true,"href":"https:\/\/arriendo.com\/co\/wp-json\/wp\/v2\/es_parkings?post=343353"},{"taxonomy":"es_roof","embeddable":true,"href":"https:\/\/arriendo.com\/co\/wp-json\/wp\/v2\/es_roofs?post=343353"},{"taxonomy":"es_exterior_material","embeddable":true,"href":"https:\/\/arriendo.com\/co\/wp-json\/wp\/v2\/es_exterior_materials?post=343353"},{"taxonomy":"es_basement","embeddable":true,"href":"https:\/\/arriendo.com\/co\/wp-json\/wp\/v2\/es_basements?post=343353"},{"taxonomy":"es_floor_covering","embeddable":true,"href":"https:\/\/arriendo.com\/co\/wp-json\/wp\/v2\/es_floor_coverings?post=343353"},{"taxonomy":"es_feature","embeddable":true,"href":"https:\/\/arriendo.com\/co\/wp-json\/wp\/v2\/es_features?post=343353"},{"taxonomy":"es_amenity","embeddable":true,"href":"https:\/\/arriendo.com\/co\/wp-json\/wp\/v2\/es_amenities?post=343353"},{"taxonomy":"es_neighborhood","embeddable":true,"href":"https:\/\/arriendo.com\/co\/wp-json\/wp\/v2\/es_neighborhoods?post=343353"},{"taxonomy":"es_tag","embeddable":true,"href":"https:\/\/arriendo.com\/co\/wp-json\/wp\/v2\/es_tags?post=343353"}],"curies":[{"name":"wp","href":"https:\/\/api.w.org\/{rel}","templated":true}]}}

Apartamento en Arriendo en Viviendas del Sur, Itaguí

<p>Apartamento para arriendo Itagüí Sector De Viviendas del sur, cerca al parque de las chimeneas y fácil acceso, con rutas de transporte público hasta la unidad  y cerca de super mercados y mall comercial.<br />
 ***</p>

Apartamento para arriendo Itagüí Sector De Viviendas del sur, cerca...
