{"id":342213,"date":"2026-02-20T11:23:10","date_gmt":"2026-02-20T16:23:10","guid":{"rendered":"https:\/\/arriendo.com\/co\/%es_type%\/%address_city%\/%neighborhood%\/itagui-suramerica-local-en-arriendo-ed8060\/"},"modified":"2026-02-20T11:23:10","modified_gmt":"2026-02-20T16:23:10","slug":"AR-342213","status":"publish","type":"properties","link":"https:\/\/arriendo.com\/co\/locales\/itagui\/suramerica\/AR-342213\/","title":{"rendered":"Local en  Arriendo en Suramerica, Itagu\u00ed"},"content":{"rendered":"<p>Te presentamos una excelente oportunidad de inversi\u00f3n en uno de los municipios m\u00e1s prometedores de Antioquia: La Estrella. Se trata de un local en alquiler con una ubicaci\u00f3n estrat\u00e9gica, perfecto para aquellos que buscan iniciar o expandir su negocio en una zona de alta demanda.<\/p>\n<p>Este local cuenta con un \u00e1rea de terreno de 24 M2, lo cual te permite tener un espacio amplio y bien distribuido para tus actividades comerciales.<\/p>\n<p>Una de las ventajas de este local es su moderno dise\u00f1o y acabados de alta calidad, que le dan un aspecto atractivo y profesional. Adem\u00e1s, cuenta con un ba\u00f1o completo, lo que agrega comodidad y privacidad a tus clientes y empleados.<\/p>\n<p>Su ubicaci\u00f3n cerca de la zona urbana de La Estrella es una gran ventaja, ya que te permite estar cerca de una amplia gama de servicios y comodidades que podr\u00e1s aprovechar en beneficio de tu negocio. Adem\u00e1s, el transporte p\u00fablico se encuentra a poca distancia, lo que facilita el acceso a tu local tanto para tus clientes como para tus empleados.<\/p>\n<p>En resumen, si est\u00e1s buscando un local para alquilar en una ubicaci\u00f3n privilegiada y con todas las comodidades que necesitas para el \u00e9xito de tu negocio, este es el lugar ideal. \u00a1No pierdas la oportunidad de convertir tus sue\u00f1os en realidad, cont\u00e1ctanos ahora mismo para m\u00e1s informaci\u00f3n y agendar una visita!<\/p>\n","protected":false},"excerpt":{"rendered":"Te presentamos una excelente oportunidad de inversi\u00f3n en uno de...","protected":false},"author":4727,"featured_media":342216,"template":"","es_locations":[79,475,1474],"es_categories":[124],"es_types":[117],"es_rent_periods":[],"es_labels":[],"es_statuses":[],"es_parkings":[],"es_roofs":[],"es_exterior_materials":[],"es_basements":[],"es_floor_coverings":[],"es_features":[2233,2136],"es_amenities":[2248,2143],"es_neighborhoods":[],"es_tags":[],"class_list":["post-342213","properties","type-properties","status-publish","has-post-thumbnail","hentry","es_location-antioquia","es_location-itagui","es_location-suramerica","es_category-arriendo","es_type-locales","es_feature-cerca-de-zona-urbana","es_feature-trans-publico-cercano","es_amenity-cerca-de-zona-urbana","es_amenity-trans-publico-cercano","es-post-entity"],"_links":{"self":[{"href":"https:\/\/arriendo.com\/co\/wp-json\/wp\/v2\/properties\/342213","targetHints":{"allow":["GET"]}}],"collection":[{"href":"https:\/\/arriendo.com\/co\/wp-json\/wp\/v2\/properties"}],"about":[{"href":"https:\/\/arriendo.com\/co\/wp-json\/wp\/v2\/types\/properties"}],"author":[{"embeddable":true,"href":"https:\/\/arriendo.com\/co\/wp-json\/wp\/v2\/users\/4727"}],"version-history":[{"count":0,"href":"https:\/\/arriendo.com\/co\/wp-json\/wp\/v2\/properties\/342213\/revisions"}],"wp:featuredmedia":[{"embeddable":true,"href":"https:\/\/arriendo.com\/co\/wp-json\/wp\/v2\/media\/342216"}],"wp:attachment":[{"href":"https:\/\/arriendo.com\/co\/wp-json\/wp\/v2\/media?parent=342213"}],"wp:term":[{"taxonomy":"es_location","embeddable":true,"href":"https:\/\/arriendo.com\/co\/wp-json\/wp\/v2\/es_locations?post=342213"},{"taxonomy":"es_category","embeddable":true,"href":"https:\/\/arriendo.com\/co\/wp-json\/wp\/v2\/es_categories?post=342213"},{"taxonomy":"es_type","embeddable":true,"href":"https:\/\/arriendo.com\/co\/wp-json\/wp\/v2\/es_types?post=342213"},{"taxonomy":"es_rent_period","embeddable":true,"href":"https:\/\/arriendo.com\/co\/wp-json\/wp\/v2\/es_rent_periods?post=342213"},{"taxonomy":"es_label","embeddable":true,"href":"https:\/\/arriendo.com\/co\/wp-json\/wp\/v2\/es_labels?post=342213"},{"taxonomy":"es_status","embeddable":true,"href":"https:\/\/arriendo.com\/co\/wp-json\/wp\/v2\/es_statuses?post=342213"},{"taxonomy":"es_parking","embeddable":true,"href":"https:\/\/arriendo.com\/co\/wp-json\/wp\/v2\/es_parkings?post=342213"},{"taxonomy":"es_roof","embeddable":true,"href":"https:\/\/arriendo.com\/co\/wp-json\/wp\/v2\/es_roofs?post=342213"},{"taxonomy":"es_exterior_material","embeddable":true,"href":"https:\/\/arriendo.com\/co\/wp-json\/wp\/v2\/es_exterior_materials?post=342213"},{"taxonomy":"es_basement","embeddable":true,"href":"https:\/\/arriendo.com\/co\/wp-json\/wp\/v2\/es_basements?post=342213"},{"taxonomy":"es_floor_covering","embeddable":true,"href":"https:\/\/arriendo.com\/co\/wp-json\/wp\/v2\/es_floor_coverings?post=342213"},{"taxonomy":"es_feature","embeddable":true,"href":"https:\/\/arriendo.com\/co\/wp-json\/wp\/v2\/es_features?post=342213"},{"taxonomy":"es_amenity","embeddable":true,"href":"https:\/\/arriendo.com\/co\/wp-json\/wp\/v2\/es_amenities?post=342213"},{"taxonomy":"es_neighborhood","embeddable":true,"href":"https:\/\/arriendo.com\/co\/wp-json\/wp\/v2\/es_neighborhoods?post=342213"},{"taxonomy":"es_tag","embeddable":true,"href":"https:\/\/arriendo.com\/co\/wp-json\/wp\/v2\/es_tags?post=342213"}],"curies":[{"name":"wp","href":"https:\/\/api.w.org\/{rel}","templated":true}]}}

Local en  Arriendo en Suramerica, Itaguí

<p>Te presentamos una excelente oportunidad de inversión en uno de los municipios más prometedores de Antioquia: La Estrella. Se trata de un local en alquiler con una ubicación estratégica, perfecto para aquellos que buscan iniciar o expandir su negocio en una zona de alta demanda.</p>
<p>Este local cuenta con un área de terreno de 24 M2, lo cual te permite tener un espacio amplio y bien distribuido para tus actividades comerciales.</p>
<p>Una de las ventajas de este local es su moderno diseño y acabados de alta calidad, que le dan un aspecto atractivo y profesional. Además, cuenta con un baño completo, lo que agrega comodidad y privacidad a tus clientes y empleados.</p>
<p>Su ubicación cerca de la zona urbana de La Estrella es una gran ventaja, ya que te permite estar cerca de una amplia gama de servicios y comodidades que podrás aprovechar en beneficio de tu negocio. Además, el transporte público se encuentra a poca distancia, lo que facilita el acceso a tu local tanto para tus clientes como para tus empleados.</p>
<p>En resumen, si estás buscando un local para alquilar en una ubicación privilegiada y con todas las comodidades que necesitas para el éxito de tu negocio, este es el lugar ideal. ¡No pierdas la oportunidad de convertir tus sueños en realidad, contáctanos ahora mismo para más información y agendar una visita!</p>

Te presentamos una excelente oportunidad de inversión en uno de...
