{"id":342011,"date":"2026-02-20T11:19:33","date_gmt":"2026-02-20T16:19:33","guid":{"rendered":"https:\/\/arriendo.com\/co\/%es_type%\/%address_city%\/%neighborhood%\/sabaneta-entre-amigos-apartamento-en-arriendo-en-57a76b\/"},"modified":"2026-02-20T11:19:33","modified_gmt":"2026-02-20T16:19:33","slug":"AR-342011","status":"publish","type":"properties","link":"https:\/\/arriendo.com\/co\/apartamentos\/sabaneta\/entre-amigos\/AR-342011\/","title":{"rendered":"Apartamento en Arriendo en Entre amigos, Sabaneta"},"content":{"rendered":"<p>Este ampli\u00f3 apartamento de 93.15 M2, ofrece un espacio acogedor y funcional para vivir en armon\u00eda.<\/p>\n<p>El apartamento cuenta con 3 habitaciones y 3 ba\u00f1os, incluyendo un ba\u00f1o en la habitaci\u00f3n principal para mayor privacidad. Adem\u00e1s, los amplios cl\u00f3sets permiten un almacenamiento ordenado y eficiente. Cuenta con cocina integral amplia, zona de ropas y una buena vista hacia el Occidente de la ciudad.<\/p>\n<p>Si prefieres un ambiente tranquilo y residencial, este apartamento es una buena elecci\u00f3n ya que tiene parques cercanos y se encuentra en una zona residencial. Sin embargo, su ubicaci\u00f3n tambi\u00e9n ofrece acceso a una variedad de zonas comerciales e industriales, lo que lo hace perfecto para aquellos que buscan cercan\u00eda a oportunidades laborales y de negocios.<\/p>\n<p>En resumen, este apartamento en Sabaneta es una excelente opci\u00f3n para aquellos que buscan un lugar c\u00f3modo, moderno y bien ubicado para vivir. Con todas las caracter\u00edsticas que ofrece, no se quedar\u00e1 disponible por mucho tiempo. \u00a1Cont\u00e1ctanos hoy mismo para programar una visita y experimentar todo lo que este lugar tiene para ofrecer!<\/p>\n","protected":false},"excerpt":{"rendered":"Este ampli\u00f3 apartamento de 93.15 M2, ofrece un espacio acogedor...","protected":false},"author":4727,"featured_media":342014,"template":"","es_locations":[79,3537,473],"es_categories":[124],"es_types":[114],"es_rent_periods":[],"es_labels":[],"es_statuses":[],"es_parkings":[],"es_roofs":[],"es_exterior_materials":[],"es_basements":[],"es_floor_coverings":[],"es_features":[132,2212,2145,2146,2148,2132,2272,2150,2136,2151],"es_amenities":[2186,2217,2153,2155,2157,2140,2273,2161,2143,162],"es_neighborhoods":[],"es_tags":[],"class_list":["post-342011","properties","type-properties","status-publish","has-post-thumbnail","hentry","es_location-antioquia","es_location-entre-amigos","es_location-sabaneta","es_category-arriendo","es_type-apartamentos","es_feature-balcon","es_feature-bano-auxiliar","es_feature-calentador","es_feature-cocina-integral","es_feature-colegios-universidades","es_feature-parques-cercanos","es_feature-piso-en-baldosa-marmol","es_feature-supermercados-c-comerciales","es_feature-trans-publico-cercano","es_feature-zona-de-lavanderia","es_amenity-balcon","es_amenity-bano-auxiliar","es_amenity-calentador","es_amenity-cocina-integral","es_amenity-colegios-universidades","es_amenity-parques-cercanos","es_amenity-piso-en-baldosa-marmol","es_amenity-supermercados-c-comerciales","es_amenity-trans-publico-cercano","es_amenity-zona-de-lavanderia","es-post-entity"],"_links":{"self":[{"href":"https:\/\/arriendo.com\/co\/wp-json\/wp\/v2\/properties\/342011","targetHints":{"allow":["GET"]}}],"collection":[{"href":"https:\/\/arriendo.com\/co\/wp-json\/wp\/v2\/properties"}],"about":[{"href":"https:\/\/arriendo.com\/co\/wp-json\/wp\/v2\/types\/properties"}],"author":[{"embeddable":true,"href":"https:\/\/arriendo.com\/co\/wp-json\/wp\/v2\/users\/4727"}],"version-history":[{"count":0,"href":"https:\/\/arriendo.com\/co\/wp-json\/wp\/v2\/properties\/342011\/revisions"}],"wp:featuredmedia":[{"embeddable":true,"href":"https:\/\/arriendo.com\/co\/wp-json\/wp\/v2\/media\/342014"}],"wp:attachment":[{"href":"https:\/\/arriendo.com\/co\/wp-json\/wp\/v2\/media?parent=342011"}],"wp:term":[{"taxonomy":"es_location","embeddable":true,"href":"https:\/\/arriendo.com\/co\/wp-json\/wp\/v2\/es_locations?post=342011"},{"taxonomy":"es_category","embeddable":true,"href":"https:\/\/arriendo.com\/co\/wp-json\/wp\/v2\/es_categories?post=342011"},{"taxonomy":"es_type","embeddable":true,"href":"https:\/\/arriendo.com\/co\/wp-json\/wp\/v2\/es_types?post=342011"},{"taxonomy":"es_rent_period","embeddable":true,"href":"https:\/\/arriendo.com\/co\/wp-json\/wp\/v2\/es_rent_periods?post=342011"},{"taxonomy":"es_label","embeddable":true,"href":"https:\/\/arriendo.com\/co\/wp-json\/wp\/v2\/es_labels?post=342011"},{"taxonomy":"es_status","embeddable":true,"href":"https:\/\/arriendo.com\/co\/wp-json\/wp\/v2\/es_statuses?post=342011"},{"taxonomy":"es_parking","embeddable":true,"href":"https:\/\/arriendo.com\/co\/wp-json\/wp\/v2\/es_parkings?post=342011"},{"taxonomy":"es_roof","embeddable":true,"href":"https:\/\/arriendo.com\/co\/wp-json\/wp\/v2\/es_roofs?post=342011"},{"taxonomy":"es_exterior_material","embeddable":true,"href":"https:\/\/arriendo.com\/co\/wp-json\/wp\/v2\/es_exterior_materials?post=342011"},{"taxonomy":"es_basement","embeddable":true,"href":"https:\/\/arriendo.com\/co\/wp-json\/wp\/v2\/es_basements?post=342011"},{"taxonomy":"es_floor_covering","embeddable":true,"href":"https:\/\/arriendo.com\/co\/wp-json\/wp\/v2\/es_floor_coverings?post=342011"},{"taxonomy":"es_feature","embeddable":true,"href":"https:\/\/arriendo.com\/co\/wp-json\/wp\/v2\/es_features?post=342011"},{"taxonomy":"es_amenity","embeddable":true,"href":"https:\/\/arriendo.com\/co\/wp-json\/wp\/v2\/es_amenities?post=342011"},{"taxonomy":"es_neighborhood","embeddable":true,"href":"https:\/\/arriendo.com\/co\/wp-json\/wp\/v2\/es_neighborhoods?post=342011"},{"taxonomy":"es_tag","embeddable":true,"href":"https:\/\/arriendo.com\/co\/wp-json\/wp\/v2\/es_tags?post=342011"}],"curies":[{"name":"wp","href":"https:\/\/api.w.org\/{rel}","templated":true}]}}

<p>Este amplió apartamento de 93.15 M2, ofrece un espacio acogedor y funcional para vivir en armonía.</p>
<p>El apartamento cuenta con 3 habitaciones y 3 baños, incluyendo un baño en la habitación principal para mayor privacidad. Además, los amplios clósets permiten un almacenamiento ordenado y eficiente. Cuenta con cocina integral amplia, zona de ropas y una buena vista hacia el Occidente de la ciudad.</p>
<p>Si prefieres un ambiente tranquilo y residencial, este apartamento es una buena elección ya que tiene parques cercanos y se encuentra en una zona residencial. Sin embargo, su ubicación también ofrece acceso a una variedad de zonas comerciales e industriales, lo que lo hace perfecto para aquellos que buscan cercanía a oportunidades laborales y de negocios.</p>
<p>En resumen, este apartamento en Sabaneta es una excelente opción para aquellos que buscan un lugar cómodo, moderno y bien ubicado para vivir. Con todas las características que ofrece, no se quedará disponible por mucho tiempo. ¡Contáctanos hoy mismo para programar una visita y experimentar todo lo que este lugar tiene para ofrecer!</p>

Este amplió apartamento de 93.15 M2, ofrece un espacio acogedor...
