{"id":341970,"date":"2026-02-20T11:18:51","date_gmt":"2026-02-20T16:18:51","guid":{"rendered":"https:\/\/arriendo.com\/co\/%es_type%\/%address_city%\/%neighborhood%\/sabaneta-restrepo-naranjo-apartamento-en-arriendo-en-beb730\/"},"modified":"2026-02-20T11:18:52","modified_gmt":"2026-02-20T16:18:52","slug":"AR-341970","status":"publish","type":"properties","link":"https:\/\/arriendo.com\/co\/apartamentos\/sabaneta\/restrepo-naranjo\/AR-341970\/","title":{"rendered":"Apartamento en Arriendo en Restrepo naranjo, Sabaneta"},"content":{"rendered":"<p>Este ampli\u00f3 apartamento de 55 M2, ofrece un espacio acogedor y funcional para vivir en armon\u00eda.<\/p>\n<p>El apartamento cuenta con 2 habitaciones y 1 ba\u00f1os, incluyendo un ba\u00f1o en la habitaci\u00f3n principal para mayor privacidad. Adem\u00e1s, los amplios cl\u00f3sets permiten un almacenamiento ordenado y eficiente. Cuenta con cocina integral amplia, zona de ropas y una buena vista hacia el Oriente de la ciudad.<\/p>\n<p>La seguridad es una prioridad en este apartamento, con porter\u00eda y vigilancia las 24 horas del d\u00eda.<\/p>\n<p>Si prefieres un ambiente tranquilo y residencial, este apartamento es una buena elecci\u00f3n ya que tiene parques cercanos y se encuentra en una zona residencial. Sin embargo, su ubicaci\u00f3n tambi\u00e9n ofrece acceso a una variedad de zonas comerciales e industriales, lo que lo hace perfecto para aquellos que buscan cercan\u00eda a oportunidades laborales y de negocios.<\/p>\n<p>En resumen, este apartamento en Sabaneta es una excelente opci\u00f3n para aquellos que buscan un lugar c\u00f3modo, moderno y bien ubicado para vivir. Con todas las caracter\u00edsticas que ofrece, no se quedar\u00e1 disponible por mucho tiempo. \u00a1Cont\u00e1ctanos hoy mismo para programar una visita y experimentar todo lo que este lugar tiene para ofrecer!<\/p>\n","protected":false},"excerpt":{"rendered":"Este ampli\u00f3 apartamento de 55 M2, ofrece un espacio acogedor...","protected":false},"author":4727,"featured_media":341973,"template":"","es_locations":[79,1440,473],"es_categories":[124],"es_types":[114],"es_rent_periods":[],"es_labels":[],"es_statuses":[],"es_parkings":[],"es_roofs":[],"es_exterior_materials":[],"es_basements":[],"es_floor_coverings":[],"es_features":[131,132,2212,2146,2148,2132,2272,2133,2181,2136,2151],"es_amenities":[152,2186,2217,2155,2157,2140,2273,158,2143,161,162],"es_neighborhoods":[],"es_tags":[],"class_list":["post-341970","properties","type-properties","status-publish","has-post-thumbnail","hentry","es_location-antioquia","es_location-restrepo-naranjo","es_location-sabaneta","es_category-arriendo","es_type-apartamentos","es_feature-ascensor","es_feature-balcon","es_feature-bano-auxiliar","es_feature-cocina-integral","es_feature-colegios-universidades","es_feature-parques-cercanos","es_feature-piso-en-baldosa-marmol","es_feature-porteria-recepcion","es_feature-porteria-vigilancia","es_feature-trans-publico-cercano","es_feature-zona-de-lavanderia","es_amenity-ascensor-privado","es_amenity-balcon","es_amenity-bano-auxiliar","es_amenity-cocina-integral","es_amenity-colegios-universidades","es_amenity-parques-cercanos","es_amenity-piso-en-baldosa-marmol","es_amenity-porteria-recepcion","es_amenity-trans-publico-cercano","es_amenity-vigilancia-24-7","es_amenity-zona-de-lavanderia","es-post-entity"],"_links":{"self":[{"href":"https:\/\/arriendo.com\/co\/wp-json\/wp\/v2\/properties\/341970","targetHints":{"allow":["GET"]}}],"collection":[{"href":"https:\/\/arriendo.com\/co\/wp-json\/wp\/v2\/properties"}],"about":[{"href":"https:\/\/arriendo.com\/co\/wp-json\/wp\/v2\/types\/properties"}],"author":[{"embeddable":true,"href":"https:\/\/arriendo.com\/co\/wp-json\/wp\/v2\/users\/4727"}],"version-history":[{"count":0,"href":"https:\/\/arriendo.com\/co\/wp-json\/wp\/v2\/properties\/341970\/revisions"}],"wp:featuredmedia":[{"embeddable":true,"href":"https:\/\/arriendo.com\/co\/wp-json\/wp\/v2\/media\/341973"}],"wp:attachment":[{"href":"https:\/\/arriendo.com\/co\/wp-json\/wp\/v2\/media?parent=341970"}],"wp:term":[{"taxonomy":"es_location","embeddable":true,"href":"https:\/\/arriendo.com\/co\/wp-json\/wp\/v2\/es_locations?post=341970"},{"taxonomy":"es_category","embeddable":true,"href":"https:\/\/arriendo.com\/co\/wp-json\/wp\/v2\/es_categories?post=341970"},{"taxonomy":"es_type","embeddable":true,"href":"https:\/\/arriendo.com\/co\/wp-json\/wp\/v2\/es_types?post=341970"},{"taxonomy":"es_rent_period","embeddable":true,"href":"https:\/\/arriendo.com\/co\/wp-json\/wp\/v2\/es_rent_periods?post=341970"},{"taxonomy":"es_label","embeddable":true,"href":"https:\/\/arriendo.com\/co\/wp-json\/wp\/v2\/es_labels?post=341970"},{"taxonomy":"es_status","embeddable":true,"href":"https:\/\/arriendo.com\/co\/wp-json\/wp\/v2\/es_statuses?post=341970"},{"taxonomy":"es_parking","embeddable":true,"href":"https:\/\/arriendo.com\/co\/wp-json\/wp\/v2\/es_parkings?post=341970"},{"taxonomy":"es_roof","embeddable":true,"href":"https:\/\/arriendo.com\/co\/wp-json\/wp\/v2\/es_roofs?post=341970"},{"taxonomy":"es_exterior_material","embeddable":true,"href":"https:\/\/arriendo.com\/co\/wp-json\/wp\/v2\/es_exterior_materials?post=341970"},{"taxonomy":"es_basement","embeddable":true,"href":"https:\/\/arriendo.com\/co\/wp-json\/wp\/v2\/es_basements?post=341970"},{"taxonomy":"es_floor_covering","embeddable":true,"href":"https:\/\/arriendo.com\/co\/wp-json\/wp\/v2\/es_floor_coverings?post=341970"},{"taxonomy":"es_feature","embeddable":true,"href":"https:\/\/arriendo.com\/co\/wp-json\/wp\/v2\/es_features?post=341970"},{"taxonomy":"es_amenity","embeddable":true,"href":"https:\/\/arriendo.com\/co\/wp-json\/wp\/v2\/es_amenities?post=341970"},{"taxonomy":"es_neighborhood","embeddable":true,"href":"https:\/\/arriendo.com\/co\/wp-json\/wp\/v2\/es_neighborhoods?post=341970"},{"taxonomy":"es_tag","embeddable":true,"href":"https:\/\/arriendo.com\/co\/wp-json\/wp\/v2\/es_tags?post=341970"}],"curies":[{"name":"wp","href":"https:\/\/api.w.org\/{rel}","templated":true}]}}

<p>Este amplió apartamento de 55 M2, ofrece un espacio acogedor y funcional para vivir en armonía.</p>
<p>El apartamento cuenta con 2 habitaciones y 1 baños, incluyendo un baño en la habitación principal para mayor privacidad. Además, los amplios clósets permiten un almacenamiento ordenado y eficiente. Cuenta con cocina integral amplia, zona de ropas y una buena vista hacia el Oriente de la ciudad.</p>
<p>La seguridad es una prioridad en este apartamento, con portería y vigilancia las 24 horas del día.</p>
<p>Si prefieres un ambiente tranquilo y residencial, este apartamento es una buena elección ya que tiene parques cercanos y se encuentra en una zona residencial. Sin embargo, su ubicación también ofrece acceso a una variedad de zonas comerciales e industriales, lo que lo hace perfecto para aquellos que buscan cercanía a oportunidades laborales y de negocios.</p>
<p>En resumen, este apartamento en Sabaneta es una excelente opción para aquellos que buscan un lugar cómodo, moderno y bien ubicado para vivir. Con todas las características que ofrece, no se quedará disponible por mucho tiempo. ¡Contáctanos hoy mismo para programar una visita y experimentar todo lo que este lugar tiene para ofrecer!</p>

Este amplió apartamento de 55 M2, ofrece un espacio acogedor...
