{"id":339925,"date":"2026-02-20T10:28:41","date_gmt":"2026-02-20T15:28:41","guid":{"rendered":"https:\/\/arriendo.com\/co\/%es_type%\/%address_city%\/%neighborhood%\/bello-madera-apartamento-en-arriendo-en-9859ba\/"},"modified":"2026-02-20T10:28:41","modified_gmt":"2026-02-20T15:28:41","slug":"AR-339925","status":"publish","type":"properties","link":"https:\/\/arriendo.com\/co\/apartamentos\/bello\/madera\/AR-339925\/","title":{"rendered":"Apartamento en Arriendo en Madera, Bello"},"content":{"rendered":"<p>NORTE INMOBILIARIO ARRIENDA APARTAMENTO EN LA UNIDAD PUERTA MADERA, CERCANO A LA ESTACI\u00d3N MADERA DEL METRO, CUENTA CON 68 MTS, PISO 14, 3 ALCOBAS CON CLOSET, 2 BA\u00d1OS, COCINA INTEGRAL CON RED DE GAS, ZONA DE ROPAS, SALA COMEDOR, BALC\u00d3N, PARQUEADERO PRIVADO.<\/p>\n","protected":false},"excerpt":{"rendered":"NORTE INMOBILIARIO ARRIENDA APARTAMENTO EN LA UNIDAD PUERTA MADERA, CERCANO...","protected":false},"author":8242,"featured_media":339928,"template":"","es_locations":[79,538,3516],"es_categories":[124],"es_types":[114],"es_rent_periods":[],"es_labels":[],"es_statuses":[],"es_parkings":[],"es_roofs":[],"es_exterior_materials":[],"es_basements":[],"es_floor_coverings":[],"es_features":[131,132,2145,2211,2131,2146,2148,2196,2179,145,2203,2216,2132,2180,2133,2181,2182,2183,2167,2135,2150,2136,2137,2185,2152,2204],"es_amenities":[152,2186,2153,2210,2139,2155,2157,2197,154,2160,2208,156,2140,157,158,159,2170,2171,2142,2161,2143,161,2144,2173,2162,2209],"es_neighborhoods":[],"es_tags":[],"class_list":["post-339925","properties","type-properties","status-publish","has-post-thumbnail","hentry","es_location-antioquia","es_location-bello","es_location-madera","es_category-arriendo","es_type-apartamentos","es_feature-ascensor","es_feature-balcon","es_feature-calentador","es_feature-canchas-deportivas","es_feature-circuito-cerrado-de-tv","es_feature-cocina-integral","es_feature-colegios-universidades","es_feature-en-conjunto-cerrado","es_feature-gimnasio","es_feature-instalacion-de-gas","es_feature-jardines-exteriores","es_feature-parqueadero-visitantes","es_feature-parques-cercanos","es_feature-piscina","es_feature-porteria-recepcion","es_feature-porteria-vigilancia","es_feature-salon-comunal","es_feature-salon-de-juegos","es_feature-sauna-turco-jacuzzi","es_feature-sobre-via-principal","es_feature-supermercados-c-comerciales","es_feature-trans-publico-cercano","es_feature-zona-comercial","es_feature-zona-infantil","es_feature-zona-residencial","es_feature-zonas-verdes","es_amenity-ascensor-privado","es_amenity-balcon","es_amenity-calentador","es_amenity-canchas-deportivas","es_amenity-circuito-cerrado-de-tv","es_amenity-cocina-integral","es_amenity-colegios-universidades","es_amenity-en-conjunto-cerrado","es_amenity-gimnasio","es_amenity-instalacion-de-gas","es_amenity-jardines-exteriores","es_amenity-parqueadero-visitantes","es_amenity-parques-cercanos","es_amenity-piscina","es_amenity-porteria-recepcion","es_amenity-salon-comunal","es_amenity-salon-de-juegos","es_amenity-sauna-turco-jacuzzi","es_amenity-sobre-via-principal","es_amenity-supermercados-c-comerciales","es_amenity-trans-publico-cercano","es_amenity-vigilancia-24-7","es_amenity-zona-comercial","es_amenity-zona-infantil","es_amenity-zona-residencial","es_amenity-zonas-verdes","es-post-entity"],"_links":{"self":[{"href":"https:\/\/arriendo.com\/co\/wp-json\/wp\/v2\/properties\/339925","targetHints":{"allow":["GET"]}}],"collection":[{"href":"https:\/\/arriendo.com\/co\/wp-json\/wp\/v2\/properties"}],"about":[{"href":"https:\/\/arriendo.com\/co\/wp-json\/wp\/v2\/types\/properties"}],"author":[{"embeddable":true,"href":"https:\/\/arriendo.com\/co\/wp-json\/wp\/v2\/users\/8242"}],"version-history":[{"count":0,"href":"https:\/\/arriendo.com\/co\/wp-json\/wp\/v2\/properties\/339925\/revisions"}],"wp:featuredmedia":[{"embeddable":true,"href":"https:\/\/arriendo.com\/co\/wp-json\/wp\/v2\/media\/339928"}],"wp:attachment":[{"href":"https:\/\/arriendo.com\/co\/wp-json\/wp\/v2\/media?parent=339925"}],"wp:term":[{"taxonomy":"es_location","embeddable":true,"href":"https:\/\/arriendo.com\/co\/wp-json\/wp\/v2\/es_locations?post=339925"},{"taxonomy":"es_category","embeddable":true,"href":"https:\/\/arriendo.com\/co\/wp-json\/wp\/v2\/es_categories?post=339925"},{"taxonomy":"es_type","embeddable":true,"href":"https:\/\/arriendo.com\/co\/wp-json\/wp\/v2\/es_types?post=339925"},{"taxonomy":"es_rent_period","embeddable":true,"href":"https:\/\/arriendo.com\/co\/wp-json\/wp\/v2\/es_rent_periods?post=339925"},{"taxonomy":"es_label","embeddable":true,"href":"https:\/\/arriendo.com\/co\/wp-json\/wp\/v2\/es_labels?post=339925"},{"taxonomy":"es_status","embeddable":true,"href":"https:\/\/arriendo.com\/co\/wp-json\/wp\/v2\/es_statuses?post=339925"},{"taxonomy":"es_parking","embeddable":true,"href":"https:\/\/arriendo.com\/co\/wp-json\/wp\/v2\/es_parkings?post=339925"},{"taxonomy":"es_roof","embeddable":true,"href":"https:\/\/arriendo.com\/co\/wp-json\/wp\/v2\/es_roofs?post=339925"},{"taxonomy":"es_exterior_material","embeddable":true,"href":"https:\/\/arriendo.com\/co\/wp-json\/wp\/v2\/es_exterior_materials?post=339925"},{"taxonomy":"es_basement","embeddable":true,"href":"https:\/\/arriendo.com\/co\/wp-json\/wp\/v2\/es_basements?post=339925"},{"taxonomy":"es_floor_covering","embeddable":true,"href":"https:\/\/arriendo.com\/co\/wp-json\/wp\/v2\/es_floor_coverings?post=339925"},{"taxonomy":"es_feature","embeddable":true,"href":"https:\/\/arriendo.com\/co\/wp-json\/wp\/v2\/es_features?post=339925"},{"taxonomy":"es_amenity","embeddable":true,"href":"https:\/\/arriendo.com\/co\/wp-json\/wp\/v2\/es_amenities?post=339925"},{"taxonomy":"es_neighborhood","embeddable":true,"href":"https:\/\/arriendo.com\/co\/wp-json\/wp\/v2\/es_neighborhoods?post=339925"},{"taxonomy":"es_tag","embeddable":true,"href":"https:\/\/arriendo.com\/co\/wp-json\/wp\/v2\/es_tags?post=339925"}],"curies":[{"name":"wp","href":"https:\/\/api.w.org\/{rel}","templated":true}]}}

<p>NORTE INMOBILIARIO ARRIENDA APARTAMENTO EN LA UNIDAD PUERTA MADERA, CERCANO A LA ESTACIÓN MADERA DEL METRO, CUENTA CON 68 MTS, PISO 14, 3 ALCOBAS CON CLOSET, 2 BAÑOS, COCINA INTEGRAL CON RED DE GAS, ZONA DE ROPAS, SALA COMEDOR, BALCÓN, PARQUEADERO PRIVADO.</p>
