{"id":339397,"date":"2026-02-20T10:19:35","date_gmt":"2026-02-20T15:19:35","guid":{"rendered":"https:\/\/arriendo.com\/co\/%es_type%\/%address_city%\/%neighborhood%\/neiva-centro-oficina-en-arriendo-757fc7\/"},"modified":"2026-02-20T10:19:35","modified_gmt":"2026-02-20T15:19:35","slug":"AR-339397","status":"publish","type":"properties","link":"https:\/\/arriendo.com\/co\/oficinas\/neiva\/centro\/AR-339397\/","title":{"rendered":"Oficina en  Arriendo en Centro, Neiva"},"content":{"rendered":"<p>Oficina 303 Edificio Colseguros. \u00c1rea 52.88 m2. Dos salones, dos ba\u00f1os.  servicio de agua y energ\u00eda, Estrato comercial.  Canon $600.000  mas iva  mas admon 459-3436<\/p>\n","protected":false},"excerpt":{"rendered":"Oficina 303 Edificio Colseguros. \u00c1rea 52.88 m2. Dos salones, dos...","protected":false},"author":6209,"featured_media":339400,"template":"","es_locations":[505,94,431],"es_categories":[124],"es_types":[116],"es_rent_periods":[],"es_labels":[],"es_statuses":[],"es_parkings":[],"es_roofs":[],"es_exterior_materials":[],"es_basements":[],"es_floor_coverings":[],"es_features":[2293,2148,2355,2132,2236,2237,2135,2150,2136,2228,2241,2137],"es_amenities":[2295,2157,2360,2140,2253,160,2142,2161,2143,2258,2259,2144],"es_neighborhoods":[],"es_tags":[],"class_list":["post-339397","properties","type-properties","status-publish","has-post-thumbnail","hentry","es_location-centro","es_location-huila","es_location-neiva","es_category-arriendo","es_type-oficinas","es_feature-cerca-centro-comercial","es_feature-colegios-universidades","es_feature-oficinas-administrativas","es_feature-parques-cercanos","es_feature-restaurantes","es_feature-seguridad","es_feature-sobre-via-principal","es_feature-supermercados-c-comerciales","es_feature-trans-publico-cercano","es_feature-ventilacion-natural","es_feature-vigilancia-24x7","es_feature-zona-comercial","es_amenity-cerca-centro-comercial","es_amenity-colegios-universidades","es_amenity-oficinas-administrativas","es_amenity-parques-cercanos","es_amenity-restaurantes","es_amenity-seguridad-cctv","es_amenity-sobre-via-principal","es_amenity-supermercados-c-comerciales","es_amenity-trans-publico-cercano","es_amenity-ventilacion-natural","es_amenity-vigilancia-24x7","es_amenity-zona-comercial","es-post-entity"],"_links":{"self":[{"href":"https:\/\/arriendo.com\/co\/wp-json\/wp\/v2\/properties\/339397","targetHints":{"allow":["GET"]}}],"collection":[{"href":"https:\/\/arriendo.com\/co\/wp-json\/wp\/v2\/properties"}],"about":[{"href":"https:\/\/arriendo.com\/co\/wp-json\/wp\/v2\/types\/properties"}],"author":[{"embeddable":true,"href":"https:\/\/arriendo.com\/co\/wp-json\/wp\/v2\/users\/6209"}],"version-history":[{"count":0,"href":"https:\/\/arriendo.com\/co\/wp-json\/wp\/v2\/properties\/339397\/revisions"}],"wp:featuredmedia":[{"embeddable":true,"href":"https:\/\/arriendo.com\/co\/wp-json\/wp\/v2\/media\/339400"}],"wp:attachment":[{"href":"https:\/\/arriendo.com\/co\/wp-json\/wp\/v2\/media?parent=339397"}],"wp:term":[{"taxonomy":"es_location","embeddable":true,"href":"https:\/\/arriendo.com\/co\/wp-json\/wp\/v2\/es_locations?post=339397"},{"taxonomy":"es_category","embeddable":true,"href":"https:\/\/arriendo.com\/co\/wp-json\/wp\/v2\/es_categories?post=339397"},{"taxonomy":"es_type","embeddable":true,"href":"https:\/\/arriendo.com\/co\/wp-json\/wp\/v2\/es_types?post=339397"},{"taxonomy":"es_rent_period","embeddable":true,"href":"https:\/\/arriendo.com\/co\/wp-json\/wp\/v2\/es_rent_periods?post=339397"},{"taxonomy":"es_label","embeddable":true,"href":"https:\/\/arriendo.com\/co\/wp-json\/wp\/v2\/es_labels?post=339397"},{"taxonomy":"es_status","embeddable":true,"href":"https:\/\/arriendo.com\/co\/wp-json\/wp\/v2\/es_statuses?post=339397"},{"taxonomy":"es_parking","embeddable":true,"href":"https:\/\/arriendo.com\/co\/wp-json\/wp\/v2\/es_parkings?post=339397"},{"taxonomy":"es_roof","embeddable":true,"href":"https:\/\/arriendo.com\/co\/wp-json\/wp\/v2\/es_roofs?post=339397"},{"taxonomy":"es_exterior_material","embeddable":true,"href":"https:\/\/arriendo.com\/co\/wp-json\/wp\/v2\/es_exterior_materials?post=339397"},{"taxonomy":"es_basement","embeddable":true,"href":"https:\/\/arriendo.com\/co\/wp-json\/wp\/v2\/es_basements?post=339397"},{"taxonomy":"es_floor_covering","embeddable":true,"href":"https:\/\/arriendo.com\/co\/wp-json\/wp\/v2\/es_floor_coverings?post=339397"},{"taxonomy":"es_feature","embeddable":true,"href":"https:\/\/arriendo.com\/co\/wp-json\/wp\/v2\/es_features?post=339397"},{"taxonomy":"es_amenity","embeddable":true,"href":"https:\/\/arriendo.com\/co\/wp-json\/wp\/v2\/es_amenities?post=339397"},{"taxonomy":"es_neighborhood","embeddable":true,"href":"https:\/\/arriendo.com\/co\/wp-json\/wp\/v2\/es_neighborhoods?post=339397"},{"taxonomy":"es_tag","embeddable":true,"href":"https:\/\/arriendo.com\/co\/wp-json\/wp\/v2\/es_tags?post=339397"}],"curies":[{"name":"wp","href":"https:\/\/api.w.org\/{rel}","templated":true}]}}

<p>Oficina 303 Edificio Colseguros. Área 52.88 m2. Dos salones, dos baños.  servicio de agua y energía, Estrato comercial.  Canon $600.000  mas iva  mas admon 459-3436</p>

Oficina 303 Edificio Colseguros. Área 52.88 m2. Dos salones, dos...
