{"id":339357,"date":"2026-02-20T10:18:53","date_gmt":"2026-02-20T15:18:53","guid":{"rendered":"https:\/\/arriendo.com\/co\/%es_type%\/%address_city%\/%neighborhood%\/neiva-centro-oficina-en-arriendo-d81f3d\/"},"modified":"2026-02-20T10:18:53","modified_gmt":"2026-02-20T15:18:53","slug":"AR-339357","status":"publish","type":"properties","link":"https:\/\/arriendo.com\/co\/oficinas\/neiva\/centro\/AR-339357\/","title":{"rendered":"Oficina en  Arriendo en Centro, Neiva"},"content":{"rendered":"<p>CARRERA 6 No.10-32 CENTRO &#8211; LOCAL No.103. Consta de sal\u00f3n con ba\u00f1o y lavamanos, pisos en retal de m\u00e1rmol, cieloraso en drywall y plancha. Servicios p\u00fablicos de Energ\u00eda el\u00e9ctrica independientes y acueducto alcantarillado compartido entre locales. ESTRATO COMERCIAL.  459-7037<\/p>\n","protected":false},"excerpt":{"rendered":"CARRERA 6 No.10-32 CENTRO &#8211; LOCAL No.103. Consta de sal\u00f3n...","protected":false},"author":6209,"featured_media":339360,"template":"","es_locations":[505,94,431],"es_categories":[124],"es_types":[116],"es_rent_periods":[],"es_labels":[],"es_statuses":[],"es_parkings":[],"es_roofs":[],"es_exterior_materials":[],"es_basements":[],"es_floor_coverings":[],"es_features":[2230,2168,2148,2234,2201,2363,2220,2236,2134,2135,2150,2136,2228,2137],"es_amenities":[2243,2195,2157,2249,2206,2364,2221,2253,2141,2142,2161,2143,2258,2144],"es_neighborhoods":[],"es_tags":[],"class_list":["post-339357","properties","type-properties","status-publish","has-post-thumbnail","hentry","es_location-centro","es_location-huila","es_location-neiva","es_category-arriendo","es_type-oficinas","es_feature-alcantarillado","es_feature-area-urbana","es_feature-colegios-universidades","es_feature-comodas-vias-de-acceso","es_feature-en-zona-comercial","es_feature-locales-comerciales","es_feature-patio","es_feature-restaurantes","es_feature-servicios-publicos","es_feature-sobre-via-principal","es_feature-supermercados-c-comerciales","es_feature-trans-publico-cercano","es_feature-ventilacion-natural","es_feature-zona-comercial","es_amenity-alcantarillado","es_amenity-area-urbana","es_amenity-colegios-universidades","es_amenity-comodas-vias-de-acceso","es_amenity-en-zona-comercial","es_amenity-locales-comerciales","es_amenity-patio","es_amenity-restaurantes","es_amenity-servicios-publicos","es_amenity-sobre-via-principal","es_amenity-supermercados-c-comerciales","es_amenity-trans-publico-cercano","es_amenity-ventilacion-natural","es_amenity-zona-comercial","es-post-entity"],"_links":{"self":[{"href":"https:\/\/arriendo.com\/co\/wp-json\/wp\/v2\/properties\/339357","targetHints":{"allow":["GET"]}}],"collection":[{"href":"https:\/\/arriendo.com\/co\/wp-json\/wp\/v2\/properties"}],"about":[{"href":"https:\/\/arriendo.com\/co\/wp-json\/wp\/v2\/types\/properties"}],"author":[{"embeddable":true,"href":"https:\/\/arriendo.com\/co\/wp-json\/wp\/v2\/users\/6209"}],"version-history":[{"count":0,"href":"https:\/\/arriendo.com\/co\/wp-json\/wp\/v2\/properties\/339357\/revisions"}],"wp:featuredmedia":[{"embeddable":true,"href":"https:\/\/arriendo.com\/co\/wp-json\/wp\/v2\/media\/339360"}],"wp:attachment":[{"href":"https:\/\/arriendo.com\/co\/wp-json\/wp\/v2\/media?parent=339357"}],"wp:term":[{"taxonomy":"es_location","embeddable":true,"href":"https:\/\/arriendo.com\/co\/wp-json\/wp\/v2\/es_locations?post=339357"},{"taxonomy":"es_category","embeddable":true,"href":"https:\/\/arriendo.com\/co\/wp-json\/wp\/v2\/es_categories?post=339357"},{"taxonomy":"es_type","embeddable":true,"href":"https:\/\/arriendo.com\/co\/wp-json\/wp\/v2\/es_types?post=339357"},{"taxonomy":"es_rent_period","embeddable":true,"href":"https:\/\/arriendo.com\/co\/wp-json\/wp\/v2\/es_rent_periods?post=339357"},{"taxonomy":"es_label","embeddable":true,"href":"https:\/\/arriendo.com\/co\/wp-json\/wp\/v2\/es_labels?post=339357"},{"taxonomy":"es_status","embeddable":true,"href":"https:\/\/arriendo.com\/co\/wp-json\/wp\/v2\/es_statuses?post=339357"},{"taxonomy":"es_parking","embeddable":true,"href":"https:\/\/arriendo.com\/co\/wp-json\/wp\/v2\/es_parkings?post=339357"},{"taxonomy":"es_roof","embeddable":true,"href":"https:\/\/arriendo.com\/co\/wp-json\/wp\/v2\/es_roofs?post=339357"},{"taxonomy":"es_exterior_material","embeddable":true,"href":"https:\/\/arriendo.com\/co\/wp-json\/wp\/v2\/es_exterior_materials?post=339357"},{"taxonomy":"es_basement","embeddable":true,"href":"https:\/\/arriendo.com\/co\/wp-json\/wp\/v2\/es_basements?post=339357"},{"taxonomy":"es_floor_covering","embeddable":true,"href":"https:\/\/arriendo.com\/co\/wp-json\/wp\/v2\/es_floor_coverings?post=339357"},{"taxonomy":"es_feature","embeddable":true,"href":"https:\/\/arriendo.com\/co\/wp-json\/wp\/v2\/es_features?post=339357"},{"taxonomy":"es_amenity","embeddable":true,"href":"https:\/\/arriendo.com\/co\/wp-json\/wp\/v2\/es_amenities?post=339357"},{"taxonomy":"es_neighborhood","embeddable":true,"href":"https:\/\/arriendo.com\/co\/wp-json\/wp\/v2\/es_neighborhoods?post=339357"},{"taxonomy":"es_tag","embeddable":true,"href":"https:\/\/arriendo.com\/co\/wp-json\/wp\/v2\/es_tags?post=339357"}],"curies":[{"name":"wp","href":"https:\/\/api.w.org\/{rel}","templated":true}]}}

<p>CARRERA 6 No.10-32 CENTRO &#8211; LOCAL No.103. Consta de salón con baño y lavamanos, pisos en retal de mármol, cieloraso en drywall y plancha. Servicios públicos de Energía eléctrica independientes y acueducto alcantarillado compartido entre locales. ESTRATO COMERCIAL.  459-7037</p>

CARRERA 6 No.10-32 CENTRO &#8211; LOCAL No.103. Consta de salón...
