{"id":339077,"date":"2026-02-20T10:14:10","date_gmt":"2026-02-20T15:14:10","guid":{"rendered":"https:\/\/arriendo.com\/co\/%es_type%\/%address_city%\/%neighborhood%\/ibague-ibague-oficina-en-arriendo-en-26e7c0\/"},"modified":"2026-02-20T10:14:10","modified_gmt":"2026-02-20T15:14:10","slug":"AR-339077","status":"publish","type":"properties","link":"https:\/\/arriendo.com\/co\/oficinas\/ibague\/ibague\/AR-339077\/","title":{"rendered":"Oficina en Arriendo en Ibagu\u00e9"},"content":{"rendered":"<p>*** &#8211; D.C COLOMBIA S.A.S Arrienda oficinas con un \u00e1rea total de 580,08 m\u00b2, distribuidas en los pisos 2 y 3, ideales para espacios corporativos o comerciales. Las oficinas 201 a 206 conforman un \u00e1rea abierta de trabajo, con dos bater\u00edas de ba\u00f1os para hombres y mujeres, cocineta y hall de acceso comunal. Las oficinas 207 y 208 cuentan con oficina privada, ba\u00f1o, hall de acceso y terraza descubierta. En el tercer piso, las oficinas 301 a 305 incluyen espacios privados, ba\u00f1os para hombres y mujeres, cocineta y hall de acceso comunal. Ubicadas en una zona c\u00e9ntrica y de alta valorizaci\u00f3n, rodeada de vivienda unifamiliar y multifamiliar, edificios gubernamentales como la gobernaci\u00f3n y la alcald\u00eda, iglesias, centros comerciales, colegios, universidades, cl\u00ednicas, oficinas, parques y zonas verdes, lo que las convierte en una excelente oportunidad para inversi\u00f3n y desarrollo empresarial.<\/p>\n","protected":false},"excerpt":{"rendered":"*** &#8211; D.C COLOMBIA S.A.S Arrienda oficinas con un \u00e1rea...","protected":false},"author":7236,"featured_media":339080,"template":"","es_locations":[337,106],"es_categories":[124],"es_types":[116],"es_rent_periods":[],"es_labels":[],"es_statuses":[],"es_parkings":[],"es_roofs":[],"es_exterior_materials":[],"es_basements":[],"es_floor_coverings":[],"es_features":[2292,2370,2132,2135,2136,2137,2152],"es_amenities":[2294,2371,2140,2142,2143,2144,2162],"es_neighborhoods":[],"es_tags":[],"class_list":["post-339077","properties","type-properties","status-publish","has-post-thumbnail","hentry","es_location-ibague","es_location-tolima","es_category-arriendo","es_type-oficinas","es_feature-acceso-pavimentado","es_feature-oficina-de-negocios","es_feature-parques-cercanos","es_feature-sobre-via-principal","es_feature-trans-publico-cercano","es_feature-zona-comercial","es_feature-zona-residencial","es_amenity-acceso-pavimentado","es_amenity-oficina-de-negocios","es_amenity-parques-cercanos","es_amenity-sobre-via-principal","es_amenity-trans-publico-cercano","es_amenity-zona-comercial","es_amenity-zona-residencial","es-post-entity"],"_links":{"self":[{"href":"https:\/\/arriendo.com\/co\/wp-json\/wp\/v2\/properties\/339077","targetHints":{"allow":["GET"]}}],"collection":[{"href":"https:\/\/arriendo.com\/co\/wp-json\/wp\/v2\/properties"}],"about":[{"href":"https:\/\/arriendo.com\/co\/wp-json\/wp\/v2\/types\/properties"}],"author":[{"embeddable":true,"href":"https:\/\/arriendo.com\/co\/wp-json\/wp\/v2\/users\/7236"}],"version-history":[{"count":0,"href":"https:\/\/arriendo.com\/co\/wp-json\/wp\/v2\/properties\/339077\/revisions"}],"wp:featuredmedia":[{"embeddable":true,"href":"https:\/\/arriendo.com\/co\/wp-json\/wp\/v2\/media\/339080"}],"wp:attachment":[{"href":"https:\/\/arriendo.com\/co\/wp-json\/wp\/v2\/media?parent=339077"}],"wp:term":[{"taxonomy":"es_location","embeddable":true,"href":"https:\/\/arriendo.com\/co\/wp-json\/wp\/v2\/es_locations?post=339077"},{"taxonomy":"es_category","embeddable":true,"href":"https:\/\/arriendo.com\/co\/wp-json\/wp\/v2\/es_categories?post=339077"},{"taxonomy":"es_type","embeddable":true,"href":"https:\/\/arriendo.com\/co\/wp-json\/wp\/v2\/es_types?post=339077"},{"taxonomy":"es_rent_period","embeddable":true,"href":"https:\/\/arriendo.com\/co\/wp-json\/wp\/v2\/es_rent_periods?post=339077"},{"taxonomy":"es_label","embeddable":true,"href":"https:\/\/arriendo.com\/co\/wp-json\/wp\/v2\/es_labels?post=339077"},{"taxonomy":"es_status","embeddable":true,"href":"https:\/\/arriendo.com\/co\/wp-json\/wp\/v2\/es_statuses?post=339077"},{"taxonomy":"es_parking","embeddable":true,"href":"https:\/\/arriendo.com\/co\/wp-json\/wp\/v2\/es_parkings?post=339077"},{"taxonomy":"es_roof","embeddable":true,"href":"https:\/\/arriendo.com\/co\/wp-json\/wp\/v2\/es_roofs?post=339077"},{"taxonomy":"es_exterior_material","embeddable":true,"href":"https:\/\/arriendo.com\/co\/wp-json\/wp\/v2\/es_exterior_materials?post=339077"},{"taxonomy":"es_basement","embeddable":true,"href":"https:\/\/arriendo.com\/co\/wp-json\/wp\/v2\/es_basements?post=339077"},{"taxonomy":"es_floor_covering","embeddable":true,"href":"https:\/\/arriendo.com\/co\/wp-json\/wp\/v2\/es_floor_coverings?post=339077"},{"taxonomy":"es_feature","embeddable":true,"href":"https:\/\/arriendo.com\/co\/wp-json\/wp\/v2\/es_features?post=339077"},{"taxonomy":"es_amenity","embeddable":true,"href":"https:\/\/arriendo.com\/co\/wp-json\/wp\/v2\/es_amenities?post=339077"},{"taxonomy":"es_neighborhood","embeddable":true,"href":"https:\/\/arriendo.com\/co\/wp-json\/wp\/v2\/es_neighborhoods?post=339077"},{"taxonomy":"es_tag","embeddable":true,"href":"https:\/\/arriendo.com\/co\/wp-json\/wp\/v2\/es_tags?post=339077"}],"curies":[{"name":"wp","href":"https:\/\/api.w.org\/{rel}","templated":true}]}}

Oficina en Arriendo en Ibagué

<p>*** &#8211; D.C COLOMBIA S.A.S Arrienda oficinas con un área total de 580,08 m², distribuidas en los pisos 2 y 3, ideales para espacios corporativos o comerciales. Las oficinas 201 a 206 conforman un área abierta de trabajo, con dos baterías de baños para hombres y mujeres, cocineta y hall de acceso comunal. Las oficinas 207 y 208 cuentan con oficina privada, baño, hall de acceso y terraza descubierta. En el tercer piso, las oficinas 301 a 305 incluyen espacios privados, baños para hombres y mujeres, cocineta y hall de acceso comunal. Ubicadas en una zona céntrica y de alta valorización, rodeada de vivienda unifamiliar y multifamiliar, edificios gubernamentales como la gobernación y la alcaldía, iglesias, centros comerciales, colegios, universidades, clínicas, oficinas, parques y zonas verdes, lo que las convierte en una excelente oportunidad para inversión y desarrollo empresarial.</p>

*** &#8211; D.C COLOMBIA S.A.S Arrienda oficinas con un área...
