{"id":338147,"date":"2026-02-20T09:49:57","date_gmt":"2026-02-20T14:49:57","guid":{"rendered":"https:\/\/arriendo.com\/co\/%es_type%\/%address_city%\/%neighborhood%\/chia-br-santa-rita-local-en-arriendo-545e9d\/"},"modified":"2026-02-20T09:49:57","modified_gmt":"2026-02-20T14:49:57","slug":"AR-338147","status":"publish","type":"properties","link":"https:\/\/arriendo.com\/co\/locales\/chia\/br-santa-rita\/AR-338147\/","title":{"rendered":"Local en  Arriendo en Br santa rita, Ch\u00eda"},"content":{"rendered":"<p>ESPACIOS ABIERTOS te presenta local en arriendo, ubicado en Chia, Municipio con gran desarrollo econ\u00f3mico.  Cuenta con \u00e1rea de 694.18 mts2 sobre v\u00eda principal de gran visibilidad y en obra gris. La ubicaci\u00f3n del local permite un f\u00e1cil acceso a transporte p\u00fablico, alto flujo vehicular y peatonal. Se ubica en una zona comercial, financiera y hotelera ideal para materializar su negocio. Cuenta con un \u00e1rea de 113 metros cuadrados y vigilancia las 24 horas. La propiedad horizontal cuenta con circuito cerrado de T.V., terrazas sociales, acceso controlado, vidrios de seguridad con control ac\u00fastico y solar, planta el\u00e9ctrica y parqueadero para visitantes. Mensualidad $61&#8217;086.000 incluida admon. \u00a1Contactanos 315 ocho cero tres noventa y nueve treinta!.<\/p>\n","protected":false},"excerpt":{"rendered":"ESPACIOS ABIERTOS te presenta local en arriendo, ubicado en Chia,...","protected":false},"author":7376,"featured_media":338150,"template":"","es_locations":[2572,203,91],"es_categories":[124],"es_types":[117],"es_rent_periods":[],"es_labels":[],"es_statuses":[],"es_parkings":[],"es_roofs":[],"es_exterior_materials":[],"es_basements":[],"es_floor_coverings":[],"es_features":[150,2293,2135,2463,2136,144,2137],"es_amenities":[2387,2295,2142,2465,2143,2289,2144],"es_neighborhoods":[],"es_tags":[],"class_list":["post-338147","properties","type-properties","status-publish","has-post-thumbnail","hentry","es_location-br-santa-rita","es_location-chia","es_location-cundinamarca","es_category-arriendo","es_type-locales","es_feature-alarma","es_feature-cerca-centro-comercial","es_feature-sobre-via-principal","es_feature-tanques-de-agua","es_feature-trans-publico-cercano","es_feature-vista-panoramica","es_feature-zona-comercial","es_amenity-alarma","es_amenity-cerca-centro-comercial","es_amenity-sobre-via-principal","es_amenity-tanques-de-agua","es_amenity-trans-publico-cercano","es_amenity-vista-panoramica","es_amenity-zona-comercial","es-post-entity"],"_links":{"self":[{"href":"https:\/\/arriendo.com\/co\/wp-json\/wp\/v2\/properties\/338147","targetHints":{"allow":["GET"]}}],"collection":[{"href":"https:\/\/arriendo.com\/co\/wp-json\/wp\/v2\/properties"}],"about":[{"href":"https:\/\/arriendo.com\/co\/wp-json\/wp\/v2\/types\/properties"}],"author":[{"embeddable":true,"href":"https:\/\/arriendo.com\/co\/wp-json\/wp\/v2\/users\/7376"}],"version-history":[{"count":0,"href":"https:\/\/arriendo.com\/co\/wp-json\/wp\/v2\/properties\/338147\/revisions"}],"wp:featuredmedia":[{"embeddable":true,"href":"https:\/\/arriendo.com\/co\/wp-json\/wp\/v2\/media\/338150"}],"wp:attachment":[{"href":"https:\/\/arriendo.com\/co\/wp-json\/wp\/v2\/media?parent=338147"}],"wp:term":[{"taxonomy":"es_location","embeddable":true,"href":"https:\/\/arriendo.com\/co\/wp-json\/wp\/v2\/es_locations?post=338147"},{"taxonomy":"es_category","embeddable":true,"href":"https:\/\/arriendo.com\/co\/wp-json\/wp\/v2\/es_categories?post=338147"},{"taxonomy":"es_type","embeddable":true,"href":"https:\/\/arriendo.com\/co\/wp-json\/wp\/v2\/es_types?post=338147"},{"taxonomy":"es_rent_period","embeddable":true,"href":"https:\/\/arriendo.com\/co\/wp-json\/wp\/v2\/es_rent_periods?post=338147"},{"taxonomy":"es_label","embeddable":true,"href":"https:\/\/arriendo.com\/co\/wp-json\/wp\/v2\/es_labels?post=338147"},{"taxonomy":"es_status","embeddable":true,"href":"https:\/\/arriendo.com\/co\/wp-json\/wp\/v2\/es_statuses?post=338147"},{"taxonomy":"es_parking","embeddable":true,"href":"https:\/\/arriendo.com\/co\/wp-json\/wp\/v2\/es_parkings?post=338147"},{"taxonomy":"es_roof","embeddable":true,"href":"https:\/\/arriendo.com\/co\/wp-json\/wp\/v2\/es_roofs?post=338147"},{"taxonomy":"es_exterior_material","embeddable":true,"href":"https:\/\/arriendo.com\/co\/wp-json\/wp\/v2\/es_exterior_materials?post=338147"},{"taxonomy":"es_basement","embeddable":true,"href":"https:\/\/arriendo.com\/co\/wp-json\/wp\/v2\/es_basements?post=338147"},{"taxonomy":"es_floor_covering","embeddable":true,"href":"https:\/\/arriendo.com\/co\/wp-json\/wp\/v2\/es_floor_coverings?post=338147"},{"taxonomy":"es_feature","embeddable":true,"href":"https:\/\/arriendo.com\/co\/wp-json\/wp\/v2\/es_features?post=338147"},{"taxonomy":"es_amenity","embeddable":true,"href":"https:\/\/arriendo.com\/co\/wp-json\/wp\/v2\/es_amenities?post=338147"},{"taxonomy":"es_neighborhood","embeddable":true,"href":"https:\/\/arriendo.com\/co\/wp-json\/wp\/v2\/es_neighborhoods?post=338147"},{"taxonomy":"es_tag","embeddable":true,"href":"https:\/\/arriendo.com\/co\/wp-json\/wp\/v2\/es_tags?post=338147"}],"curies":[{"name":"wp","href":"https:\/\/api.w.org\/{rel}","templated":true}]}}

Local en  Arriendo en Br santa rita, Chía

<p>ESPACIOS ABIERTOS te presenta local en arriendo, ubicado en Chia, Municipio con gran desarrollo económico.  Cuenta con área de 694.18 mts2 sobre vía principal de gran visibilidad y en obra gris. La ubicación del local permite un fácil acceso a transporte público, alto flujo vehicular y peatonal. Se ubica en una zona comercial, financiera y hotelera ideal para materializar su negocio. Cuenta con un área de 113 metros cuadrados y vigilancia las 24 horas. La propiedad horizontal cuenta con circuito cerrado de T.V., terrazas sociales, acceso controlado, vidrios de seguridad con control acústico y solar, planta eléctrica y parqueadero para visitantes. Mensualidad $61&#8217;086.000 incluida admon. ¡Contactanos 315 ocho cero tres noventa y nueve treinta!.</p>
