{"id":337989,"date":"2026-02-20T09:44:41","date_gmt":"2026-02-20T14:44:41","guid":{"rendered":"https:\/\/arriendo.com\/co\/%es_type%\/%address_city%\/%neighborhood%\/itagui-centro-apartamento-en-arriendo-en-985875\/"},"modified":"2026-02-20T09:44:41","modified_gmt":"2026-02-20T14:44:41","slug":"AR-337989","status":"publish","type":"properties","link":"https:\/\/arriendo.com\/co\/apartamentos\/itagui\/centro\/AR-337989\/","title":{"rendered":"Apartamento en Arriendo en Centro, Itagu\u00ed"},"content":{"rendered":"<p>Apartamento En Itag\u00fc\u00ed Centro Apto 202.<br \/>\nComodidades: Sala, comedor, cocina integral con red de gas,1 alcoba,1 closets,1 ba\u00f1o, ventanal, zona de ropa y baldosa.<\/p>\n","protected":false},"excerpt":{"rendered":"Apartamento En Itag\u00fc\u00ed Centro Apto 202. Comodidades: Sala, comedor, cocina...","protected":false},"author":6880,"featured_media":337992,"template":"","es_locations":[79,505,475],"es_categories":[124],"es_types":[114],"es_rent_periods":[],"es_labels":[],"es_statuses":[],"es_parkings":[],"es_roofs":[],"es_exterior_materials":[],"es_basements":[],"es_floor_coverings":[],"es_features":[2292,2164,2293,2166,2146,2177,145,2132,2150,2136,2151],"es_amenities":[2294,2187,2295,2189,2155,2192,2160,2140,2161,2143,162],"es_neighborhoods":[],"es_tags":[],"class_list":["post-337989","properties","type-properties","status-publish","has-post-thumbnail","hentry","es_location-antioquia","es_location-centro","es_location-itagui","es_category-arriendo","es_type-apartamentos","es_feature-acceso-pavimentado","es_feature-bano-independiente","es_feature-cerca-centro-comercial","es_feature-closet","es_feature-cocina-integral","es_feature-finca-cafetera","es_feature-instalacion-de-gas","es_feature-parques-cercanos","es_feature-supermercados-c-comerciales","es_feature-trans-publico-cercano","es_feature-zona-de-lavanderia","es_amenity-acceso-pavimentado","es_amenity-bano-independiente","es_amenity-cerca-centro-comercial","es_amenity-closet","es_amenity-cocina-integral","es_amenity-finca-cafetera","es_amenity-instalacion-de-gas","es_amenity-parques-cercanos","es_amenity-supermercados-c-comerciales","es_amenity-trans-publico-cercano","es_amenity-zona-de-lavanderia","es-post-entity"],"_links":{"self":[{"href":"https:\/\/arriendo.com\/co\/wp-json\/wp\/v2\/properties\/337989","targetHints":{"allow":["GET"]}}],"collection":[{"href":"https:\/\/arriendo.com\/co\/wp-json\/wp\/v2\/properties"}],"about":[{"href":"https:\/\/arriendo.com\/co\/wp-json\/wp\/v2\/types\/properties"}],"author":[{"embeddable":true,"href":"https:\/\/arriendo.com\/co\/wp-json\/wp\/v2\/users\/6880"}],"version-history":[{"count":0,"href":"https:\/\/arriendo.com\/co\/wp-json\/wp\/v2\/properties\/337989\/revisions"}],"wp:featuredmedia":[{"embeddable":true,"href":"https:\/\/arriendo.com\/co\/wp-json\/wp\/v2\/media\/337992"}],"wp:attachment":[{"href":"https:\/\/arriendo.com\/co\/wp-json\/wp\/v2\/media?parent=337989"}],"wp:term":[{"taxonomy":"es_location","embeddable":true,"href":"https:\/\/arriendo.com\/co\/wp-json\/wp\/v2\/es_locations?post=337989"},{"taxonomy":"es_category","embeddable":true,"href":"https:\/\/arriendo.com\/co\/wp-json\/wp\/v2\/es_categories?post=337989"},{"taxonomy":"es_type","embeddable":true,"href":"https:\/\/arriendo.com\/co\/wp-json\/wp\/v2\/es_types?post=337989"},{"taxonomy":"es_rent_period","embeddable":true,"href":"https:\/\/arriendo.com\/co\/wp-json\/wp\/v2\/es_rent_periods?post=337989"},{"taxonomy":"es_label","embeddable":true,"href":"https:\/\/arriendo.com\/co\/wp-json\/wp\/v2\/es_labels?post=337989"},{"taxonomy":"es_status","embeddable":true,"href":"https:\/\/arriendo.com\/co\/wp-json\/wp\/v2\/es_statuses?post=337989"},{"taxonomy":"es_parking","embeddable":true,"href":"https:\/\/arriendo.com\/co\/wp-json\/wp\/v2\/es_parkings?post=337989"},{"taxonomy":"es_roof","embeddable":true,"href":"https:\/\/arriendo.com\/co\/wp-json\/wp\/v2\/es_roofs?post=337989"},{"taxonomy":"es_exterior_material","embeddable":true,"href":"https:\/\/arriendo.com\/co\/wp-json\/wp\/v2\/es_exterior_materials?post=337989"},{"taxonomy":"es_basement","embeddable":true,"href":"https:\/\/arriendo.com\/co\/wp-json\/wp\/v2\/es_basements?post=337989"},{"taxonomy":"es_floor_covering","embeddable":true,"href":"https:\/\/arriendo.com\/co\/wp-json\/wp\/v2\/es_floor_coverings?post=337989"},{"taxonomy":"es_feature","embeddable":true,"href":"https:\/\/arriendo.com\/co\/wp-json\/wp\/v2\/es_features?post=337989"},{"taxonomy":"es_amenity","embeddable":true,"href":"https:\/\/arriendo.com\/co\/wp-json\/wp\/v2\/es_amenities?post=337989"},{"taxonomy":"es_neighborhood","embeddable":true,"href":"https:\/\/arriendo.com\/co\/wp-json\/wp\/v2\/es_neighborhoods?post=337989"},{"taxonomy":"es_tag","embeddable":true,"href":"https:\/\/arriendo.com\/co\/wp-json\/wp\/v2\/es_tags?post=337989"}],"curies":[{"name":"wp","href":"https:\/\/api.w.org\/{rel}","templated":true}]}}

Apartamento en Arriendo en Centro, Itaguí

<p>Apartamento En Itagüí Centro Apto 202.<br />
Comodidades: Sala, comedor, cocina integral con red de gas,1 alcoba,1 closets,1 baño, ventanal, zona de ropa y baldosa.</p>

Apartamento En Itagüí Centro Apto 202. Comodidades: Sala, comedor, cocina...
