{"id":337979,"date":"2026-02-20T09:44:33","date_gmt":"2026-02-20T14:44:33","guid":{"rendered":"https:\/\/arriendo.com\/co\/%es_type%\/%address_city%\/%neighborhood%\/itagui-centro-apartamento-en-arriendo-en-181c36\/"},"modified":"2026-02-20T09:44:33","modified_gmt":"2026-02-20T14:44:33","slug":"AR-337979","status":"publish","type":"properties","link":"https:\/\/arriendo.com\/co\/apartamentos\/itagui\/centro\/AR-337979\/","title":{"rendered":"Apartamento en Arriendo en Centro, Itagu\u00ed"},"content":{"rendered":"<p>\u00a1Encuentra tu nuevo hogar en el coraz\u00f3n de Itag\u00fc\u00ed! PISO 2<br \/>\nUbicado en pleno centro de la ciudad, a pasos de colegios, transporte p\u00fablico y todo tipo de servicios, estamos orgullosos de ofrecer este acogedor apartamento de 40m2.<br \/>\nCon amplia sala comedor integrada a la cocina totalmente equipada, podr\u00e1s preparar deliciosos platos para ti y tus invitados. Disfruta de momentos de calidad en familia gracias a su amplio balc\u00f3n, ideal para compartir y descansar al aire libre.<br \/>\nCuenta con espaciosa zona de ropas para guardar toda tu vestimenta y accesorios de manera ordenada. El c\u00f3modo closet y el ba\u00f1o completamente renovado brindan comodidad y funcionalidad.<br \/>\nUbicado en el vibrante centro de Itag\u00fc\u00ed, a solo minutos encontrar\u00e1s colegios, universidades, centros comerciales, restaurantes, bancos y transporte p\u00fablico. Todo lo que necesitas a tu alcance para una vida pr\u00e1ctica y entretenida.<br \/>\n\u00a1No esperes m\u00e1s para disfrutar de esta excelente oportunidad! Ponte en contacto con nosotros hoy mismo para agendar tu visita.<\/p>\n","protected":false},"excerpt":{"rendered":"\u00a1Encuentra tu nuevo hogar en el coraz\u00f3n de Itag\u00fc\u00ed! PISO...","protected":false},"author":6880,"featured_media":337982,"template":"","es_locations":[79,505,475],"es_categories":[124],"es_types":[114],"es_rent_periods":[],"es_labels":[],"es_statuses":[],"es_parkings":[],"es_roofs":[],"es_exterior_materials":[],"es_basements":[],"es_floor_coverings":[],"es_features":[132,2164,2166,2146,2148,2177,145,2132,2150,2136,2151],"es_amenities":[2186,2187,2189,2155,2157,2192,2160,2140,2161,2143,162],"es_neighborhoods":[],"es_tags":[],"class_list":["post-337979","properties","type-properties","status-publish","has-post-thumbnail","hentry","es_location-antioquia","es_location-centro","es_location-itagui","es_category-arriendo","es_type-apartamentos","es_feature-balcon","es_feature-bano-independiente","es_feature-closet","es_feature-cocina-integral","es_feature-colegios-universidades","es_feature-finca-cafetera","es_feature-instalacion-de-gas","es_feature-parques-cercanos","es_feature-supermercados-c-comerciales","es_feature-trans-publico-cercano","es_feature-zona-de-lavanderia","es_amenity-balcon","es_amenity-bano-independiente","es_amenity-closet","es_amenity-cocina-integral","es_amenity-colegios-universidades","es_amenity-finca-cafetera","es_amenity-instalacion-de-gas","es_amenity-parques-cercanos","es_amenity-supermercados-c-comerciales","es_amenity-trans-publico-cercano","es_amenity-zona-de-lavanderia","es-post-entity"],"_links":{"self":[{"href":"https:\/\/arriendo.com\/co\/wp-json\/wp\/v2\/properties\/337979","targetHints":{"allow":["GET"]}}],"collection":[{"href":"https:\/\/arriendo.com\/co\/wp-json\/wp\/v2\/properties"}],"about":[{"href":"https:\/\/arriendo.com\/co\/wp-json\/wp\/v2\/types\/properties"}],"author":[{"embeddable":true,"href":"https:\/\/arriendo.com\/co\/wp-json\/wp\/v2\/users\/6880"}],"version-history":[{"count":0,"href":"https:\/\/arriendo.com\/co\/wp-json\/wp\/v2\/properties\/337979\/revisions"}],"wp:featuredmedia":[{"embeddable":true,"href":"https:\/\/arriendo.com\/co\/wp-json\/wp\/v2\/media\/337982"}],"wp:attachment":[{"href":"https:\/\/arriendo.com\/co\/wp-json\/wp\/v2\/media?parent=337979"}],"wp:term":[{"taxonomy":"es_location","embeddable":true,"href":"https:\/\/arriendo.com\/co\/wp-json\/wp\/v2\/es_locations?post=337979"},{"taxonomy":"es_category","embeddable":true,"href":"https:\/\/arriendo.com\/co\/wp-json\/wp\/v2\/es_categories?post=337979"},{"taxonomy":"es_type","embeddable":true,"href":"https:\/\/arriendo.com\/co\/wp-json\/wp\/v2\/es_types?post=337979"},{"taxonomy":"es_rent_period","embeddable":true,"href":"https:\/\/arriendo.com\/co\/wp-json\/wp\/v2\/es_rent_periods?post=337979"},{"taxonomy":"es_label","embeddable":true,"href":"https:\/\/arriendo.com\/co\/wp-json\/wp\/v2\/es_labels?post=337979"},{"taxonomy":"es_status","embeddable":true,"href":"https:\/\/arriendo.com\/co\/wp-json\/wp\/v2\/es_statuses?post=337979"},{"taxonomy":"es_parking","embeddable":true,"href":"https:\/\/arriendo.com\/co\/wp-json\/wp\/v2\/es_parkings?post=337979"},{"taxonomy":"es_roof","embeddable":true,"href":"https:\/\/arriendo.com\/co\/wp-json\/wp\/v2\/es_roofs?post=337979"},{"taxonomy":"es_exterior_material","embeddable":true,"href":"https:\/\/arriendo.com\/co\/wp-json\/wp\/v2\/es_exterior_materials?post=337979"},{"taxonomy":"es_basement","embeddable":true,"href":"https:\/\/arriendo.com\/co\/wp-json\/wp\/v2\/es_basements?post=337979"},{"taxonomy":"es_floor_covering","embeddable":true,"href":"https:\/\/arriendo.com\/co\/wp-json\/wp\/v2\/es_floor_coverings?post=337979"},{"taxonomy":"es_feature","embeddable":true,"href":"https:\/\/arriendo.com\/co\/wp-json\/wp\/v2\/es_features?post=337979"},{"taxonomy":"es_amenity","embeddable":true,"href":"https:\/\/arriendo.com\/co\/wp-json\/wp\/v2\/es_amenities?post=337979"},{"taxonomy":"es_neighborhood","embeddable":true,"href":"https:\/\/arriendo.com\/co\/wp-json\/wp\/v2\/es_neighborhoods?post=337979"},{"taxonomy":"es_tag","embeddable":true,"href":"https:\/\/arriendo.com\/co\/wp-json\/wp\/v2\/es_tags?post=337979"}],"curies":[{"name":"wp","href":"https:\/\/api.w.org\/{rel}","templated":true}]}}

Apartamento en Arriendo en Centro, Itaguí

<p>¡Encuentra tu nuevo hogar en el corazón de Itagüí! PISO 2<br />
Ubicado en pleno centro de la ciudad, a pasos de colegios, transporte público y todo tipo de servicios, estamos orgullosos de ofrecer este acogedor apartamento de 40m2.<br />
Con amplia sala comedor integrada a la cocina totalmente equipada, podrás preparar deliciosos platos para ti y tus invitados. Disfruta de momentos de calidad en familia gracias a su amplio balcón, ideal para compartir y descansar al aire libre.<br />
Cuenta con espaciosa zona de ropas para guardar toda tu vestimenta y accesorios de manera ordenada. El cómodo closet y el baño completamente renovado brindan comodidad y funcionalidad.<br />
Ubicado en el vibrante centro de Itagüí, a solo minutos encontrarás colegios, universidades, centros comerciales, restaurantes, bancos y transporte público. Todo lo que necesitas a tu alcance para una vida práctica y entretenida.<br />
¡No esperes más para disfrutar de esta excelente oportunidad! Ponte en contacto con nosotros hoy mismo para agendar tu visita.</p>

¡Encuentra tu nuevo hogar en el corazón de Itagüí! PISO...
