{"id":337808,"date":"2026-02-20T09:40:20","date_gmt":"2026-02-20T14:40:20","guid":{"rendered":"https:\/\/arriendo.com\/co\/%es_type%\/%address_city%\/%neighborhood%\/itagui-villa-paula-apartamento-en-arriendo-en-476f24\/"},"modified":"2026-02-20T09:40:20","modified_gmt":"2026-02-20T14:40:20","slug":"AR-337808","status":"publish","type":"properties","link":"https:\/\/arriendo.com\/co\/apartamentos\/itagui\/villa-paula\/AR-337808\/","title":{"rendered":"Apartamento en Arriendo en Villa paula, Itagu\u00ed"},"content":{"rendered":"<p>\u00a1Encuentra tu nuevo hogar! APTO 401ARTEXApartamento luminoso y acogedor listo para mudarte. Ubicado en el tranquilo y c\u00e9ntrico barrio Villa Paula de Itag\u00fc\u00ed, este apartamento de 65m2 es ideal para quien busca comodidad y cercan\u00eda a servicios. Con amplia sala y balc\u00f3n para disfrutar de los rayos del sol, podr\u00e1s relajarte despu\u00e9s de un largo d\u00eda. Su cocina semi-integral te permitir\u00e1 preparar deliciosos platos para la familia. El amplio closet organizado y la zona de tendedero son ideales para mantener tu ropa siempre en orden. El cuarto ba\u00f1o completa la comodidad. Cercano a colegios y la estaci\u00f3n de transporte p\u00fablico, podr\u00e1s desplazarte de forma pr\u00e1ctica y econ\u00f3mica. El barrio seguro y tranquilo te har\u00e1 sentir en casa. \u00a1Ven a conocerlo, seguro quedas encantado con este acogedor espacio! Comun\u00edcate con nosotros para agendar una visita. #TuNuevoHogarTeEspera<\/p>\n","protected":false},"excerpt":{"rendered":"\u00a1Encuentra tu nuevo hogar! APTO 401ARTEXApartamento luminoso y acogedor listo...","protected":false},"author":6880,"featured_media":337811,"template":"","es_locations":[79,475,1373],"es_categories":[124],"es_types":[114],"es_rent_periods":[],"es_labels":[],"es_statuses":[],"es_parkings":[],"es_roofs":[],"es_exterior_materials":[],"es_basements":[],"es_floor_coverings":[],"es_features":[132,2164,2166,2148,2213,2177,145,2132,2150,2136,2151],"es_amenities":[2186,2187,2189,2157,2218,2192,2160,2140,2161,2143,162],"es_neighborhoods":[],"es_tags":[],"class_list":["post-337808","properties","type-properties","status-publish","has-post-thumbnail","hentry","es_location-antioquia","es_location-itagui","es_location-villa-paula","es_category-arriendo","es_type-apartamentos","es_feature-balcon","es_feature-bano-independiente","es_feature-closet","es_feature-colegios-universidades","es_feature-comedor","es_feature-finca-cafetera","es_feature-instalacion-de-gas","es_feature-parques-cercanos","es_feature-supermercados-c-comerciales","es_feature-trans-publico-cercano","es_feature-zona-de-lavanderia","es_amenity-balcon","es_amenity-bano-independiente","es_amenity-closet","es_amenity-colegios-universidades","es_amenity-comedor","es_amenity-finca-cafetera","es_amenity-instalacion-de-gas","es_amenity-parques-cercanos","es_amenity-supermercados-c-comerciales","es_amenity-trans-publico-cercano","es_amenity-zona-de-lavanderia","es-post-entity"],"_links":{"self":[{"href":"https:\/\/arriendo.com\/co\/wp-json\/wp\/v2\/properties\/337808","targetHints":{"allow":["GET"]}}],"collection":[{"href":"https:\/\/arriendo.com\/co\/wp-json\/wp\/v2\/properties"}],"about":[{"href":"https:\/\/arriendo.com\/co\/wp-json\/wp\/v2\/types\/properties"}],"author":[{"embeddable":true,"href":"https:\/\/arriendo.com\/co\/wp-json\/wp\/v2\/users\/6880"}],"version-history":[{"count":0,"href":"https:\/\/arriendo.com\/co\/wp-json\/wp\/v2\/properties\/337808\/revisions"}],"wp:featuredmedia":[{"embeddable":true,"href":"https:\/\/arriendo.com\/co\/wp-json\/wp\/v2\/media\/337811"}],"wp:attachment":[{"href":"https:\/\/arriendo.com\/co\/wp-json\/wp\/v2\/media?parent=337808"}],"wp:term":[{"taxonomy":"es_location","embeddable":true,"href":"https:\/\/arriendo.com\/co\/wp-json\/wp\/v2\/es_locations?post=337808"},{"taxonomy":"es_category","embeddable":true,"href":"https:\/\/arriendo.com\/co\/wp-json\/wp\/v2\/es_categories?post=337808"},{"taxonomy":"es_type","embeddable":true,"href":"https:\/\/arriendo.com\/co\/wp-json\/wp\/v2\/es_types?post=337808"},{"taxonomy":"es_rent_period","embeddable":true,"href":"https:\/\/arriendo.com\/co\/wp-json\/wp\/v2\/es_rent_periods?post=337808"},{"taxonomy":"es_label","embeddable":true,"href":"https:\/\/arriendo.com\/co\/wp-json\/wp\/v2\/es_labels?post=337808"},{"taxonomy":"es_status","embeddable":true,"href":"https:\/\/arriendo.com\/co\/wp-json\/wp\/v2\/es_statuses?post=337808"},{"taxonomy":"es_parking","embeddable":true,"href":"https:\/\/arriendo.com\/co\/wp-json\/wp\/v2\/es_parkings?post=337808"},{"taxonomy":"es_roof","embeddable":true,"href":"https:\/\/arriendo.com\/co\/wp-json\/wp\/v2\/es_roofs?post=337808"},{"taxonomy":"es_exterior_material","embeddable":true,"href":"https:\/\/arriendo.com\/co\/wp-json\/wp\/v2\/es_exterior_materials?post=337808"},{"taxonomy":"es_basement","embeddable":true,"href":"https:\/\/arriendo.com\/co\/wp-json\/wp\/v2\/es_basements?post=337808"},{"taxonomy":"es_floor_covering","embeddable":true,"href":"https:\/\/arriendo.com\/co\/wp-json\/wp\/v2\/es_floor_coverings?post=337808"},{"taxonomy":"es_feature","embeddable":true,"href":"https:\/\/arriendo.com\/co\/wp-json\/wp\/v2\/es_features?post=337808"},{"taxonomy":"es_amenity","embeddable":true,"href":"https:\/\/arriendo.com\/co\/wp-json\/wp\/v2\/es_amenities?post=337808"},{"taxonomy":"es_neighborhood","embeddable":true,"href":"https:\/\/arriendo.com\/co\/wp-json\/wp\/v2\/es_neighborhoods?post=337808"},{"taxonomy":"es_tag","embeddable":true,"href":"https:\/\/arriendo.com\/co\/wp-json\/wp\/v2\/es_tags?post=337808"}],"curies":[{"name":"wp","href":"https:\/\/api.w.org\/{rel}","templated":true}]}}

Apartamento en Arriendo en Villa paula, Itaguí

<p>¡Encuentra tu nuevo hogar! APTO 401ARTEXApartamento luminoso y acogedor listo para mudarte. Ubicado en el tranquilo y céntrico barrio Villa Paula de Itagüí, este apartamento de 65m2 es ideal para quien busca comodidad y cercanía a servicios. Con amplia sala y balcón para disfrutar de los rayos del sol, podrás relajarte después de un largo día. Su cocina semi-integral te permitirá preparar deliciosos platos para la familia. El amplio closet organizado y la zona de tendedero son ideales para mantener tu ropa siempre en orden. El cuarto baño completa la comodidad. Cercano a colegios y la estación de transporte público, podrás desplazarte de forma práctica y económica. El barrio seguro y tranquilo te hará sentir en casa. ¡Ven a conocerlo, seguro quedas encantado con este acogedor espacio! Comunícate con nosotros para agendar una visita. #TuNuevoHogarTeEspera</p>
